NOAA-style Climate Reports
2024: Jan | Feb | Mar | Apr | May | Jun | Jul | Aug | Sep | Oct | Nov | Dec
2023: Jan | Feb | Mar | Apr | May | Jun | Jul | Aug | Sep | Oct | Nov | Dec
2022: Jan | Feb | Mar | Apr | May | Jun | Jul | Aug | Sep | Oct | Nov | Dec
2021: Jan | Feb | Mar | Apr | May | Jun | Jul | Aug | Sep | Oct | Nov | Dec
2020: Jan | Feb | Mar | Apr | May | Jun | Jul | Aug | Sep | Oct | Nov | Dec
2019: Jan | Feb | Mar | Apr | May | Jun | Jul | Aug | Sep | Oct | Nov | Dec
2018: Jan | Feb | Mar | Apr | May | Jun | Jul | Aug | Sep | Oct | Nov | Dec
2017: Jan | Feb | Mar | Apr | May | Jun | Jul | Aug | Sep | Oct | Nov | Dec
2016: Jan | Feb | Mar | Apr | May | Jun | Jul | Aug | Sep | Oct | Nov | Dec
2015: Jan | Feb | Mar | Apr | May | Jun | Jul | Aug | Sep | Oct | Nov | Dec
2014: Jan | Feb | Mar | Apr | May | Jun | Jul | Aug | Sep | Oct | Nov | Dec
2013: Jan | Feb | Mar | Apr | May | Jun | Jul | Aug | Sep | Oct | Nov | Dec
2012: Jan | Feb | Mar | Apr | May | Jun | Jul | Aug | Sep | Oct | Nov | Dec
2011: Jan | Feb | Mar | Apr | May | Jun | Jul | Aug | Sep | Oct | Nov | Dec
2010: Jan | Feb | Mar | Apr | May | Jun | Jul | Aug | Sep | Oct | Nov | Dec
2009: Jan | Feb | Mar | Apr | May | Jun | Jul | Aug | Sep | Oct | Nov | Dec
2008: Jan | Feb | Mar | Apr | May | Jun | Jul | Aug | Sep | Oct | Nov | Dec
2007: Jan | Feb | Mar | Apr | May | Jun | Jul | Aug | Sep | Oct | Nov | Dec
2006: Jan | Feb | Mar | Apr | May | Jun | Jul | Aug | Sep | Oct | Nov | Dec
2005: Jan | Feb | Mar | Apr | May | Jun | Jul | Aug | Sep | Oct | Nov | Dec
Report for 2005
ANNUAL CLIMATOLOGICAL SUMMARY
NAME: ConyersWX CITY: Conyers STATE: GA
ELEV: 840 ft LAT: 33° 42' 12" N LONG: 84° 02' 13" W
TEMPERATURE (°F), HEAT BASE 65.0, COOL BASE 65.0
DEP. HEAT COOL
MEAN MEAN FROM DEG DEG MAX MAX MIN MIN
YR MO MAX MIN MEAN NORM DAYS DAYS HI DATE LOW DATE >=90 <=32 <=32 <=0
------------------------------------------------------------------------------------
05 1 55.6 35.4 45.5 0.0 604 0 71.3 4 14.4 24 0 2 12 0
05 2 57.4 38.9 48.2 0.0 472 0 73.9 22 26.9 11 0 0 7 0
05 3 62.6 40.6 51.6 0.0 415 1 80.7 30 27.6 2 0 0 6 0
05 4 71.4 48.4 59.9 0.0 162 9 80.8 5 35.9 25 0 0 0 0
05 5 76.5 54.9 65.7 0.0 58 81 85.2 12 42.4 2 0 0 0 0
05 6 82.8 66.6 74.7 0.0 5 296 90.8 30 59.1 1 1 0 0 0
05 7 86.0 70.9 78.4 0.0 0 417 94.9 26 66.2 8 5 0 0 0
05 8 86.1 70.8 78.4 0.0 0 417 93.4 21 65.2 27 4 0 0 0
05 9 85.4 65.1 75.2 0.0 0 307 90.7 20 59.6 10 2 0 0 0
05 10 73.1 54.0 63.5 0.0 141 96 84.0 4 35.7 27 0 0 0 0
05 11 65.5 42.5 54.0 0.0 338 7 80.1 8 26.2 19 0 0 3 0
05 12 51.4 31.5 41.4 0.0 730 0 69.0 4 21.1 23 0 0 18 0
------------------------------------------------------------------------------------
71.2 51.7 61.5 0.0 2926 1631 94.9 JUL 14.4 JAN 12 2 46 0
PRECIPITATION (in)
DEP. MAX DAYS OF RAIN
FROM OBS. OVER
YR MO TOTAL NORM DAY DATE .01 .1 1
--------------------------------------------
05 1 2.26 0.00 1.30 13 6 4 1
05 2 5.29 0.00 0.94 2 12 11 0
05 3 7.45 0.00 2.33 31 14 9 2
05 4 4.51 0.00 1.25 30 9 6 2
05 5 2.60 0.00 0.77 29 6 5 0
05 6 5.86 0.00 2.21 12 9 7 1
05 7 13.18 0.00 3.25 6 14 11 6
05 8 5.09 0.00 1.98 29 17 10 2
05 9 0.05 0.00 0.03 26 2 0 0
05 10 5.25 0.00 4.25 7 5 2 1
05 11 2.66 0.00 0.95 21 5 5 0
05 12 3.84 0.00 1.33 15 11 7 1
--------------------------------------------
58.04 0.00 4.25 OCT 110 77 16
WIND SPEED (mph)
DOM
YR MO AVG. HI DATE DIR
---------------------------------
05 1 1.8 31.0 23 NNW
05 2 1.8 27.0 10 NNW
05 3 2.4 34.0 8 NW
05 4 1.5 33.0 2 NW
05 5 0.9 21.0 20 N
05 6 0.9 17.0 1 N
05 7 0.7 20.0 11 SE
05 8 0.7 17.0 30 N
05 9 0.7 14.0 6 N
05 10 0.8 21.0 24 N
05 11 1.6 28.0 22 NW
05 12 2.1 21.0 12 NW
---------------------------------
1.3 34.0 MAR NW