NOAA-style Climate Reports

2024: Jan | Feb | Mar | Apr | May | Jun | Jul | Aug | Sep | Oct | Nov | Dec 
2023: Jan | Feb | Mar | Apr | May | Jun | Jul | Aug | Sep | Oct | Nov | Dec 
2022: Jan | Feb | Mar | Apr | May | Jun | Jul | Aug | Sep | Oct | Nov | Dec 
2021: Jan | Feb | Mar | Apr | May | Jun | Jul | Aug | Sep | Oct | Nov | Dec 
2020: Jan | Feb | Mar | Apr | May | Jun | Jul | Aug | Sep | Oct | Nov | Dec 
2019: Jan | Feb | Mar | Apr | May | Jun | Jul | Aug | Sep | Oct | Nov | Dec 
2018: Jan | Feb | Mar | Apr | May | Jun | Jul | Aug | Sep | Oct | Nov | Dec 
2017: Jan | Feb | Mar | Apr | May | Jun | Jul | Aug | Sep | Oct | Nov | Dec 
2016: Jan | Feb | Mar | Apr | May | Jun | Jul | Aug | Sep | Oct | Nov | Dec 
2015: Jan | Feb | Mar | Apr | May | Jun | Jul | Aug | Sep | Oct | Nov | Dec 
2014: Jan | Feb | Mar | Apr | May | Jun | Jul | Aug | Sep | Oct | Nov | Dec 
2013: Jan | Feb | Mar | Apr | May | Jun | Jul | Aug | Sep | Oct | Nov | Dec 
2012: Jan | Feb | Mar | Apr | May | Jun | Jul | Aug | Sep | Oct | Nov | Dec 
2011: Jan | Feb | Mar | Apr | May | Jun | Jul | Aug | Sep | Oct | Nov | Dec 
2010: Jan | Feb | Mar | Apr | May | Jun | Jul | Aug | Sep | Oct | Nov | Dec 
2009: Jan | Feb | Mar | Apr | May | Jun | Jul | Aug | Sep | Oct | Nov | Dec 
2008: Jan | Feb | Mar | Apr | May | Jun | Jul | Aug | Sep | Oct | Nov | Dec 
2007: Jan | Feb | Mar | Apr | May | Jun | Jul | Aug | Sep | Oct | Nov | Dec 
2006: Jan | Feb | Mar | Apr | May | Jun | Jul | Aug | Sep | Oct | Nov | Dec 
2005: Jan | Feb | Mar | Apr | May | Jun | Jul | Aug | Sep | Oct | Nov | Dec 

Report for 2006 08
MONTHLY CLIMATOLOGICAL SUMMARY for AUG. 2006 NAME: ConyersWX CITY: Conyers STATE: GA ELEV: 840 ft LAT: 33 42' 12" N LONG: 84 02' 13" W TEMPERATURE (F), RAIN (in), WIND SPEED (mph) HEAT COOL AVG MEAN DEG DEG WIND DOM DAY TEMP HIGH TIME LOW TIME DAYS DAYS RAIN SPEED HIGH TIME DIR ------------------------------------------------------------------------------------ 1 85.1 95.4 5:10p 74.8 7:20a 0.0 20.1 0.00 0.6 11.0 5:30p WSW 2 82.9 94.4 5:00p 71.5 6:20a 0.0 17.9 0.00 1.1 9.0 9:20p NW 3 85.3 95.3 5:40p 75.2 6:00a 0.0 20.3 0.00 1.1 8.0 11:00a NW 4 85.2 96.6 5:40p 73.8 11:20p 0.0 20.2 0.02 1.6 15.0 6:50p NNW 5 81.9 91.7 1:30p 72.1 6:40a 0.0 16.9 0.00 1.0 11.0 11:40a N 6 80.1 89.1 5:10p 71.1 6:40a 0.0 15.1 0.00 0.6 8.0 3:10p N 7 83.6 93.8 5:10p 73.4 7:00a 0.0 18.6 0.00 0.6 9.0 1:40p E 8 84.1 94.1 1:50p 74.2 7:30a 0.0 19.1 0.00 0.7 10.0 1:50p NW 9 84.0 95.0 2:30p 73.0 7:20a 0.0 19.0 0.00 1.0 9.0 4:20p N 10 83.2 95.0 2:40p 71.4 7:20p 0.0 18.2 0.94 1.0 15.0 5:20p WNW 11 78.4 85.3 3:10p 71.5 7:00a 0.0 13.4 0.00 1.1 12.0 2:50p W 12 72.6 78.6 11:40a 66.5 11:40p 0.0 7.6 0.02 0.9 11.0 5:20p N 13 73.4 80.5 5:50p 66.3 6:40a 0.0 8.4 0.00 1.0 10.0 4:00p SE 14 78.1 86.1 5:00p 70.0 2:20a 0.0 13.1 0.10 0.6 9.0 2:10p E 15 78.6 88.1 2:40p 69.0 7:00a 0.0 13.6 0.08 0.4 8.0 7:10p ESE 16 79.5 87.6 3:20p 71.4 7:10a 0.0 14.5 0.01 0.6 11.0 3:10p NW 17 80.2 87.0 2:50p 73.4 12:00m 0.0 15.2 0.00 1.2 12.0 2:00p SSE 18 77.8 88.4 4:50p 67.2 7:00a 0.0 12.8 0.00 0.9 11.0 5:20p ESE 19 77.3 88.0 6:00p 66.5 7:20a 0.0 12.3 0.00 0.6 9.0 12:50p N 20 82.3 93.1 3:30p 71.4 6:50a 0.0 17.3 0.00 0.9 11.0 6:40p NW 21 82.3 91.9 5:10p 72.6 5:30a 0.0 17.3 0.09 0.7 12.0 12:00m NW 22 80.5 89.4 3:10p 71.6 7:20a 0.0 15.5 0.10 0.9 11.0 12:10a WNW 23 79.2 86.8 2:50p 71.6 6:40a 0.0 14.2 0.54 0.5 7.0 3:20p WNW 24 77.9 83.3 2:40p 72.5 12:00m 0.0 12.9 0.00 0.5 8.0 2:50p N 25 77.7 85.5 5:40p 69.9 6:40a 0.0 12.7 0.00 0.8 9.0 3:40p ESE 26 79.8 88.2 2:50p 71.5 4:30a 0.0 14.8 0.00 0.7 11.0 2:20p ESE 27 78.9 89.4 4:20p 68.5 7:30a 0.0 13.9 0.00 0.8 10.0 1:00p ESE 28 80.4 92.1 4:30p 68.7 7:00a 0.0 15.4 0.26 0.6 14.0 6:50p SSE 29 82.3 91.4 3:20p 73.1 6:40a 0.0 17.3 0.00 0.4 8.0 12:10p WNW 30 81.2 89.3 3:50p 73.0 7:50a 0.0 16.2 0.00 0.7 7.0 8:10p SE 31 76.3 81.7 2:40p 70.8 6:20a 0.0 11.3 1.11 0.6 9.0 12:40a ESE ------------------------------------------------------------------------------------- 80.3 96.6 4 66.3 13 0.0 474.8 3.27 0.8 15.0 4 NW Max >= 90.0: 13 Max <= 32.0: 0 Min <= 32.0: 0 Min <= 0.0: 0 Max Rain: 1.11 ON 08/31/06 Days of Rain: 10 (>.01 in) 4 (>.1 in) 1 (>1 in) Heat Base: 65.0 Cool Base: 65.0 Method: (High + Low) / 2