NOAA-style Climate Reports
2024: Jan | Feb | Mar | Apr | May | Jun | Jul | Aug | Sep | Oct | Nov | Dec
2023: Jan | Feb | Mar | Apr | May | Jun | Jul | Aug | Sep | Oct | Nov | Dec
2022: Jan | Feb | Mar | Apr | May | Jun | Jul | Aug | Sep | Oct | Nov | Dec
2021: Jan | Feb | Mar | Apr | May | Jun | Jul | Aug | Sep | Oct | Nov | Dec
2020: Jan | Feb | Mar | Apr | May | Jun | Jul | Aug | Sep | Oct | Nov | Dec
2019: Jan | Feb | Mar | Apr | May | Jun | Jul | Aug | Sep | Oct | Nov | Dec
2018: Jan | Feb | Mar | Apr | May | Jun | Jul | Aug | Sep | Oct | Nov | Dec
2017: Jan | Feb | Mar | Apr | May | Jun | Jul | Aug | Sep | Oct | Nov | Dec
2016: Jan | Feb | Mar | Apr | May | Jun | Jul | Aug | Sep | Oct | Nov | Dec
2015: Jan | Feb | Mar | Apr | May | Jun | Jul | Aug | Sep | Oct | Nov | Dec
2014: Jan | Feb | Mar | Apr | May | Jun | Jul | Aug | Sep | Oct | Nov | Dec
2013: Jan | Feb | Mar | Apr | May | Jun | Jul | Aug | Sep | Oct | Nov | Dec
2012: Jan | Feb | Mar | Apr | May | Jun | Jul | Aug | Sep | Oct | Nov | Dec
2011: Jan | Feb | Mar | Apr | May | Jun | Jul | Aug | Sep | Oct | Nov | Dec
2010: Jan | Feb | Mar | Apr | May | Jun | Jul | Aug | Sep | Oct | Nov | Dec
2009: Jan | Feb | Mar | Apr | May | Jun | Jul | Aug | Sep | Oct | Nov | Dec
2008: Jan | Feb | Mar | Apr | May | Jun | Jul | Aug | Sep | Oct | Nov | Dec
2007: Jan | Feb | Mar | Apr | May | Jun | Jul | Aug | Sep | Oct | Nov | Dec
2006: Jan | Feb | Mar | Apr | May | Jun | Jul | Aug | Sep | Oct | Nov | Dec
2005: Jan | Feb | Mar | Apr | May | Jun | Jul | Aug | Sep | Oct | Nov | Dec
Report for 2007 05
MONTHLY CLIMATOLOGICAL SUMMARY for MAY. 2007
NAME: ConyersWX CITY: Conyers STATE: GA
ELEV: 840 ft LAT: 33° 42' 12" N LONG: 84° 02' 13" W
TEMPERATURE (°F), RAIN (in), WIND SPEED (mph)
HEAT COOL AVG
MEAN DEG DEG WIND DOM
DAY TEMP HIGH TIME LOW TIME DAYS DAYS RAIN SPEED HIGH TIME DIR
------------------------------------------------------------------------------------
1 70.2 87.9 2:40p 52.5 7:30a 0.0 5.2 0.00 0.5 10.0 2:40p SW
2 71.8 86.1 3:50p 57.6 7:00a 0.0 6.8 0.00 0.4 10.0 1:10p SW
3 71.8 86.1 3:30p 57.6 7:00a 0.0 6.8 0.00 0.8 9.0 5:20p SW
4 66.6 72.3 4:10p 60.8 7:50a 0.0 1.6 0.00 1.4 12.0 12:00m N
5 59.8 63.0 6:50p 56.6 7:40a 5.2 0.0 0.42 0.9 7.0 12:10a N
6 66.1 74.5 4:20p 57.7 7:10a 0.0 1.1 0.00 1.4 14.0 10:20p N
7 60.8 73.0 5:50p 48.7 7:30a 4.2 0.0 0.00 1.9 14.0 12:30a N
8 63.6 79.2 5:00p 48.1 6:50a 1.4 0.0 0.00 1.4 15.0 3:40p N
9 71.5 82.4 4:30p 60.6 3:00a 0.0 6.5 0.00 1.5 12.0 11:40a N
10 72.2 84.4 3:20p 59.9 7:00a 0.0 7.2 0.00 0.7 8.0 1:40p E
11 76.4 88.0 5:10p 64.8 7:10a 0.0 11.4 0.00 0.8 7.0 4:30p N
12 75.4 86.6 4:10p 64.3 7:10a 0.0 10.4 0.65 0.6 18.0 5:20p W
13 73.8 85.2 4:00p 62.4 6:50a 0.0 8.8 0.00 0.8 12.0 1:40p W
14 69.3 76.7 5:20p 61.8 12:00m 0.0 4.3 0.00 1.7 13.0 1:00p ESE
15 67.3 81.9 4:40p 52.8 7:00a 0.0 2.3 0.00 0.8 8.0 2:40p S
16 69.8 77.7 3:00p 61.9 7:30a 0.0 4.8 0.00 1.3 11.0 2:40p SW
17 64.1 76.5 5:30p 51.6 7:00a 0.9 0.0 0.00 1.7 15.0 7:20p N
18 63.1 75.9 6:30p 50.2 6:40a 1.9 0.0 0.00 1.7 8.0 2:50p N
19 61.3 75.8 6:30p 46.7 7:10a 3.8 0.0 0.00 0.9 11.0 11:00a NNW
20 64.1 82.0 6:30p 46.2 6:50a 0.9 0.0 0.00 0.9 9.0 2:20p NNW
21 68.7 85.9 5:40p 51.4 7:00a 0.0 3.7 0.00 0.8 7.0 11:20a NNW
22 70.4 85.9 3:30p 54.9 7:10a 0.0 5.4 0.00 0.9 11.0 1:50p SE
23 69.7 83.4 3:10p 55.9 7:00a 0.0 4.7 0.00 1.2 13.0 4:00p ESE
24 70.1 81.0 6:20p 59.2 7:10a 0.0 5.1 0.00 1.2 12.0 1:20p E
25 69.7 82.6 5:30p 56.7 7:10a 0.0 4.7 0.00 0.9 9.0 12:40p N
26 70.8 85.9 6:00p 55.6 6:40a 0.0 5.8 0.00 0.8 9.0 2:30p S
27 73.1 86.7 4:40p 59.4 7:10a 0.0 8.1 0.00 0.8 9.0 2:00p SSE
28 71.1 83.1 6:10p 59.1 6:50a 0.0 6.1 0.00 0.9 13.0 2:50p E
29 73.4 86.7 4:40p 60.1 6:40a 0.0 8.4 0.00 0.9 13.0 4:20p E
30 72.5 87.5 3:30p 57.5 7:00a 0.0 7.5 0.00 0.8 11.0 1:30p ESE
31 76.1 88.8 5:20p 63.4 6:20a 0.0 11.1 0.00 0.7 10.0 3:50p SE
-------------------------------------------------------------------------------------
69.2 88.8 31 46.2 20 18.3 147.6 1.07 1.0 18.0 12 N
Max >= 90.0: 0
Max <= 32.0: 0
Min <= 32.0: 0
Min <= 0.0: 0
Max Rain: 0.65 ON 05/12/07
Days of Rain: 2 (>.01 in) 2 (>.1 in) 0 (>1 in)
Heat Base: 65.0 Cool Base: 65.0 Method: (High + Low) / 2