NOAA-style Climate Reports
2024: Jan | Feb | Mar | Apr | May | Jun | Jul | Aug | Sep | Oct | Nov | Dec
2023: Jan | Feb | Mar | Apr | May | Jun | Jul | Aug | Sep | Oct | Nov | Dec
2022: Jan | Feb | Mar | Apr | May | Jun | Jul | Aug | Sep | Oct | Nov | Dec
2021: Jan | Feb | Mar | Apr | May | Jun | Jul | Aug | Sep | Oct | Nov | Dec
2020: Jan | Feb | Mar | Apr | May | Jun | Jul | Aug | Sep | Oct | Nov | Dec
2019: Jan | Feb | Mar | Apr | May | Jun | Jul | Aug | Sep | Oct | Nov | Dec
2018: Jan | Feb | Mar | Apr | May | Jun | Jul | Aug | Sep | Oct | Nov | Dec
2017: Jan | Feb | Mar | Apr | May | Jun | Jul | Aug | Sep | Oct | Nov | Dec
2016: Jan | Feb | Mar | Apr | May | Jun | Jul | Aug | Sep | Oct | Nov | Dec
2015: Jan | Feb | Mar | Apr | May | Jun | Jul | Aug | Sep | Oct | Nov | Dec
2014: Jan | Feb | Mar | Apr | May | Jun | Jul | Aug | Sep | Oct | Nov | Dec
2013: Jan | Feb | Mar | Apr | May | Jun | Jul | Aug | Sep | Oct | Nov | Dec
2012: Jan | Feb | Mar | Apr | May | Jun | Jul | Aug | Sep | Oct | Nov | Dec
2011: Jan | Feb | Mar | Apr | May | Jun | Jul | Aug | Sep | Oct | Nov | Dec
2010: Jan | Feb | Mar | Apr | May | Jun | Jul | Aug | Sep | Oct | Nov | Dec
2009: Jan | Feb | Mar | Apr | May | Jun | Jul | Aug | Sep | Oct | Nov | Dec
2008: Jan | Feb | Mar | Apr | May | Jun | Jul | Aug | Sep | Oct | Nov | Dec
2007: Jan | Feb | Mar | Apr | May | Jun | Jul | Aug | Sep | Oct | Nov | Dec
2006: Jan | Feb | Mar | Apr | May | Jun | Jul | Aug | Sep | Oct | Nov | Dec
2005: Jan | Feb | Mar | Apr | May | Jun | Jul | Aug | Sep | Oct | Nov | Dec
Report for 2007 10
MONTHLY CLIMATOLOGICAL SUMMARY for OCT. 2007
NAME: ConyersWX CITY: Conyers STATE: GA
ELEV: 840 ft LAT: 33° 42' 12" N LONG: 84° 02' 13" W
TEMPERATURE (°F), RAIN (in), WIND SPEED (mph)
HEAT COOL AVG
MEAN DEG DEG WIND DOM
DAY TEMP HIGH TIME LOW TIME DAYS DAYS RAIN SPEED HIGH TIME DIR
------------------------------------------------------------------------------------
1 67.8 81.1 3:20p 54.5 6:20a 0.0 2.8 0.00 0.9 14.0 1:20p N
2 69.3 82.4 3:00p 56.3 7:10a 0.0 4.3 0.00 1.2 17.0 11:20a N
3 74.3 77.5 4:50p 71.0 10:50a 0.0 9.3 0.03 1.3 11.0 12:30p N
4 76.4 82.9 3:30p 70.0 7:50a 0.0 11.4 0.09 1.0 14.0 2:50p SE
5 76.2 81.5 4:00p 70.9 8:00a 0.0 11.2 0.02 0.8 11.0 12:20p SE
6 75.8 83.1 4:40p 68.5 12:00m 0.0 10.8 0.00 0.9 12.0 6:10p SE
7 74.3 84.7 4:40p 64.0 7:30a 0.0 9.3 0.00 0.7 10.0 11:40a N
8 75.1 85.7 2:40p 64.5 7:10a 0.0 10.1 0.00 0.6 9.0 2:50p SE
9 74.4 86.1 4:00p 62.7 7:40a 0.0 9.4 0.01 0.7 10.0 4:50p N
10 72.2 82.2 3:40p 62.2 8:10a 0.0 7.2 0.00 1.9 14.0 5:10p NW
11 60.0 67.5 4:30p 52.5 8:10a 5.0 0.0 0.00 2.9 14.0 3:50p NNW
12 58.4 73.3 4:30p 43.5 8:00a 6.6 0.0 0.00 0.9 11.0 4:50p NW
13 58.5 73.8 4:30p 43.2 7:00a 6.5 0.0 0.00 0.7 7.0 10:40a NW
14 63.6 80.6 3:20p 46.6 8:10a 1.4 0.0 0.00 0.9 10.0 2:00p S
15 65.6 81.7 3:20p 49.5 8:00a 0.0 0.6 0.00 0.8 12.0 12:30p SSE
16 68.5 76.7 4:00p 60.3 8:30a 0.0 3.5 0.00 0.8 9.0 1:50a SE
17 73.0 84.3 3:20p 61.7 8:20a 0.0 8.0 0.00 0.9 17.0 3:30p SE
18 71.1 77.1 3:10p 65.1 4:50a 0.0 6.1 0.04 1.1 10.0 5:50p SE
19 67.8 74.7 5:30p 60.9 12:00m 0.0 2.8 0.27 1.5 10.0 1:10p WSW
20 63.3 75.2 4:20p 51.4 12:00m 1.7 0.0 0.01 1.0 10.0 2:50p NW
21 62.2 80.6 3:20p 43.8 7:50a 2.8 0.0 0.00 0.8 14.0 3:50p SE
22 63.9 69.6 9:40p 58.2 12:10a 1.1 0.0 0.32 0.9 8.0 3:40p SE
23 71.2 83.5 3:50p 58.9 12:00m 0.0 6.2 0.46 2.0 15.0 2:10p SE
24 54.6 59.2 4:10p 50.0 12:00m 10.4 0.0 0.27 0.4 8.0 2:20p S
25 53.0 63.5 4:30p 42.4 8:00a 12.0 0.0 0.00 0.7 12.0 2:20p SE
26 60.3 69.8 3:40p 50.7 1:20a 4.8 0.0 0.00 0.5 8.0 1:10p SE
27 58.4 69.2 3:50p 47.7 6:40a 6.6 0.0 0.00 1.8 12.0 2:30p NW
28 57.6 69.7 2:50p 45.5 8:20a 7.4 0.0 0.00 1.0 11.0 11:10a N
29 52.3 62.0 3:30p 42.7 12:00m 12.7 0.0 0.00 1.2 17.0 12:30p N
30 50.5 67.0 4:30p 34.0 8:10a 14.5 0.0 0.00 0.6 11.0 11:00a SE
31 58.9 70.7 3:30p 47.1 7:30a 6.1 0.0 0.00 0.7 11.0 12:30p SE
-------------------------------------------------------------------------------------
65.4 86.1 9 34.0 30 99.5 113.1 1.52 1.0 17.0 2 SE
Max >= 90.0: 0
Max <= 32.0: 0
Min <= 32.0: 0
Min <= 0.0: 0
Max Rain: 0.46 ON 10/23/07
Days of Rain: 8 (>.01 in) 4 (>.1 in) 0 (>1 in)
Heat Base: 65.0 Cool Base: 65.0 Method: (High + Low) / 2