NOAA-style Climate Reports
2024: Jan | Feb | Mar | Apr | May | Jun | Jul | Aug | Sep | Oct | Nov | Dec
2023: Jan | Feb | Mar | Apr | May | Jun | Jul | Aug | Sep | Oct | Nov | Dec
2022: Jan | Feb | Mar | Apr | May | Jun | Jul | Aug | Sep | Oct | Nov | Dec
2021: Jan | Feb | Mar | Apr | May | Jun | Jul | Aug | Sep | Oct | Nov | Dec
2020: Jan | Feb | Mar | Apr | May | Jun | Jul | Aug | Sep | Oct | Nov | Dec
2019: Jan | Feb | Mar | Apr | May | Jun | Jul | Aug | Sep | Oct | Nov | Dec
2018: Jan | Feb | Mar | Apr | May | Jun | Jul | Aug | Sep | Oct | Nov | Dec
2017: Jan | Feb | Mar | Apr | May | Jun | Jul | Aug | Sep | Oct | Nov | Dec
2016: Jan | Feb | Mar | Apr | May | Jun | Jul | Aug | Sep | Oct | Nov | Dec
2015: Jan | Feb | Mar | Apr | May | Jun | Jul | Aug | Sep | Oct | Nov | Dec
2014: Jan | Feb | Mar | Apr | May | Jun | Jul | Aug | Sep | Oct | Nov | Dec
2013: Jan | Feb | Mar | Apr | May | Jun | Jul | Aug | Sep | Oct | Nov | Dec
2012: Jan | Feb | Mar | Apr | May | Jun | Jul | Aug | Sep | Oct | Nov | Dec
2011: Jan | Feb | Mar | Apr | May | Jun | Jul | Aug | Sep | Oct | Nov | Dec
2010: Jan | Feb | Mar | Apr | May | Jun | Jul | Aug | Sep | Oct | Nov | Dec
2009: Jan | Feb | Mar | Apr | May | Jun | Jul | Aug | Sep | Oct | Nov | Dec
2008: Jan | Feb | Mar | Apr | May | Jun | Jul | Aug | Sep | Oct | Nov | Dec
2007: Jan | Feb | Mar | Apr | May | Jun | Jul | Aug | Sep | Oct | Nov | Dec
2006: Jan | Feb | Mar | Apr | May | Jun | Jul | Aug | Sep | Oct | Nov | Dec
2005: Jan | Feb | Mar | Apr | May | Jun | Jul | Aug | Sep | Oct | Nov | Dec
Report for 2007 12
MONTHLY CLIMATOLOGICAL SUMMARY for DEC. 2007
NAME: ConyersWX CITY: Conyers STATE: GA
ELEV: 840 ft LAT: 33° 42' 12" N LONG: 84° 02' 13" W
TEMPERATURE (°F), RAIN (in), WIND SPEED (mph)
HEAT COOL AVG
MEAN DEG DEG WIND DOM
DAY TEMP HIGH TIME LOW TIME DAYS DAYS RAIN SPEED HIGH TIME DIR
------------------------------------------------------------------------------------
1 49.3 64.5 2:40p 34.0 7:30a 15.8 0.0 0.00 0.8 13.0 12:30p NNW
2 55.5 66.8 12:00m 44.1 2:50a 9.5 0.0 0.00 1.2 16.0 11:20p SE
3 51.8 67.4 12:40a 36.3 12:00m 13.2 0.0 0.09 5.5 20.0 6:40a NNW
4 43.7 56.7 2:50p 30.7 7:30a 21.3 0.0 0.01 2.1 16.0 1:20p NNW
5 47.2 62.4 4:30p 31.9 5:20a 17.8 0.0 0.00 2.8 17.0 1:40p WSW
6 39.8 49.5 3:00p 30.2 8:00a 25.2 0.0 0.00 1.9 13.0 1:40a NNW
7 47.3 59.0 3:50p 35.6 1:00a 17.7 0.0 0.00 1.0 9.0 11:50a SE
8 59.0 71.5 4:30p 46.6 6:50a 6.0 0.0 0.00 0.7 7.0 2:00p SSE
9 64.1 76.7 1:20p 51.5 1:20a 0.9 0.0 0.00 0.7 9.0 12:30p SSW
10 63.7 78.1 3:00p 49.3 7:10a 1.3 0.0 0.00 0.7 10.0 12:40p SW
11 62.4 76.6 2:50p 48.2 8:30a 2.6 0.0 0.00 0.7 10.0 11:40a S
12 64.6 77.2 3:00p 52.1 6:20a 0.4 0.0 0.00 1.2 12.0 1:20p WSW
13 61.9 73.6 1:10p 50.2 6:40a 3.1 0.0 0.00 2.1 18.0 2:40p WSW
14 57.4 67.8 3:00p 47.0 8:10a 7.6 0.0 0.00 1.8 10.0 2:50p NNW
15 49.4 57.7 12:30p 41.1 12:00m 15.6 0.0 1.05 1.7 14.0 2:20p NNW
16 36.9 42.6 5:10a 31.2 11:50p 28.1 0.0 0.09 5.2 22.0 4:20p NNW
17 36.8 45.8 2:40p 27.9 7:20a 28.2 0.0 0.01 3.3 15.0 4:30a NNW
18 36.9 50.1 3:50p 23.7 7:30a 28.1 0.0 0.00 0.6 8.0 1:00p S
19 44.2 55.1 3:40p 33.3 12:10a 20.8 0.0 0.00 0.7 6.0 11:50a N
20 44.8 52.4 2:40p 37.1 4:30a 20.3 0.0 0.03 0.9 8.0 2:00p N
21 46.8 48.4 2:30a 45.2 11:50p 18.2 0.0 0.01 1.8 11.0 7:00a ESE
22 47.6 50.9 4:00p 44.2 8:20a 17.4 0.0 0.05 2.2 18.0 3:40a ESE
23 46.4 56.8 12:20p 36.1 12:00m 18.6 0.0 0.29 2.9 18.0 12:50p NNW
24 42.1 51.2 3:20p 33.0 6:50a 22.9 0.0 0.00 3.2 17.0 10:20a NNW
25 43.8 48.2 12:50p 39.5 6:30a 21.2 0.0 0.11 1.5 7.0 12:20a N
26 47.4 55.2 3:00p 39.6 5:20a 17.6 0.0 0.00 1.1 8.0 4:00a E
27 47.8 53.4 4:10p 42.3 1:40a 17.2 0.0 0.01 0.8 8.0 9:10p E
28 56.8 64.1 3:40p 49.4 12:10a 8.3 0.0 0.73 1.1 8.0 5:00a SE
29 56.0 64.2 2:40a 47.9 9:20p 9.0 0.0 0.01 1.4 10.0 12:30a NW
30 45.8 50.3 5:00a 41.4 12:00m 19.2 0.0 1.21 1.2 11.0 7:50a NNW
31 45.2 55.1 4:00p 35.3 2:40a 19.8 0.0 0.01 0.8 7.0 2:50p S
-------------------------------------------------------------------------------------
49.8 78.1 10 23.7 18 472.4 0.0 3.71 1.7 22.0 16 NNW
Max >= 90.0: 0
Max <= 32.0: 0
Min <= 32.0: 6
Min <= 0.0: 0
Max Rain: 1.21 ON 12/30/07
Days of Rain: 9 (>.01 in) 5 (>.1 in) 2 (>1 in)
Heat Base: 65.0 Cool Base: 65.0 Method: (High + Low) / 2