NOAA-style Climate Reports
2024: Jan | Feb | Mar | Apr | May | Jun | Jul | Aug | Sep | Oct | Nov | Dec
2023: Jan | Feb | Mar | Apr | May | Jun | Jul | Aug | Sep | Oct | Nov | Dec
2022: Jan | Feb | Mar | Apr | May | Jun | Jul | Aug | Sep | Oct | Nov | Dec
2021: Jan | Feb | Mar | Apr | May | Jun | Jul | Aug | Sep | Oct | Nov | Dec
2020: Jan | Feb | Mar | Apr | May | Jun | Jul | Aug | Sep | Oct | Nov | Dec
2019: Jan | Feb | Mar | Apr | May | Jun | Jul | Aug | Sep | Oct | Nov | Dec
2018: Jan | Feb | Mar | Apr | May | Jun | Jul | Aug | Sep | Oct | Nov | Dec
2017: Jan | Feb | Mar | Apr | May | Jun | Jul | Aug | Sep | Oct | Nov | Dec
2016: Jan | Feb | Mar | Apr | May | Jun | Jul | Aug | Sep | Oct | Nov | Dec
2015: Jan | Feb | Mar | Apr | May | Jun | Jul | Aug | Sep | Oct | Nov | Dec
2014: Jan | Feb | Mar | Apr | May | Jun | Jul | Aug | Sep | Oct | Nov | Dec
2013: Jan | Feb | Mar | Apr | May | Jun | Jul | Aug | Sep | Oct | Nov | Dec
2012: Jan | Feb | Mar | Apr | May | Jun | Jul | Aug | Sep | Oct | Nov | Dec
2011: Jan | Feb | Mar | Apr | May | Jun | Jul | Aug | Sep | Oct | Nov | Dec
2010: Jan | Feb | Mar | Apr | May | Jun | Jul | Aug | Sep | Oct | Nov | Dec
2009: Jan | Feb | Mar | Apr | May | Jun | Jul | Aug | Sep | Oct | Nov | Dec
2008: Jan | Feb | Mar | Apr | May | Jun | Jul | Aug | Sep | Oct | Nov | Dec
2007: Jan | Feb | Mar | Apr | May | Jun | Jul | Aug | Sep | Oct | Nov | Dec
2006: Jan | Feb | Mar | Apr | May | Jun | Jul | Aug | Sep | Oct | Nov | Dec
2005: Jan | Feb | Mar | Apr | May | Jun | Jul | Aug | Sep | Oct | Nov | Dec
Report for 2008 01
MONTHLY CLIMATOLOGICAL SUMMARY for JAN. 2008
NAME: ConyersWX CITY: Conyers STATE: GA
ELEV: 840 ft LAT: 33° 42' 12" N LONG: 84° 02' 13" W
TEMPERATURE (°F), RAIN (in), WIND SPEED (mph)
HEAT COOL AVG
MEAN DEG DEG WIND DOM
DAY TEMP HIGH TIME LOW TIME DAYS DAYS RAIN SPEED HIGH TIME DIR
------------------------------------------------------------------------------------
1 39.0 45.5 3:10p 32.4 12:00m 26.0 0.0 0.00 5.7 23.0 11:10p NNW
2 26.9 32.3 12:10a 21.5 12:00m 38.1 0.0 0.00 6.7 24.0 2:50a NNW
3 28.5 40.9 3:00p 16.0 8:10a 36.5 0.0 0.00 1.7 11.0 12:40a NNW
4 32.3 46.8 3:10p 17.7 7:40a 32.8 0.0 0.00 0.6 8.0 12:50p SW
5 40.0 54.8 2:50p 25.2 1:00a 25.0 0.0 0.00 0.7 8.0 1:00p SSE
6 51.5 67.5 3:10p 35.5 5:50a 13.5 0.0 0.00 0.7 9.0 12:50p SE
7 54.1 70.5 2:10p 37.7 7:30a 10.9 0.0 0.00 0.9 10.0 2:10p SE
8 59.0 68.6 2:50p 49.5 5:00a 6.0 0.0 0.00 1.4 11.0 2:50p SSE
9 58.0 62.0 4:00p 54.1 8:30p 7.0 0.0 0.09 0.9 6.0 12:10a N
10 61.8 68.0 4:10p 55.5 12:10a 3.3 0.0 0.31 1.5 13.0 9:30p SE
11 49.9 59.8 12:10a 40.0 12:00m 15.1 0.0 0.38 2.3 18.0 6:20a NW
12 47.7 59.9 3:20p 35.4 8:00a 17.3 0.0 0.00 1.0 8.0 10:40a N
13 47.3 57.0 4:20p 37.6 8:10a 17.7 0.0 0.00 1.4 12.0 4:30p NNW
14 40.3 48.9 3:50p 31.6 8:10a 24.8 0.0 0.00 3.9 17.0 2:50p NNW
15 39.3 47.5 3:00p 31.0 8:20a 25.8 0.0 0.00 3.0 17.0 2:40p NNW
16 33.5 39.1 2:20p 27.9 4:10a 31.5 0.0 0.31 1.7 15.0 11:50p E
17 35.7 39.1 12:00m 32.3 12:10a 29.3 0.0 0.46 1.7 19.0 1:30a N
18 47.1 55.2 3:00p 39.0 12:10a 17.9 0.0 0.00 2.2 13.0 2:00p NNW
19 37.1 43.4 12:10a 30.8 12:00m 27.9 0.0 0.31 3.0 14.0 11:40p NNW
20 24.8 31.8 3:20p 17.7 8:00a 40.3 0.0 0.00 4.2 17.0 5:20a NNW
21 30.0 41.3 3:30p 18.6 4:10a 35.0 0.0 0.01 2.1 13.0 10:30a ESE
22 36.2 39.2 2:10p 33.2 7:50a 28.8 0.0 0.14 1.3 11.0 2:30a SE
23 45.3 51.8 3:40p 38.9 12:10a 19.7 0.0 0.00 2.6 12.0 11:50a NNW
24 35.9 44.4 1:50p 27.4 12:00m 29.1 0.0 0.00 4.5 20.0 4:20p NNW
25 29.8 39.2 2:10p 20.3 8:00a 35.3 0.0 0.00 1.8 11.0 12:30a NNW
26 40.3 46.2 3:50p 34.3 7:50a 24.8 0.0 0.00 1.6 13.0 9:00p SE
27 42.9 53.9 3:30p 31.9 6:50a 22.1 0.0 0.00 3.6 18.0 1:20p NNW
28 45.2 60.7 4:10p 29.6 8:10a 19.8 0.0 0.00 1.5 10.0 12:50p NNW
29 49.3 65.5 3:40p 33.2 7:40a 15.7 0.0 0.13 2.6 23.0 9:20p SSW
30 42.8 57.4 1:20a 28.3 12:00m 22.2 0.0 0.02 4.3 27.0 1:20a NNW
31 37.9 50.8 2:20p 25.0 3:30a 27.1 0.0 0.32 2.6 19.0 4:20p ESE
-------------------------------------------------------------------------------------
41.6 70.5 7 16.0 3 725.9 0.0 2.48 2.4 27.0 30 NNW
Max >= 90.0: 0
Max <= 32.0: 1
Min <= 32.0: 16
Min <= 0.0: 0
Max Rain: 0.46 ON 01/17/08
Days of Rain: 10 (>.01 in) 8 (>.1 in) 0 (>1 in)
Heat Base: 65.0 Cool Base: 65.0 Method: (High + Low) / 2