NOAA-style Climate Reports

2024: Jan | Feb | Mar | Apr | May | Jun | Jul | Aug | Sep | Oct | Nov | Dec 
2023: Jan | Feb | Mar | Apr | May | Jun | Jul | Aug | Sep | Oct | Nov | Dec 
2022: Jan | Feb | Mar | Apr | May | Jun | Jul | Aug | Sep | Oct | Nov | Dec 
2021: Jan | Feb | Mar | Apr | May | Jun | Jul | Aug | Sep | Oct | Nov | Dec 
2020: Jan | Feb | Mar | Apr | May | Jun | Jul | Aug | Sep | Oct | Nov | Dec 
2019: Jan | Feb | Mar | Apr | May | Jun | Jul | Aug | Sep | Oct | Nov | Dec 
2018: Jan | Feb | Mar | Apr | May | Jun | Jul | Aug | Sep | Oct | Nov | Dec 
2017: Jan | Feb | Mar | Apr | May | Jun | Jul | Aug | Sep | Oct | Nov | Dec 
2016: Jan | Feb | Mar | Apr | May | Jun | Jul | Aug | Sep | Oct | Nov | Dec 
2015: Jan | Feb | Mar | Apr | May | Jun | Jul | Aug | Sep | Oct | Nov | Dec 
2014: Jan | Feb | Mar | Apr | May | Jun | Jul | Aug | Sep | Oct | Nov | Dec 
2013: Jan | Feb | Mar | Apr | May | Jun | Jul | Aug | Sep | Oct | Nov | Dec 
2012: Jan | Feb | Mar | Apr | May | Jun | Jul | Aug | Sep | Oct | Nov | Dec 
2011: Jan | Feb | Mar | Apr | May | Jun | Jul | Aug | Sep | Oct | Nov | Dec 
2010: Jan | Feb | Mar | Apr | May | Jun | Jul | Aug | Sep | Oct | Nov | Dec 
2009: Jan | Feb | Mar | Apr | May | Jun | Jul | Aug | Sep | Oct | Nov | Dec 
2008: Jan | Feb | Mar | Apr | May | Jun | Jul | Aug | Sep | Oct | Nov | Dec 
2007: Jan | Feb | Mar | Apr | May | Jun | Jul | Aug | Sep | Oct | Nov | Dec 
2006: Jan | Feb | Mar | Apr | May | Jun | Jul | Aug | Sep | Oct | Nov | Dec 
2005: Jan | Feb | Mar | Apr | May | Jun | Jul | Aug | Sep | Oct | Nov | Dec 

Report for 2008 04
MONTHLY CLIMATOLOGICAL SUMMARY for APR. 2008 NAME: ConyersWX CITY: Conyers STATE: GA ELEV: 840 ft LAT: 33 42' 12" N LONG: 84 02' 13" W TEMPERATURE (F), RAIN (in), WIND SPEED (mph) HEAT COOL AVG MEAN DEG DEG WIND DOM DAY TEMP HIGH TIME LOW TIME DAYS DAYS RAIN SPEED HIGH TIME DIR ------------------------------------------------------------------------------------ 1 65.0 75.6 3:50p 54.4 5:40a 0.0 0.0 0.04 1.8 15.0 2:10p WSW 2 67.1 78.5 4:50p 55.7 6:30a 0.0 2.1 0.00 1.6 11.0 1:30p NNW 3 55.1 64.0 2:50a 46.2 10:40p 9.9 0.0 0.02 2.4 16.0 10:20a ESE 4 58.3 70.6 5:00p 46.0 3:10a 6.7 0.0 0.35 1.3 9.0 12:10a SE 5 59.7 61.1 5:10p 58.3 9:50a 5.3 0.0 0.57 0.8 15.0 2:00p WSW 6 60.6 67.7 5:00p 53.5 8:20a 4.4 0.0 0.00 1.1 7.0 4:20p NNW 7 58.0 62.9 5:20p 53.0 9:40a 7.0 0.0 0.00 1.4 11.0 1:10p ESE 8 61.3 68.7 5:00p 53.8 8:00a 3.8 0.0 0.00 1.8 13.0 9:40a ESE 9 61.7 75.8 5:50p 47.5 5:40a 3.3 0.0 0.00 1.0 14.0 11:50a ESE 10 63.8 78.5 6:20p 49.2 8:00a 1.2 0.0 0.00 1.2 14.0 11:40a SSE 11 73.1 83.7 4:00p 62.6 7:50a 0.0 8.1 0.54 2.1 19.0 4:50p S 12 61.4 66.1 5:00p 56.7 11:20p 3.6 0.0 0.16 2.0 12.0 4:00p WSW 13 52.7 60.2 3:30p 45.2 7:50a 12.3 0.0 0.00 3.7 21.0 3:00p NNW 14 43.3 49.2 2:00p 37.4 7:10a 21.7 0.0 0.01 2.6 12.0 12:40p NNW 15 50.0 63.2 6:00p 36.7 7:50a 15.0 0.0 0.00 1.9 11.0 1:40p NNW 16 53.3 71.2 6:30p 35.3 7:30a 11.8 0.0 0.00 0.9 10.0 12:20p NNW 17 58.6 76.9 5:10p 40.2 6:20a 6.4 0.0 0.00 0.9 9.0 3:00p S 18 61.0 77.7 5:00p 44.4 7:10a 4.0 0.0 0.00 1.4 14.0 5:10p SSW 19 64.2 74.1 3:00p 54.3 12:00m 0.8 0.0 0.10 1.6 15.0 2:30p SSE 20 60.8 71.9 5:10p 49.7 7:40a 4.2 0.0 0.00 1.7 13.0 1:40p NNW 21 61.8 76.4 5:40p 47.1 7:10a 3.3 0.0 0.00 1.0 11.0 1:30p NNW 22 62.5 76.6 5:10p 48.4 7:40a 2.5 0.0 0.00 1.0 13.0 11:10a N 23 65.8 78.0 5:40p 53.7 6:40a 0.0 0.8 0.00 1.1 14.0 3:40p N 24 67.1 79.4 4:20p 54.7 6:50a 0.0 2.1 0.00 0.8 9.0 11:20a SSE 25 69.9 81.1 5:30p 58.8 7:30a 0.0 4.9 0.00 1.2 12.0 12:10p S 26 69.8 79.7 5:40p 59.9 7:40a 0.0 4.8 0.02 0.8 9.0 6:00p WSW 27 65.7 69.1 4:20p 62.3 8:10a 0.0 0.7 0.24 0.5 6.0 3:00p NNE 28 61.8 68.1 5:10p 55.4 11:40p 3.3 0.0 0.44 1.9 13.0 7:20p NW 29 53.2 62.5 5:10p 43.9 7:50a 11.8 0.0 0.00 2.4 17.0 10:10a NNW 30 56.8 74.3 6:40p 39.3 7:20a 8.2 0.0 0.00 0.8 6.0 11:40a WNW ------------------------------------------------------------------------------------- 60.8 83.7 11 35.3 16 150.4 23.6 2.49 1.5 21.0 13 NNW Max >= 90.0: 0 Max <= 32.0: 0 Min <= 32.0: 0 Min <= 0.0: 0 Max Rain: 0.57 ON 04/05/08 Days of Rain: 10 (>.01 in) 6 (>.1 in) 0 (>1 in) Heat Base: 65.0 Cool Base: 65.0 Method: (High + Low) / 2