NOAA-style Climate Reports

2024: Jan | Feb | Mar | Apr | May | Jun | Jul | Aug | Sep | Oct | Nov | Dec 
2023: Jan | Feb | Mar | Apr | May | Jun | Jul | Aug | Sep | Oct | Nov | Dec 
2022: Jan | Feb | Mar | Apr | May | Jun | Jul | Aug | Sep | Oct | Nov | Dec 
2021: Jan | Feb | Mar | Apr | May | Jun | Jul | Aug | Sep | Oct | Nov | Dec 
2020: Jan | Feb | Mar | Apr | May | Jun | Jul | Aug | Sep | Oct | Nov | Dec 
2019: Jan | Feb | Mar | Apr | May | Jun | Jul | Aug | Sep | Oct | Nov | Dec 
2018: Jan | Feb | Mar | Apr | May | Jun | Jul | Aug | Sep | Oct | Nov | Dec 
2017: Jan | Feb | Mar | Apr | May | Jun | Jul | Aug | Sep | Oct | Nov | Dec 
2016: Jan | Feb | Mar | Apr | May | Jun | Jul | Aug | Sep | Oct | Nov | Dec 
2015: Jan | Feb | Mar | Apr | May | Jun | Jul | Aug | Sep | Oct | Nov | Dec 
2014: Jan | Feb | Mar | Apr | May | Jun | Jul | Aug | Sep | Oct | Nov | Dec 
2013: Jan | Feb | Mar | Apr | May | Jun | Jul | Aug | Sep | Oct | Nov | Dec 
2012: Jan | Feb | Mar | Apr | May | Jun | Jul | Aug | Sep | Oct | Nov | Dec 
2011: Jan | Feb | Mar | Apr | May | Jun | Jul | Aug | Sep | Oct | Nov | Dec 
2010: Jan | Feb | Mar | Apr | May | Jun | Jul | Aug | Sep | Oct | Nov | Dec 
2009: Jan | Feb | Mar | Apr | May | Jun | Jul | Aug | Sep | Oct | Nov | Dec 
2008: Jan | Feb | Mar | Apr | May | Jun | Jul | Aug | Sep | Oct | Nov | Dec 
2007: Jan | Feb | Mar | Apr | May | Jun | Jul | Aug | Sep | Oct | Nov | Dec 
2006: Jan | Feb | Mar | Apr | May | Jun | Jul | Aug | Sep | Oct | Nov | Dec 
2005: Jan | Feb | Mar | Apr | May | Jun | Jul | Aug | Sep | Oct | Nov | Dec 

Report for 2008 12
MONTHLY CLIMATOLOGICAL SUMMARY for DEC. 2008 NAME: ConyersWX CITY: Conyers STATE: GA ELEV: 840 ft LAT: 33 42' 12" N LONG: 84 02' 13" W TEMPERATURE (F), RAIN (in), WIND SPEED (mph) HEAT COOL AVG MEAN DEG DEG WIND DOM DAY TEMP HIGH TIME LOW TIME DAYS DAYS RAIN SPEED HIGH TIME DIR ------------------------------------------------------------------------------------ 1 36.4 42.6 4:20p 30.2 12:00m 28.6 0.0 0.00 3.4 20.0 12:10p WSW 2 36.1 45.1 1:10p 27.1 12:00m 28.9 0.0 0.00 1.8 14.0 10:40a NNW 3 39.0 54.8 3:20p 23.2 8:00a 26.0 0.0 0.01 0.7 9.0 2:00p NNW 4 42.2 53.0 11:50a 31.4 12:20a 22.8 0.0 0.18 1.1 12.0 10:30p NNW 5 39.5 49.9 2:40p 29.1 7:20a 25.5 0.0 0.00 2.6 12.0 3:20p NNW 6 36.7 47.0 1:40p 26.3 8:10a 28.3 0.0 0.00 1.1 10.0 11:00p NW 7 37.5 45.8 3:10p 29.3 12:00m 27.5 0.0 0.00 2.7 15.0 9:20a NNW 8 39.5 54.6 3:10p 24.4 6:40a 25.5 0.0 0.00 0.8 8.0 10:30a SE 9 52.9 67.2 2:00p 38.7 1:30a 12.1 0.0 0.01 1.7 15.0 1:20p SE 10 62.0 64.4 1:50a 59.5 5:50a 3.0 0.0 1.33 1.5 16.0 10:00a ESE 11 54.2 63.4 10:10a 45.0 12:00m 10.8 0.0 0.97 3.3 19.0 1:40p SE 12 41.3 49.2 2:00p 33.4 12:00m 23.7 0.0 0.00 5.1 20.0 2:00a NNW 13 38.2 48.7 3:00p 27.6 8:10a 26.8 0.0 0.00 1.3 10.0 11:30a N 14 38.5 46.1 5:10p 30.9 1:10a 26.5 0.0 0.00 1.4 10.0 7:30p SE 15 52.1 61.4 3:00p 42.8 12:40a 12.9 0.0 0.00 0.7 7.0 2:30p ESE 16 59.0 67.6 3:50p 50.5 5:50a 6.0 0.0 0.02 0.6 8.0 12:40p ESE 17 65.9 71.5 3:20p 60.4 2:50a 0.0 0.9 0.01 1.7 12.0 2:20p WSW 18 63.5 68.5 1:50p 58.4 11:00p 1.5 0.0 0.01 1.0 9.0 11:50a NNW 19 62.3 67.6 3:00p 56.9 4:10a 2.8 0.0 0.01 2.9 16.0 10:00a WSW 20 65.7 69.6 2:10p 61.8 1:10a 0.0 0.7 0.00 3.2 17.0 2:20p WSW 21 47.8 64.9 3:20a 30.6 12:00m 17.3 0.0 0.42 6.5 26.0 9:00a NNW 22 26.3 33.7 3:40p 18.9 7:50a 38.7 0.0 0.00 3.6 20.0 12:20a N 23 34.3 46.9 3:40p 21.7 2:00a 30.7 0.0 0.01 2.1 14.0 10:30a ESE 24 51.2 64.0 10:50p 38.3 2:20a 13.8 0.0 0.53 1.8 13.0 11:30a SSW 25 56.5 61.0 12:10a 51.9 7:50p 8.5 0.0 0.25 1.0 8.0 3:30a WSW 26 51.2 54.1 10:30a 48.3 10:10p 13.8 0.0 0.03 1.3 9.0 10:40a E 27 53.0 58.0 2:40p 48.1 4:00a 12.0 0.0 0.02 1.3 8.0 3:20p SE 28 58.5 63.7 11:50a 53.2 11:50p 6.5 0.0 0.09 1.5 15.0 10:00a SSW 29 50.8 59.7 2:30p 42.0 12:00m 14.2 0.0 0.00 3.2 16.0 2:00p NNW 30 52.3 67.5 3:40p 37.0 8:20a 12.8 0.0 0.00 2.0 11.0 1:00p NNW 31 41.8 49.6 12:10a 34.0 12:00m 23.2 0.0 0.00 4.9 22.0 9:50a NNW ------------------------------------------------------------------------------------- 47.9 71.5 17 18.9 22 530.7 1.6 3.90 2.2 26.0 21 NNW Max >= 90.0: 0 Max <= 32.0: 0 Min <= 32.0: 13 Min <= 0.0: 0 Max Rain: 1.33 ON 12/10/08 Days of Rain: 10 (>.01 in) 6 (>.1 in) 1 (>1 in) Heat Base: 65.0 Cool Base: 65.0 Method: (High + Low) / 2