NOAA-style Climate Reports

2024: Jan | Feb | Mar | Apr | May | Jun | Jul | Aug | Sep | Oct | Nov | Dec 
2023: Jan | Feb | Mar | Apr | May | Jun | Jul | Aug | Sep | Oct | Nov | Dec 
2022: Jan | Feb | Mar | Apr | May | Jun | Jul | Aug | Sep | Oct | Nov | Dec 
2021: Jan | Feb | Mar | Apr | May | Jun | Jul | Aug | Sep | Oct | Nov | Dec 
2020: Jan | Feb | Mar | Apr | May | Jun | Jul | Aug | Sep | Oct | Nov | Dec 
2019: Jan | Feb | Mar | Apr | May | Jun | Jul | Aug | Sep | Oct | Nov | Dec 
2018: Jan | Feb | Mar | Apr | May | Jun | Jul | Aug | Sep | Oct | Nov | Dec 
2017: Jan | Feb | Mar | Apr | May | Jun | Jul | Aug | Sep | Oct | Nov | Dec 
2016: Jan | Feb | Mar | Apr | May | Jun | Jul | Aug | Sep | Oct | Nov | Dec 
2015: Jan | Feb | Mar | Apr | May | Jun | Jul | Aug | Sep | Oct | Nov | Dec 
2014: Jan | Feb | Mar | Apr | May | Jun | Jul | Aug | Sep | Oct | Nov | Dec 
2013: Jan | Feb | Mar | Apr | May | Jun | Jul | Aug | Sep | Oct | Nov | Dec 
2012: Jan | Feb | Mar | Apr | May | Jun | Jul | Aug | Sep | Oct | Nov | Dec 
2011: Jan | Feb | Mar | Apr | May | Jun | Jul | Aug | Sep | Oct | Nov | Dec 
2010: Jan | Feb | Mar | Apr | May | Jun | Jul | Aug | Sep | Oct | Nov | Dec 
2009: Jan | Feb | Mar | Apr | May | Jun | Jul | Aug | Sep | Oct | Nov | Dec 
2008: Jan | Feb | Mar | Apr | May | Jun | Jul | Aug | Sep | Oct | Nov | Dec 
2007: Jan | Feb | Mar | Apr | May | Jun | Jul | Aug | Sep | Oct | Nov | Dec 
2006: Jan | Feb | Mar | Apr | May | Jun | Jul | Aug | Sep | Oct | Nov | Dec 
2005: Jan | Feb | Mar | Apr | May | Jun | Jul | Aug | Sep | Oct | Nov | Dec 

Report for 2009 01
MONTHLY CLIMATOLOGICAL SUMMARY for JAN. 2009 NAME: ConyersWX CITY: Conyers STATE: GA ELEV: 840 ft LAT: 33 42' 12" N LONG: 84 02' 13" W TEMPERATURE (F), RAIN (in), WIND SPEED (mph) HEAT COOL AVG MEAN DEG DEG WIND DOM DAY TEMP HIGH TIME LOW TIME DAYS DAYS RAIN SPEED HIGH TIME DIR ------------------------------------------------------------------------------------ 1 36.6 49.3 3:30p 23.9 7:50a 28.4 0.0 0.00 1.4 15.0 11:40a SE 2 38.9 43.5 11:50p 34.3 12:10a 26.1 0.0 0.14 0.8 5.0 8:50a SE 3 50.6 57.7 11:10p 43.5 12:10a 14.4 0.0 0.18 0.4 16.0 11:10p NNW 4 58.0 62.1 4:40p 54.0 8:50a 7.0 0.0 0.14 0.6 6.0 12:50p ESE 5 60.7 66.7 4:20p 54.7 12:20a 4.3 0.0 0.62 0.9 8.0 11:10a SW 6 65.1 69.7 4:30p 60.6 12:00m 0.0 0.1 0.25 3.1 16.0 8:40a SSW 7 52.2 60.6 12:10a 43.7 11:50p 12.8 0.0 0.81 4.8 29.0 11:40a W 8 47.8 56.5 1:30p 39.0 12:00m 17.3 0.0 0.00 4.6 26.0 4:10p NNW 9 45.7 60.3 3:50p 31.0 8:10a 19.3 0.0 0.00 1.7 9.0 12:10a NNW 10 46.8 60.9 2:50p 32.7 4:30a 18.2 0.0 0.25 1.0 10.0 9:30p SSE 11 46.0 59.5 2:20a 32.5 12:00m 19.0 0.0 0.11 4.6 16.0 4:20p NNW 12 39.8 51.7 3:50p 28.0 8:10a 25.2 0.0 0.00 1.9 10.0 12:10a NNW 13 42.5 54.6 3:30p 30.5 2:00a 22.5 0.0 0.00 2.7 19.0 6:30p NNW 14 37.4 50.0 3:40p 24.8 8:10a 27.6 0.0 0.00 3.1 12.0 12:40a NNW 15 31.1 40.1 12:10a 22.2 12:00m 33.8 0.0 0.00 4.9 19.0 10:50a NNW 16 23.2 32.9 3:50p 13.5 8:10a 41.8 0.0 0.00 3.1 13.0 12:20a NNW 17 28.0 41.6 2:40p 14.5 7:20a 37.0 0.0 0.00 1.2 13.0 5:50p NNW 18 44.2 52.6 4:20p 35.8 10:30p 20.8 0.0 0.17 2.2 15.0 1:50p SW 19 40.2 49.7 4:20p 30.6 12:00m 24.8 0.0 0.00 3.1 21.0 9:40p NNW 20 27.0 31.2 2:20p 22.8 12:00m 38.0 0.0 0.00 6.9 22.0 7:40p NNW 21 29.5 40.5 4:50p 18.6 7:40a 35.5 0.0 0.00 2.9 15.0 1:40a NNW 22 37.3 53.6 3:30p 21.0 3:00a 27.7 0.0 0.00 1.6 11.0 12:10p NNW 23 46.5 65.5 4:50p 27.6 5:40a 18.5 0.0 0.00 1.9 19.0 12:10p WSW 24 50.2 58.9 3:50p 41.4 12:00m 14.8 0.0 0.18 2.8 11.0 1:00a NNW 25 43.0 54.1 4:00p 31.9 7:50a 22.0 0.0 0.00 1.5 9.0 11:30a N 26 45.8 49.3 5:20p 42.2 9:50a 19.3 0.0 0.00 0.7 6.0 12:30a SE 27 49.3 56.4 4:00p 42.1 7:00a 15.8 0.0 0.01 1.3 8.0 4:10p SE 28 50.3 61.7 11:20a 38.9 12:00m 14.7 0.0 0.21 2.9 22.0 11:40a NNW 29 41.7 50.8 4:20p 32.6 8:20a 23.3 0.0 0.00 3.5 13.0 10:10a NNW 30 38.0 44.7 2:20p 31.3 8:10a 27.0 0.0 0.00 4.6 23.0 2:30p NNW 31 38.5 52.2 4:40p 24.7 8:00a 26.5 0.0 0.00 1.3 13.0 11:10a NNW ------------------------------------------------------------------------------------- 43.0 69.7 6 13.5 16 683.3 0.1 3.07 2.5 29.0 7 NNW Max >= 90.0: 0 Max <= 32.0: 1 Min <= 32.0: 16 Min <= 0.0: 0 Max Rain: 0.81 ON 01/07/09 Days of Rain: 11 (>.01 in) 11 (>.1 in) 0 (>1 in) Heat Base: 65.0 Cool Base: 65.0 Method: (High + Low) / 2