NOAA-style Climate Reports
2024: Jan | Feb | Mar | Apr | May | Jun | Jul | Aug | Sep | Oct | Nov | Dec
2023: Jan | Feb | Mar | Apr | May | Jun | Jul | Aug | Sep | Oct | Nov | Dec
2022: Jan | Feb | Mar | Apr | May | Jun | Jul | Aug | Sep | Oct | Nov | Dec
2021: Jan | Feb | Mar | Apr | May | Jun | Jul | Aug | Sep | Oct | Nov | Dec
2020: Jan | Feb | Mar | Apr | May | Jun | Jul | Aug | Sep | Oct | Nov | Dec
2019: Jan | Feb | Mar | Apr | May | Jun | Jul | Aug | Sep | Oct | Nov | Dec
2018: Jan | Feb | Mar | Apr | May | Jun | Jul | Aug | Sep | Oct | Nov | Dec
2017: Jan | Feb | Mar | Apr | May | Jun | Jul | Aug | Sep | Oct | Nov | Dec
2016: Jan | Feb | Mar | Apr | May | Jun | Jul | Aug | Sep | Oct | Nov | Dec
2015: Jan | Feb | Mar | Apr | May | Jun | Jul | Aug | Sep | Oct | Nov | Dec
2014: Jan | Feb | Mar | Apr | May | Jun | Jul | Aug | Sep | Oct | Nov | Dec
2013: Jan | Feb | Mar | Apr | May | Jun | Jul | Aug | Sep | Oct | Nov | Dec
2012: Jan | Feb | Mar | Apr | May | Jun | Jul | Aug | Sep | Oct | Nov | Dec
2011: Jan | Feb | Mar | Apr | May | Jun | Jul | Aug | Sep | Oct | Nov | Dec
2010: Jan | Feb | Mar | Apr | May | Jun | Jul | Aug | Sep | Oct | Nov | Dec
2009: Jan | Feb | Mar | Apr | May | Jun | Jul | Aug | Sep | Oct | Nov | Dec
2008: Jan | Feb | Mar | Apr | May | Jun | Jul | Aug | Sep | Oct | Nov | Dec
2007: Jan | Feb | Mar | Apr | May | Jun | Jul | Aug | Sep | Oct | Nov | Dec
2006: Jan | Feb | Mar | Apr | May | Jun | Jul | Aug | Sep | Oct | Nov | Dec
2005: Jan | Feb | Mar | Apr | May | Jun | Jul | Aug | Sep | Oct | Nov | Dec
Report for 2009 02
MONTHLY CLIMATOLOGICAL SUMMARY for FEB. 2009
NAME: ConyersWX CITY: Conyers STATE: GA
ELEV: 840 ft LAT: 33° 42' 12" N LONG: 84° 02' 13" W
TEMPERATURE (°F), RAIN (in), WIND SPEED (mph)
HEAT COOL AVG
MEAN DEG DEG WIND DOM
DAY TEMP HIGH TIME LOW TIME DAYS DAYS RAIN SPEED HIGH TIME DIR
------------------------------------------------------------------------------------
1 43.2 61.5 2:30p 24.9 8:00a 21.8 0.0 0.00 1.1 12.0 11:40a NNW
2 44.7 59.2 12:50p 30.2 7:10a 20.3 0.0 0.11 2.8 18.0 10:30p NNW
3 35.9 49.9 3:00p 21.9 12:00m 29.1 0.0 0.00 5.5 25.0 11:00p NNW
4 24.0 31.9 3:30p 16.0 7:10a 41.0 0.0 0.00 6.4 28.0 2:50a NNW
5 29.6 43.3 4:20p 15.9 7:40a 35.4 0.0 0.00 2.6 13.0 2:40a NNW
6 42.0 62.3 4:30p 21.6 6:50a 23.0 0.0 0.00 1.4 12.0 11:00a NW
7 50.9 68.3 3:40p 33.5 8:10a 14.1 0.0 0.00 2.0 15.0 4:20p WSW
8 56.1 69.9 4:20p 42.2 1:50a 8.9 0.0 0.00 1.5 12.0 9:50a NW
9 56.0 71.5 2:50p 40.5 7:20a 9.0 0.0 0.00 0.9 14.0 2:40p SE
10 54.8 70.1 2:40p 39.5 8:00a 10.2 0.0 0.00 1.4 16.0 12:40p SE
11 57.8 68.3 2:30p 47.3 4:00a 7.2 0.0 0.26 2.6 25.0 6:00p S
12 54.6 65.5 4:20p 43.7 12:00m 10.4 0.0 0.00 3.4 23.0 12:30p NNW
13 52.9 70.2 3:30p 35.7 7:20a 12.1 0.0 0.00 1.1 8.0 3:00p WNW
14 52.0 58.2 3:40p 45.7 12:00m 13.0 0.0 0.02 1.6 12.0 3:50p S
15 51.1 62.5 3:10p 39.7 6:20a 13.9 0.0 0.00 1.9 12.0 12:40p NNW
16 44.2 53.8 4:10p 34.5 7:50a 20.8 0.0 0.00 3.8 14.0 3:30a NNW
17 40.5 52.6 3:40p 28.5 4:50a 24.5 0.0 0.01 1.4 14.0 10:00a SE
18 55.8 68.0 4:30p 43.6 6:20a 9.2 0.0 1.07 2.3 20.0 3:20p SSW
19 46.7 58.2 12:10a 35.2 12:00m 18.3 0.0 0.00 5.3 21.0 3:10p NNW
20 35.2 44.7 4:10p 25.6 7:30a 29.8 0.0 0.00 3.7 17.0 4:10a NNW
21 41.1 58.4 4:00p 23.8 7:20a 23.9 0.0 0.00 1.3 12.0 2:20p SSW
22 39.6 47.6 2:30p 31.6 12:00m 25.4 0.0 0.00 5.2 21.0 10:20a NNW
23 38.0 48.9 4:20p 27.1 7:40a 27.0 0.0 0.00 3.7 12.0 1:10p NNW
24 41.6 53.8 4:00p 29.4 6:20a 23.4 0.0 0.00 1.6 11.0 9:00a ESE
25 49.9 59.5 3:10p 40.3 7:00a 15.1 0.0 0.03 1.2 9.0 12:20p ESE
26 56.9 68.1 5:00p 45.8 6:10a 8.1 0.0 0.01 1.4 11.0 12:20p SE
27 55.9 59.1 12:10a 52.8 11:20p 9.1 0.0 1.39 1.3 11.0 7:40a N
28 57.8 63.9 3:40p 51.7 10:20p 7.2 0.0 1.81 1.7 15.0 5:30p NNW
-------------------------------------------------------------------------------------
46.7 71.5 9 15.9 5 511.3 0.0 4.71 2.5 28.0 4 NNW
Max >= 90.0: 0
Max <= 32.0: 1
Min <= 32.0: 12
Min <= 0.0: 0
Max Rain: 1.81 ON 02/28/09
Days of Rain: 7 (>.01 in) 5 (>.1 in) 3 (>1 in)
Heat Base: 65.0 Cool Base: 65.0 Method: (High + Low) / 2