NOAA-style Climate Reports

2024: Jan | Feb | Mar | Apr | May | Jun | Jul | Aug | Sep | Oct | Nov | Dec 
2023: Jan | Feb | Mar | Apr | May | Jun | Jul | Aug | Sep | Oct | Nov | Dec 
2022: Jan | Feb | Mar | Apr | May | Jun | Jul | Aug | Sep | Oct | Nov | Dec 
2021: Jan | Feb | Mar | Apr | May | Jun | Jul | Aug | Sep | Oct | Nov | Dec 
2020: Jan | Feb | Mar | Apr | May | Jun | Jul | Aug | Sep | Oct | Nov | Dec 
2019: Jan | Feb | Mar | Apr | May | Jun | Jul | Aug | Sep | Oct | Nov | Dec 
2018: Jan | Feb | Mar | Apr | May | Jun | Jul | Aug | Sep | Oct | Nov | Dec 
2017: Jan | Feb | Mar | Apr | May | Jun | Jul | Aug | Sep | Oct | Nov | Dec 
2016: Jan | Feb | Mar | Apr | May | Jun | Jul | Aug | Sep | Oct | Nov | Dec 
2015: Jan | Feb | Mar | Apr | May | Jun | Jul | Aug | Sep | Oct | Nov | Dec 
2014: Jan | Feb | Mar | Apr | May | Jun | Jul | Aug | Sep | Oct | Nov | Dec 
2013: Jan | Feb | Mar | Apr | May | Jun | Jul | Aug | Sep | Oct | Nov | Dec 
2012: Jan | Feb | Mar | Apr | May | Jun | Jul | Aug | Sep | Oct | Nov | Dec 
2011: Jan | Feb | Mar | Apr | May | Jun | Jul | Aug | Sep | Oct | Nov | Dec 
2010: Jan | Feb | Mar | Apr | May | Jun | Jul | Aug | Sep | Oct | Nov | Dec 
2009: Jan | Feb | Mar | Apr | May | Jun | Jul | Aug | Sep | Oct | Nov | Dec 
2008: Jan | Feb | Mar | Apr | May | Jun | Jul | Aug | Sep | Oct | Nov | Dec 
2007: Jan | Feb | Mar | Apr | May | Jun | Jul | Aug | Sep | Oct | Nov | Dec 
2006: Jan | Feb | Mar | Apr | May | Jun | Jul | Aug | Sep | Oct | Nov | Dec 
2005: Jan | Feb | Mar | Apr | May | Jun | Jul | Aug | Sep | Oct | Nov | Dec 

Report for 2009 05
MONTHLY CLIMATOLOGICAL SUMMARY for MAY. 2009 NAME: ConyersWX CITY: Conyers STATE: GA ELEV: 840 ft LAT: 33 42' 12" N LONG: 84 02' 13" W TEMPERATURE (F), RAIN (in), WIND SPEED (mph) HEAT COOL AVG MEAN DEG DEG WIND DOM DAY TEMP HIGH TIME LOW TIME DAYS DAYS RAIN SPEED HIGH TIME DIR ------------------------------------------------------------------------------------ 1 70.2 77.8 4:10p 62.6 12:00m 0.0 5.2 0.18 1.6 14.0 4:40p WSW 2 70.1 79.6 3:10p 60.5 7:10a 0.0 5.1 0.25 1.2 13.0 1:30p WSW 3 71.5 80.6 4:20p 62.4 12:00m 0.0 6.5 0.12 2.1 14.0 6:00p WSW 4 68.2 74.5 6:00p 61.8 2:20a 0.0 3.2 0.83 1.3 16.0 2:50p WSW 5 72.9 81.2 4:30p 64.6 2:40a 0.0 7.9 0.38 1.3 11.0 1:20p WSW 6 71.8 78.7 2:00p 64.9 11:40p 0.0 6.8 0.24 1.8 20.0 1:20p SSW 7 73.4 82.2 3:20p 64.7 1:30a 0.0 8.4 0.41 1.6 12.0 1:10p WSW 8 73.6 80.8 5:20p 66.3 4:20a 0.0 8.6 0.01 1.4 12.0 2:30p WSW 9 73.5 81.2 6:10p 65.8 6:50a 0.0 8.5 0.00 1.7 15.0 4:30p WSW 10 71.7 80.8 2:10p 62.5 11:30p 0.0 6.7 0.00 1.2 13.0 2:30a NW 11 68.1 75.7 3:10p 60.4 7:40a 0.0 3.1 0.07 1.0 10.0 2:30p N 12 64.6 71.9 6:20p 57.2 6:40a 0.4 0.0 0.00 1.3 12.0 12:30p SE 13 61.4 68.9 5:00p 53.9 6:10a 3.6 0.0 0.00 0.5 10.0 11:00a ESE 14 72.4 80.7 6:00p 64.2 1:40a 0.0 7.4 0.02 0.7 7.0 2:50a SSE 15 73.3 84.4 3:00p 62.3 7:20a 0.0 8.3 0.00 1.0 22.0 7:30p SSE 16 71.0 75.9 1:20p 66.1 1:40a 0.0 6.0 0.40 0.8 8.0 1:20p ESE 17 60.8 67.8 12:30a 53.8 12:00m 4.2 0.0 0.24 1.2 12.0 10:10p NNW 18 59.0 66.7 5:30p 51.4 12:00m 6.0 0.0 0.00 1.5 12.0 9:30a N 19 57.0 70.1 6:40p 44.0 6:50a 8.0 0.0 0.00 1.5 16.0 12:00p N 20 68.3 77.0 4:40p 59.7 7:50a 0.0 3.3 0.00 2.2 19.0 3:40p N 21 67.4 72.6 5:10p 62.3 6:50a 0.0 2.4 0.04 1.5 12.0 5:30p N 22 68.5 73.5 12:20p 63.5 2:50a 0.0 3.5 0.11 1.0 12.0 12:40p SE 23 70.3 76.1 2:00p 64.6 5:10a 0.0 5.3 0.33 1.2 15.0 6:00p ESE 24 71.3 77.5 3:40p 65.2 11:20p 0.0 6.3 0.30 1.1 9.0 3:50a SE 25 71.1 77.0 3:20p 65.2 1:00a 0.0 6.1 0.42 0.8 17.0 7:00p ESE 26 70.8 77.0 4:40p 64.5 6:00a 0.0 5.8 0.29 0.6 9.0 5:00p SSE 27 72.3 79.2 4:10p 65.5 7:10a 0.0 7.3 0.01 0.6 8.0 4:00p SSW 28 73.9 83.1 5:20p 64.7 4:30a 0.0 8.9 0.00 1.3 13.0 5:30p WSW 29 72.8 80.0 4:10p 65.7 7:10a 0.0 7.8 0.00 1.3 10.0 11:00a WSW 30 71.8 83.9 6:30p 59.6 6:50a 0.0 6.8 0.00 1.0 7.0 2:30p NW 31 75.6 88.3 4:00p 62.8 3:00a 0.0 10.6 0.00 1.0 9.0 10:50a N ------------------------------------------------------------------------------------- 69.6 88.3 31 44.0 19 22.1 165.8 4.65 1.2 22.0 15 WSW Max >= 90.0: 0 Max <= 32.0: 0 Min <= 32.0: 0 Min <= 0.0: 0 Max Rain: 0.83 ON 05/04/09 Days of Rain: 17 (>.01 in) 14 (>.1 in) 0 (>1 in) Heat Base: 65.0 Cool Base: 65.0 Method: (High + Low) / 2