NOAA-style Climate Reports

2024: Jan | Feb | Mar | Apr | May | Jun | Jul | Aug | Sep | Oct | Nov | Dec 
2023: Jan | Feb | Mar | Apr | May | Jun | Jul | Aug | Sep | Oct | Nov | Dec 
2022: Jan | Feb | Mar | Apr | May | Jun | Jul | Aug | Sep | Oct | Nov | Dec 
2021: Jan | Feb | Mar | Apr | May | Jun | Jul | Aug | Sep | Oct | Nov | Dec 
2020: Jan | Feb | Mar | Apr | May | Jun | Jul | Aug | Sep | Oct | Nov | Dec 
2019: Jan | Feb | Mar | Apr | May | Jun | Jul | Aug | Sep | Oct | Nov | Dec 
2018: Jan | Feb | Mar | Apr | May | Jun | Jul | Aug | Sep | Oct | Nov | Dec 
2017: Jan | Feb | Mar | Apr | May | Jun | Jul | Aug | Sep | Oct | Nov | Dec 
2016: Jan | Feb | Mar | Apr | May | Jun | Jul | Aug | Sep | Oct | Nov | Dec 
2015: Jan | Feb | Mar | Apr | May | Jun | Jul | Aug | Sep | Oct | Nov | Dec 
2014: Jan | Feb | Mar | Apr | May | Jun | Jul | Aug | Sep | Oct | Nov | Dec 
2013: Jan | Feb | Mar | Apr | May | Jun | Jul | Aug | Sep | Oct | Nov | Dec 
2012: Jan | Feb | Mar | Apr | May | Jun | Jul | Aug | Sep | Oct | Nov | Dec 
2011: Jan | Feb | Mar | Apr | May | Jun | Jul | Aug | Sep | Oct | Nov | Dec 
2010: Jan | Feb | Mar | Apr | May | Jun | Jul | Aug | Sep | Oct | Nov | Dec 
2009: Jan | Feb | Mar | Apr | May | Jun | Jul | Aug | Sep | Oct | Nov | Dec 
2008: Jan | Feb | Mar | Apr | May | Jun | Jul | Aug | Sep | Oct | Nov | Dec 
2007: Jan | Feb | Mar | Apr | May | Jun | Jul | Aug | Sep | Oct | Nov | Dec 
2006: Jan | Feb | Mar | Apr | May | Jun | Jul | Aug | Sep | Oct | Nov | Dec 
2005: Jan | Feb | Mar | Apr | May | Jun | Jul | Aug | Sep | Oct | Nov | Dec 

Report for 2009 11
MONTHLY CLIMATOLOGICAL SUMMARY for NOV. 2009 NAME: ConyersWX CITY: Conyers STATE: GA ELEV: 840 ft LAT: 33 42' 12" N LONG: 84 02' 13" W TEMPERATURE (F), RAIN (in), WIND SPEED (mph) HEAT COOL AVG MEAN DEG DEG WIND DOM DAY TEMP HIGH TIME LOW TIME DAYS DAYS RAIN SPEED HIGH TIME DIR ------------------------------------------------------------------------------------ 1 53.7 63.5 4:10p 43.8 8:20a 11.3 0.0 0.01 2.1 10.0 2:00a NNW 2 53.9 63.1 5:00p 44.8 7:20a 11.1 0.0 0.00 0.4 8.0 11:40a NNW 3 56.6 72.2 3:50p 41.1 7:40a 8.4 0.0 0.00 1.0 8.0 1:40p N 4 55.8 69.2 4:20p 42.4 8:20a 9.2 0.0 0.00 0.7 6.0 10:30a N 5 55.3 66.4 4:10p 44.2 12:00m 9.7 0.0 0.01 1.5 11.0 1:20p NW 6 50.3 66.1 4:10p 34.4 8:30a 14.8 0.0 0.00 0.7 10.0 12:00p NNW 7 53.5 71.0 3:00p 36.1 8:10a 11.5 0.0 0.00 0.6 9.0 2:30p SSW 8 57.7 76.1 2:50p 39.2 7:30a 7.3 0.0 0.00 0.5 6.0 12:10p SSW 9 55.7 64.9 1:50p 46.5 12:50a 9.3 0.0 0.00 0.7 8.0 12:50p ESE 10 58.1 59.9 12:10a 56.2 11:50p 6.9 0.0 3.21 2.3 17.0 12:00p N 11 56.3 59.6 1:20p 53.0 10:20p 8.7 0.0 0.27 2.7 21.0 8:40a N 12 55.8 66.2 4:00p 45.4 7:30a 9.2 0.0 0.00 2.0 10.0 12:10p N 13 57.8 73.1 3:20p 42.4 7:00a 7.3 0.0 0.00 1.3 7.0 10:40a NNW 14 60.8 75.6 2:30p 46.1 4:20a 4.2 0.0 0.00 0.9 7.0 12:10p NNW 15 58.3 77.1 4:10p 39.4 7:40a 6.8 0.0 0.00 0.6 7.0 1:50p W 16 54.9 72.6 3:00p 37.3 7:30a 10.1 0.0 0.00 0.7 9.0 11:00a W 17 52.9 61.8 3:50p 44.1 2:20a 12.1 0.0 0.24 0.6 9.0 11:30p SSE 18 53.5 59.8 12:50a 47.3 12:00m 11.5 0.0 0.25 1.1 10.0 2:50a SSW 19 51.5 62.8 2:40p 40.2 5:30a 13.5 0.0 0.00 1.6 8.0 1:30p NW 20 52.5 66.8 4:20p 38.1 6:00a 12.5 0.0 0.00 0.9 6.0 12:30p NW 21 51.2 62.8 2:40p 39.5 6:20a 13.8 0.0 0.00 0.7 9.0 12:10p S 22 49.2 52.5 12:10a 45.8 9:40a 15.8 0.0 0.81 2.1 16.0 12:00p E 23 49.2 52.2 3:40p 46.1 12:10a 15.8 0.0 0.01 0.8 8.0 3:40a NNE 24 52.1 57.6 1:50p 46.6 12:00m 12.9 0.0 0.00 0.3 5.0 2:00p NNE 25 51.4 62.1 3:30p 40.7 11:20p 13.6 0.0 0.00 0.9 8.0 12:40p S 26 46.9 58.7 1:50p 35.1 7:20a 18.1 0.0 0.00 3.4 18.0 1:50p NNW 27 45.5 55.7 2:40p 35.3 7:20a 19.5 0.0 0.00 3.9 16.0 11:20a NNW 28 49.1 62.9 2:20p 35.2 7:20a 15.9 0.0 0.00 1.8 10.0 11:50a NNW 29 55.2 68.0 3:30p 42.3 7:10a 9.8 0.0 0.00 1.3 12.0 2:20p SW 30 49.7 59.4 11:30a 39.9 12:00m 15.3 0.0 0.03 3.0 16.0 4:10p NNW ------------------------------------------------------------------------------------- 53.5 77.1 15 34.4 6 345.9 0.0 4.84 1.4 21.0 11 NNW Max >= 90.0: 0 Max <= 32.0: 0 Min <= 32.0: 0 Min <= 0.0: 0 Max Rain: 3.21 ON 11/10/09 Days of Rain: 6 (>.01 in) 5 (>.1 in) 1 (>1 in) Heat Base: 65.0 Cool Base: 65.0 Method: (High + Low) / 2