NOAA-style Climate Reports
2024: Jan | Feb | Mar | Apr | May | Jun | Jul | Aug | Sep | Oct | Nov | Dec
2023: Jan | Feb | Mar | Apr | May | Jun | Jul | Aug | Sep | Oct | Nov | Dec
2022: Jan | Feb | Mar | Apr | May | Jun | Jul | Aug | Sep | Oct | Nov | Dec
2021: Jan | Feb | Mar | Apr | May | Jun | Jul | Aug | Sep | Oct | Nov | Dec
2020: Jan | Feb | Mar | Apr | May | Jun | Jul | Aug | Sep | Oct | Nov | Dec
2019: Jan | Feb | Mar | Apr | May | Jun | Jul | Aug | Sep | Oct | Nov | Dec
2018: Jan | Feb | Mar | Apr | May | Jun | Jul | Aug | Sep | Oct | Nov | Dec
2017: Jan | Feb | Mar | Apr | May | Jun | Jul | Aug | Sep | Oct | Nov | Dec
2016: Jan | Feb | Mar | Apr | May | Jun | Jul | Aug | Sep | Oct | Nov | Dec
2015: Jan | Feb | Mar | Apr | May | Jun | Jul | Aug | Sep | Oct | Nov | Dec
2014: Jan | Feb | Mar | Apr | May | Jun | Jul | Aug | Sep | Oct | Nov | Dec
2013: Jan | Feb | Mar | Apr | May | Jun | Jul | Aug | Sep | Oct | Nov | Dec
2012: Jan | Feb | Mar | Apr | May | Jun | Jul | Aug | Sep | Oct | Nov | Dec
2011: Jan | Feb | Mar | Apr | May | Jun | Jul | Aug | Sep | Oct | Nov | Dec
2010: Jan | Feb | Mar | Apr | May | Jun | Jul | Aug | Sep | Oct | Nov | Dec
2009: Jan | Feb | Mar | Apr | May | Jun | Jul | Aug | Sep | Oct | Nov | Dec
2008: Jan | Feb | Mar | Apr | May | Jun | Jul | Aug | Sep | Oct | Nov | Dec
2007: Jan | Feb | Mar | Apr | May | Jun | Jul | Aug | Sep | Oct | Nov | Dec
2006: Jan | Feb | Mar | Apr | May | Jun | Jul | Aug | Sep | Oct | Nov | Dec
2005: Jan | Feb | Mar | Apr | May | Jun | Jul | Aug | Sep | Oct | Nov | Dec
Report for 2010 04
MONTHLY CLIMATOLOGICAL SUMMARY for APR. 2010
NAME: ConyersWX CITY: Conyers STATE: GA
ELEV: 840 ft LAT: 33° 42' 12" N LONG: 84° 02' 13" W
TEMPERATURE (°F), RAIN (in), WIND SPEED (mph)
HEAT COOL AVG
MEAN DEG DEG WIND DOM
DAY TEMP HIGH TIME LOW TIME DAYS DAYS RAIN SPEED HIGH TIME DIR
------------------------------------------------------------------------------------
1 64.1 84.7 5:50p 43.5 8:00a 0.9 0.0 0.00 1.1 10.0 3:10p W
2 65.8 85.7 5:00p 46.0 7:40a 0.0 0.8 0.00 1.2 12.0 3:10p SSW
3 65.3 78.4 2:40p 52.1 7:30a 0.0 0.3 0.00 1.8 18.0 3:20p WSW
4 70.4 84.4 5:30p 56.5 8:00a 0.0 5.4 0.00 1.2 10.0 1:10p WSW
5 70.9 87.3 4:30p 54.4 6:50a 0.0 5.9 0.00 1.3 11.0 4:20p S
6 69.7 87.3 5:00p 52.1 8:00a 0.0 4.7 0.00 1.6 14.0 12:30p WSW
7 70.3 80.9 5:20p 59.8 8:20a 0.0 5.3 0.00 2.3 14.0 10:50a WSW
8 61.7 66.9 12:00p 56.4 12:00m 3.3 0.0 0.26 2.0 17.0 1:00p SSW
9 56.6 67.3 6:00p 45.9 7:30a 8.4 0.0 0.01 3.2 21.0 10:50a NNW
10 56.2 72.0 5:40p 40.3 7:40a 8.8 0.0 0.00 1.2 12.0 1:40p NNW
11 58.4 74.0 4:20p 42.8 7:00a 6.6 0.0 0.00 0.8 8.0 12:30p ENE
12 63.0 79.8 2:40p 46.1 7:30a 2.0 0.0 0.00 1.0 11.0 2:30p SSE
13 62.5 78.7 2:40p 46.4 7:20a 2.5 0.0 0.00 0.9 11.0 2:00p S
14 64.8 80.6 2:50p 48.9 7:40a 0.3 0.0 0.00 0.9 11.0 4:30p SE
15 67.8 80.0 5:40p 55.6 8:00a 0.0 2.8 0.00 1.2 10.0 1:10a N
16 67.9 83.0 5:30p 52.8 7:10a 0.0 2.9 0.00 0.8 10.0 5:50p WSW
17 68.0 81.0 3:00p 55.0 7:50a 0.0 3.0 0.00 1.8 13.0 5:20p NNW
18 60.8 73.4 6:00p 48.2 7:30a 4.2 0.0 0.00 1.1 9.0 10:00a N
19 58.2 70.6 4:10p 45.7 4:50a 6.8 0.0 0.00 0.7 11.0 1:50p N
20 56.3 59.4 7:20p 53.3 4:30a 8.7 0.0 0.25 0.7 9.0 5:20p S
21 61.0 70.1 4:50p 51.9 8:00a 4.0 0.0 0.00 1.3 9.0 12:10p NNW
22 61.7 77.3 5:10p 46.0 7:20a 3.3 0.0 0.00 0.7 11.0 2:10p N
23 67.4 83.1 5:10p 51.7 7:30a 0.0 2.4 0.00 0.7 14.0 1:30p SW
24 65.1 70.8 12:20a 59.3 10:40a 0.0 0.1 1.67 2.4 17.0 9:30p SSW
25 70.3 78.7 4:00p 62.0 12:00m 0.0 5.3 0.10 2.0 17.0 2:20p WSW
26 61.5 66.7 1:50p 56.3 7:00a 3.5 0.0 0.01 2.2 15.0 1:30p NNW
27 58.4 66.3 3:10p 50.4 12:00m 6.6 0.0 0.00 2.8 16.0 3:10p NNW
28 55.1 66.1 3:40p 44.1 6:40a 9.9 0.0 0.00 1.8 11.0 1:20p NNW
29 58.0 73.0 5:10p 42.9 6:40a 7.0 0.0 0.00 0.8 9.0 12:40p NNW
30 64.7 80.6 4:50p 48.7 5:40a 0.3 0.0 0.00 1.6 14.0 5:20p SSW
-------------------------------------------------------------------------------------
63.4 87.3 5 40.3 10 87.3 39.0 2.30 1.4 21.0 9 NNW
Max >= 90.0: 0
Max <= 32.0: 0
Min <= 32.0: 0
Min <= 0.0: 0
Max Rain: 1.67 ON 04/24/10
Days of Rain: 4 (>.01 in) 3 (>.1 in) 1 (>1 in)
Heat Base: 65.0 Cool Base: 65.0 Method: (High + Low) / 2