NOAA-style Climate Reports

2024: Jan | Feb | Mar | Apr | May | Jun | Jul | Aug | Sep | Oct | Nov | Dec 
2023: Jan | Feb | Mar | Apr | May | Jun | Jul | Aug | Sep | Oct | Nov | Dec 
2022: Jan | Feb | Mar | Apr | May | Jun | Jul | Aug | Sep | Oct | Nov | Dec 
2021: Jan | Feb | Mar | Apr | May | Jun | Jul | Aug | Sep | Oct | Nov | Dec 
2020: Jan | Feb | Mar | Apr | May | Jun | Jul | Aug | Sep | Oct | Nov | Dec 
2019: Jan | Feb | Mar | Apr | May | Jun | Jul | Aug | Sep | Oct | Nov | Dec 
2018: Jan | Feb | Mar | Apr | May | Jun | Jul | Aug | Sep | Oct | Nov | Dec 
2017: Jan | Feb | Mar | Apr | May | Jun | Jul | Aug | Sep | Oct | Nov | Dec 
2016: Jan | Feb | Mar | Apr | May | Jun | Jul | Aug | Sep | Oct | Nov | Dec 
2015: Jan | Feb | Mar | Apr | May | Jun | Jul | Aug | Sep | Oct | Nov | Dec 
2014: Jan | Feb | Mar | Apr | May | Jun | Jul | Aug | Sep | Oct | Nov | Dec 
2013: Jan | Feb | Mar | Apr | May | Jun | Jul | Aug | Sep | Oct | Nov | Dec 
2012: Jan | Feb | Mar | Apr | May | Jun | Jul | Aug | Sep | Oct | Nov | Dec 
2011: Jan | Feb | Mar | Apr | May | Jun | Jul | Aug | Sep | Oct | Nov | Dec 
2010: Jan | Feb | Mar | Apr | May | Jun | Jul | Aug | Sep | Oct | Nov | Dec 
2009: Jan | Feb | Mar | Apr | May | Jun | Jul | Aug | Sep | Oct | Nov | Dec 
2008: Jan | Feb | Mar | Apr | May | Jun | Jul | Aug | Sep | Oct | Nov | Dec 
2007: Jan | Feb | Mar | Apr | May | Jun | Jul | Aug | Sep | Oct | Nov | Dec 
2006: Jan | Feb | Mar | Apr | May | Jun | Jul | Aug | Sep | Oct | Nov | Dec 
2005: Jan | Feb | Mar | Apr | May | Jun | Jul | Aug | Sep | Oct | Nov | Dec 

Report for 2011 08
MONTHLY CLIMATOLOGICAL SUMMARY for AUG. 2011 NAME: ConyersWX CITY: Conyers STATE: GA ELEV: 840 ft LAT: 33 42' 12" N LONG: 84 02' 13" W TEMPERATURE (F), RAIN (in), WIND SPEED (mph) HEAT COOL AVG MEAN DEG DEG WIND DOM DAY TEMP HIGH TIME LOW TIME DAYS DAYS RAIN SPEED HIGH TIME DIR ------------------------------------------------------------------------------------ 1 81.9 90.6 5:40p 73.2 7:00a 0.0 16.9 0.00 0.8 8.0 3:50p SSE 2 84.8 94.7 2:50p 74.8 6:20a 0.0 19.8 0.00 0.7 8.0 3:20p WNW 3 84.9 96.6 6:10p 73.3 7:30a 0.0 19.9 0.00 1.1 11.0 5:50p NW 4 79.3 86.4 4:00p 72.2 7:50a 0.0 14.3 0.00 1.8 15.0 3:30a NNW 5 84.2 95.7 5:20p 72.7 6:40a 0.0 19.2 0.00 1.3 11.0 1:00p NNW 6 81.3 90.5 4:30p 72.0 5:00a 0.0 16.3 0.00 0.8 14.0 5:30p NNW 7 80.9 88.9 6:50p 72.9 4:50a 0.0 15.9 0.00 0.6 8.0 6:10p SW 8 82.8 92.7 2:50p 72.9 10:00p 0.0 17.8 0.00 1.5 11.0 5:30p NNW 9 80.3 88.5 4:00p 72.1 7:20a 0.0 15.3 0.00 1.3 12.0 9:50a WSW 10 82.3 93.5 6:00p 71.0 7:20a 0.0 17.3 0.00 1.4 8.0 11:30a NW 11 82.4 90.9 2:30p 73.8 7:50a 0.0 17.4 0.00 0.9 8.0 2:10p NNW 12 81.8 92.2 5:00p 71.5 7:20a 0.0 16.8 0.00 0.7 8.0 12:00p NNW 13 80.3 90.8 2:40p 69.8 7:10a 0.0 15.3 0.00 1.0 13.0 10:50p N 14 80.4 90.3 4:50p 70.6 7:20a 0.0 15.4 0.00 1.3 12.0 4:40p NNW 15 75.7 84.2 2:40p 67.2 7:20a 0.0 10.7 0.00 1.5 8.0 2:40p NW 16 75.7 87.4 2:50p 64.0 7:20a 0.0 10.7 0.00 0.8 9.0 12:20p NNW 17 78.5 91.1 4:20p 65.9 7:20a 0.0 13.5 0.00 0.8 10.0 3:40p SSE 18 79.4 92.0 4:10p 66.9 7:20a 0.0 14.4 0.00 1.0 9.0 12:10p S 19 81.2 93.6 4:50p 68.8 7:20a 0.0 16.2 0.00 1.0 9.0 2:40p N 20 82.5 93.8 2:50p 71.2 7:40a 0.0 17.5 0.00 0.9 11.0 2:50p SW 21 80.3 91.4 4:50p 69.1 7:20a 0.0 15.3 0.00 0.8 11.0 6:30p SW 22 82.2 93.4 5:00p 71.0 6:40a 0.0 17.2 0.00 1.2 13.0 5:10p NNW 23 78.8 88.1 6:00p 69.6 7:50a 0.0 13.8 0.00 0.9 12.0 10:30a N 24 76.9 89.2 5:00p 64.7 7:30a 0.0 11.9 0.00 0.3 11.0 12:40p SE 25 79.1 92.1 3:30p 66.2 7:40a 0.0 14.1 0.00 0.0 5.0 2:50p N 26 81.9 95.1 4:40p 68.8 6:40a 0.0 16.9 0.00 0.0 5.0 3:10p N 27 82.7 92.1 5:00p 73.3 7:10a 0.0 17.7 0.00 0.2 8.0 4:40p NNW 28 78.0 93.1 5:20p 62.9 7:40a 0.0 13.0 0.00 0.0 6.0 2:10p NNW 29 79.3 90.6 4:50p 67.9 7:40a 0.0 14.3 0.00 0.0 9.0 3:20p N 30 79.4 88.3 5:00p 70.4 6:50a 0.0 14.4 0.00 0.1 12.0 2:40p N 31 81.3 90.0 4:30p 72.5 5:20a 0.0 16.3 0.00 0.1 9.0 10:40a N ------------------------------------------------------------------------------------- 80.7 96.6 3 62.9 28 0.0 485.5 0.00 0.8 15.0 4 NNW Max >= 90.0: 23 Max <= 32.0: 0 Min <= 32.0: 0 Min <= 0.0: 0 Max Rain: 0.00 ON 08/01/11 Days of Rain: 0 (>.01 in) 0 (>.1 in) 0 (>1 in) Heat Base: 65.0 Cool Base: 65.0 Method: (High + Low) / 2