NOAA-style Climate Reports
2024: Jan | Feb | Mar | Apr | May | Jun | Jul | Aug | Sep | Oct | Nov | Dec
2023: Jan | Feb | Mar | Apr | May | Jun | Jul | Aug | Sep | Oct | Nov | Dec
2022: Jan | Feb | Mar | Apr | May | Jun | Jul | Aug | Sep | Oct | Nov | Dec
2021: Jan | Feb | Mar | Apr | May | Jun | Jul | Aug | Sep | Oct | Nov | Dec
2020: Jan | Feb | Mar | Apr | May | Jun | Jul | Aug | Sep | Oct | Nov | Dec
2019: Jan | Feb | Mar | Apr | May | Jun | Jul | Aug | Sep | Oct | Nov | Dec
2018: Jan | Feb | Mar | Apr | May | Jun | Jul | Aug | Sep | Oct | Nov | Dec
2017: Jan | Feb | Mar | Apr | May | Jun | Jul | Aug | Sep | Oct | Nov | Dec
2016: Jan | Feb | Mar | Apr | May | Jun | Jul | Aug | Sep | Oct | Nov | Dec
2015: Jan | Feb | Mar | Apr | May | Jun | Jul | Aug | Sep | Oct | Nov | Dec
2014: Jan | Feb | Mar | Apr | May | Jun | Jul | Aug | Sep | Oct | Nov | Dec
2013: Jan | Feb | Mar | Apr | May | Jun | Jul | Aug | Sep | Oct | Nov | Dec
2012: Jan | Feb | Mar | Apr | May | Jun | Jul | Aug | Sep | Oct | Nov | Dec
2011: Jan | Feb | Mar | Apr | May | Jun | Jul | Aug | Sep | Oct | Nov | Dec
2010: Jan | Feb | Mar | Apr | May | Jun | Jul | Aug | Sep | Oct | Nov | Dec
2009: Jan | Feb | Mar | Apr | May | Jun | Jul | Aug | Sep | Oct | Nov | Dec
2008: Jan | Feb | Mar | Apr | May | Jun | Jul | Aug | Sep | Oct | Nov | Dec
2007: Jan | Feb | Mar | Apr | May | Jun | Jul | Aug | Sep | Oct | Nov | Dec
2006: Jan | Feb | Mar | Apr | May | Jun | Jul | Aug | Sep | Oct | Nov | Dec
2005: Jan | Feb | Mar | Apr | May | Jun | Jul | Aug | Sep | Oct | Nov | Dec
Report for 2011 09
MONTHLY CLIMATOLOGICAL SUMMARY for SEP. 2011
NAME: ConyersWX CITY: Conyers STATE: GA
ELEV: 840 ft LAT: 33° 42' 12" N LONG: 84° 02' 13" W
TEMPERATURE (°F), RAIN (in), WIND SPEED (mph)
HEAT COOL AVG
MEAN DEG DEG WIND DOM
DAY TEMP HIGH TIME LOW TIME DAYS DAYS RAIN SPEED HIGH TIME DIR
------------------------------------------------------------------------------------
1 80.7 91.6 4:50p 69.8 7:40a 0.0 15.7 0.00 0.0 8.0 6:20p N
2 80.8 94.7 4:50p 66.8 7:40a 0.0 15.8 0.00 0.1 10.0 2:40p SSW
3 81.5 94.4 3:40p 68.6 7:20a 0.0 16.5 0.00 0.2 10.0 4:40p S
4 75.8 82.1 3:30p 69.5 7:50p 0.0 10.8 0.00 0.2 19.0 6:40p SW
5 73.7 78.0 3:40p 69.4 3:00a 0.0 8.7 1.38 0.4 13.0 11:40p SW
6 66.8 74.7 12:10a 59.0 11:00p 0.0 1.8 0.09 3.3 25.0 4:10a SW
7 63.6 68.9 4:50p 58.2 6:50a 1.4 0.0 0.01 0.4 5.0 4:40p SSW
8 65.8 73.8 5:10p 57.7 7:50a 0.0 0.8 0.00 1.4 9.0 9:50a NNW
9 68.5 79.4 5:10p 57.6 7:40a 0.0 3.5 0.00 1.3 12.0 2:30p NNW
10 68.6 83.1 4:40p 54.0 8:00a 0.0 3.6 0.00 0.8 9.0 2:40p NNW
11 70.7 85.1 4:50p 56.2 7:30a 0.0 5.7 0.00 0.8 9.0 1:20p NNW
12 72.8 85.0 2:10p 60.6 7:20a 0.0 7.8 0.00 1.0 9.0 3:30p NNW
13 73.9 87.3 2:40p 60.5 7:20a 0.0 8.9 0.00 0.5 9.0 1:00p NNW
14 76.9 92.6 3:10p 61.2 8:00a 0.0 11.9 0.00 0.9 13.0 3:40p SSW
15 73.9 85.2 1:30p 62.6 12:00m 0.0 8.9 0.00 1.5 13.0 4:00p NNW
16 64.1 70.1 3:30p 58.0 5:20a 0.9 0.0 0.00 1.4 14.0 10:50a N
17 66.7 76.5 5:30p 56.9 7:10a 0.0 1.7 0.00 1.2 10.0 11:50a N
18 67.2 76.1 3:30p 58.3 5:00a 0.0 2.2 0.00 1.1 11.0 12:10a SE
19 68.2 74.9 5:10p 61.4 12:50a 0.0 3.2 0.00 1.2 11.0 10:10a N
20 71.1 79.2 4:50p 62.9 9:30a 0.0 6.1 0.04 0.8 10.0 5:10p N
21 76.2 84.4 5:40p 68.0 3:30a 0.0 11.2 0.24 0.7 8.0 5:40p S
22 74.6 79.6 2:40p 69.7 7:40a 0.0 9.6 0.26 0.6 9.0 2:50p S
23 72.1 80.1 4:00p 64.0 7:40a 0.0 7.1 0.80 1.1 9.0 4:10a NNW
24 70.6 81.7 1:50p 59.5 7:50a 0.0 5.6 0.00 1.0 11.0 1:30p NNW
25 71.9 87.0 4:30p 56.8 5:20a 0.0 6.9 0.00 0.8 10.0 2:40p ESE
26 78.6 87.1 4:20p 70.0 3:30a 0.0 13.6 0.00 1.8 13.0 3:30p SSW
27 73.9 82.8 3:50p 65.1 7:20a 0.0 8.9 0.00 1.1 13.0 12:40p SSW
28 70.6 78.9 5:30p 62.2 8:00a 0.0 5.6 0.00 0.7 11.0 3:40p SW
29 71.8 83.2 4:00p 60.3 7:50a 0.0 6.8 0.00 0.5 13.0 2:10p NNW
30 68.7 76.8 3:10p 60.6 12:00m 0.0 3.7 0.00 2.3 13.0 3:20p NNW
-------------------------------------------------------------------------------------
72.0 94.7 2 54.0 10 2.4 212.3 2.82 1.0 25.0 6 NNW
Max >= 90.0: 4
Max <= 32.0: 0
Min <= 32.0: 0
Min <= 0.0: 0
Max Rain: 1.38 ON 09/05/11
Days of Rain: 6 (>.01 in) 4 (>.1 in) 1 (>1 in)
Heat Base: 65.0 Cool Base: 65.0 Method: (High + Low) / 2