NOAA-style Climate Reports

2024: Jan | Feb | Mar | Apr | May | Jun | Jul | Aug | Sep | Oct | Nov | Dec 
2023: Jan | Feb | Mar | Apr | May | Jun | Jul | Aug | Sep | Oct | Nov | Dec 
2022: Jan | Feb | Mar | Apr | May | Jun | Jul | Aug | Sep | Oct | Nov | Dec 
2021: Jan | Feb | Mar | Apr | May | Jun | Jul | Aug | Sep | Oct | Nov | Dec 
2020: Jan | Feb | Mar | Apr | May | Jun | Jul | Aug | Sep | Oct | Nov | Dec 
2019: Jan | Feb | Mar | Apr | May | Jun | Jul | Aug | Sep | Oct | Nov | Dec 
2018: Jan | Feb | Mar | Apr | May | Jun | Jul | Aug | Sep | Oct | Nov | Dec 
2017: Jan | Feb | Mar | Apr | May | Jun | Jul | Aug | Sep | Oct | Nov | Dec 
2016: Jan | Feb | Mar | Apr | May | Jun | Jul | Aug | Sep | Oct | Nov | Dec 
2015: Jan | Feb | Mar | Apr | May | Jun | Jul | Aug | Sep | Oct | Nov | Dec 
2014: Jan | Feb | Mar | Apr | May | Jun | Jul | Aug | Sep | Oct | Nov | Dec 
2013: Jan | Feb | Mar | Apr | May | Jun | Jul | Aug | Sep | Oct | Nov | Dec 
2012: Jan | Feb | Mar | Apr | May | Jun | Jul | Aug | Sep | Oct | Nov | Dec 
2011: Jan | Feb | Mar | Apr | May | Jun | Jul | Aug | Sep | Oct | Nov | Dec 
2010: Jan | Feb | Mar | Apr | May | Jun | Jul | Aug | Sep | Oct | Nov | Dec 
2009: Jan | Feb | Mar | Apr | May | Jun | Jul | Aug | Sep | Oct | Nov | Dec 
2008: Jan | Feb | Mar | Apr | May | Jun | Jul | Aug | Sep | Oct | Nov | Dec 
2007: Jan | Feb | Mar | Apr | May | Jun | Jul | Aug | Sep | Oct | Nov | Dec 
2006: Jan | Feb | Mar | Apr | May | Jun | Jul | Aug | Sep | Oct | Nov | Dec 
2005: Jan | Feb | Mar | Apr | May | Jun | Jul | Aug | Sep | Oct | Nov | Dec 

Report for 2012 04
MONTHLY CLIMATOLOGICAL SUMMARY for APR. 2012 NAME: ConyersWX CITY: Conyers STATE: GA ELEV: 840 ft LAT: 33 42' 12" N LONG: 84 02' 13" W TEMPERATURE (F), RAIN (in), WIND SPEED (mph) HEAT COOL AVG MEAN DEG DEG WIND DOM DAY TEMP HIGH TIME LOW TIME DAYS DAYS RAIN SPEED HIGH TIME DIR ------------------------------------------------------------------------------------ 1 69.8 83.2 5:00p 56.4 7:40a 0.0 4.8 0.00 1.3 10.0 4:40p NNW 2 73.7 84.4 5:40p 63.0 7:00a 0.0 8.7 0.00 1.6 10.0 11:10a NNW 3 74.3 85.1 2:50p 63.6 7:50a 0.0 9.3 0.00 1.1 12.0 5:20a SSW 4 71.8 82.9 4:50p 60.6 5:50a 0.0 6.8 0.06 1.1 11.0 1:00p SSW 5 66.5 73.3 1:50p 59.7 11:20p 0.0 1.5 0.01 1.0 9.0 6:10p WSW 6 57.5 64.0 6:20p 51.0 12:00m 7.5 0.0 0.00 1.7 11.0 1:50p N 7 57.0 70.2 6:00p 43.8 7:40a 8.0 0.0 0.00 0.6 6.0 12:40p N 8 62.0 76.7 5:00p 47.4 7:30a 3.0 0.0 0.00 1.3 9.0 1:30p NNW 9 64.7 78.0 5:00p 51.3 7:50a 0.3 0.0 0.00 1.6 9.0 2:50p NNW 10 62.4 78.0 4:00p 46.8 8:00a 2.6 0.0 0.00 1.5 16.0 3:30p NNW 11 55.8 64.4 4:10p 47.2 7:50a 9.2 0.0 0.00 2.9 16.0 1:50p NNW 12 50.3 64.2 6:30p 36.5 7:30a 14.7 0.0 0.00 1.1 10.0 11:20a NNW 13 55.9 72.2 5:50p 39.7 7:30a 9.1 0.0 0.00 0.3 10.0 12:00p SSW 14 60.8 76.1 5:20p 45.5 7:30a 4.2 0.0 0.00 1.7 15.0 11:30a SSW 15 65.2 79.6 2:40p 50.8 7:00a 0.0 0.2 0.00 1.9 15.0 1:00p SW 16 66.1 74.8 1:50p 57.4 7:30a 0.0 1.1 0.00 1.6 12.0 3:20p SW 17 70.1 81.6 3:00p 58.6 5:40a 0.0 5.1 0.00 1.0 11.0 7:10p SW 18 60.3 64.5 12:10a 56.0 12:00m 4.8 0.0 0.58 1.0 8.0 4:20a N 19 61.0 67.5 5:50p 54.6 7:10a 4.0 0.0 0.00 1.3 9.0 10:40a N 20 63.2 67.6 6:20p 58.8 8:00a 1.8 0.0 0.00 0.9 8.0 6:00p SSE 21 67.3 75.7 4:30p 58.8 5:10a 0.0 2.3 1.07 0.8 8.0 11:30p N 22 57.3 63.5 2:30p 51.1 12:00m 7.7 0.0 0.06 3.8 19.0 5:30p NNW 23 50.8 57.8 5:10p 43.7 7:20a 14.3 0.0 0.00 3.9 22.0 11:10a NNW 24 53.2 66.0 5:00p 40.3 6:30a 11.8 0.0 0.00 1.8 14.0 12:50p NNW 25 63.5 80.1 5:30p 47.0 7:10a 1.5 0.0 0.00 1.6 14.0 2:10p SW 26 71.4 82.3 5:00p 60.5 7:20a 0.0 6.4 0.00 2.0 17.0 7:20p SW 27 73.1 81.3 4:10p 64.8 7:00a 0.0 8.1 0.00 1.7 15.0 5:00p SW 28 72.6 84.7 4:40p 60.4 6:20a 0.0 7.6 0.00 1.2 12.0 2:40p SW 29 72.5 85.1 5:50p 59.9 2:30a 0.0 7.5 0.00 0.9 9.0 2:10p N 30 74.3 88.3 4:40p 60.2 7:00a 0.0 9.3 0.00 0.8 10.0 1:20p S ------------------------------------------------------------------------------------- 64.1 88.3 30 36.5 12 104.3 78.5 1.78 1.5 22.0 23 NNW Max >= 90.0: 0 Max <= 32.0: 0 Min <= 32.0: 0 Min <= 0.0: 0 Max Rain: 1.07 ON 04/21/12 Days of Rain: 4 (>.01 in) 2 (>.1 in) 1 (>1 in) Heat Base: 65.0 Cool Base: 65.0 Method: (High + Low) / 2