NOAA-style Climate Reports
2024: Jan | Feb | Mar | Apr | May | Jun | Jul | Aug | Sep | Oct | Nov | Dec
2023: Jan | Feb | Mar | Apr | May | Jun | Jul | Aug | Sep | Oct | Nov | Dec
2022: Jan | Feb | Mar | Apr | May | Jun | Jul | Aug | Sep | Oct | Nov | Dec
2021: Jan | Feb | Mar | Apr | May | Jun | Jul | Aug | Sep | Oct | Nov | Dec
2020: Jan | Feb | Mar | Apr | May | Jun | Jul | Aug | Sep | Oct | Nov | Dec
2019: Jan | Feb | Mar | Apr | May | Jun | Jul | Aug | Sep | Oct | Nov | Dec
2018: Jan | Feb | Mar | Apr | May | Jun | Jul | Aug | Sep | Oct | Nov | Dec
2017: Jan | Feb | Mar | Apr | May | Jun | Jul | Aug | Sep | Oct | Nov | Dec
2016: Jan | Feb | Mar | Apr | May | Jun | Jul | Aug | Sep | Oct | Nov | Dec
2015: Jan | Feb | Mar | Apr | May | Jun | Jul | Aug | Sep | Oct | Nov | Dec
2014: Jan | Feb | Mar | Apr | May | Jun | Jul | Aug | Sep | Oct | Nov | Dec
2013: Jan | Feb | Mar | Apr | May | Jun | Jul | Aug | Sep | Oct | Nov | Dec
2012: Jan | Feb | Mar | Apr | May | Jun | Jul | Aug | Sep | Oct | Nov | Dec
2011: Jan | Feb | Mar | Apr | May | Jun | Jul | Aug | Sep | Oct | Nov | Dec
2010: Jan | Feb | Mar | Apr | May | Jun | Jul | Aug | Sep | Oct | Nov | Dec
2009: Jan | Feb | Mar | Apr | May | Jun | Jul | Aug | Sep | Oct | Nov | Dec
2008: Jan | Feb | Mar | Apr | May | Jun | Jul | Aug | Sep | Oct | Nov | Dec
2007: Jan | Feb | Mar | Apr | May | Jun | Jul | Aug | Sep | Oct | Nov | Dec
2006: Jan | Feb | Mar | Apr | May | Jun | Jul | Aug | Sep | Oct | Nov | Dec
2005: Jan | Feb | Mar | Apr | May | Jun | Jul | Aug | Sep | Oct | Nov | Dec
Report for 2012 05
MONTHLY CLIMATOLOGICAL SUMMARY for MAY. 2012
NAME: ConyersWX CITY: Conyers STATE: GA
ELEV: 840 ft LAT: 33° 42' 12" N LONG: 84° 02' 13" W
TEMPERATURE (°F), RAIN (in), WIND SPEED (mph)
HEAT COOL AVG
MEAN DEG DEG WIND DOM
DAY TEMP HIGH TIME LOW TIME DAYS DAYS RAIN SPEED HIGH TIME DIR
------------------------------------------------------------------------------------
1 75.4 86.5 4:40p 64.3 6:50a 0.0 10.4 0.00 1.7 10.0 2:10a SSW
2 73.8 86.0 5:10p 61.6 7:00a 0.0 8.8 0.00 1.0 9.0 3:00p SW
3 73.6 83.8 2:50p 63.4 7:10a 0.0 8.6 0.00 0.8 9.0 3:00p SSW
4 74.2 82.7 5:50p 65.7 6:00a 0.0 9.2 0.46 0.7 8.0 3:00p N
5 76.2 87.7 5:30p 64.7 7:30a 0.0 11.2 0.01 1.0 12.0 2:20p NNW
6 74.8 85.1 5:00p 64.6 7:10a 0.0 9.8 0.00 0.8 9.0 3:40p NNW
7 71.8 77.5 1:30p 66.0 7:20a 0.0 6.8 0.00 1.1 12.0 4:20p ESE
8 73.4 80.4 3:30p 66.4 6:40a 0.0 8.4 0.12 1.3 9.0 3:00p SW
9 62.5 69.1 1:10p 55.9 12:00m 2.5 0.0 0.09 1.2 12.0 6:40a NNW
10 61.6 73.3 4:50p 49.9 7:20a 3.4 0.0 0.00 1.2 9.0 11:50a N
11 63.3 76.8 4:40p 49.8 6:40a 1.7 0.0 0.00 1.1 15.0 1:10p NW
12 68.4 75.5 4:20p 61.3 3:10a 0.0 3.4 0.05 1.0 16.0 2:20p S
13 62.8 66.0 6:10p 59.7 7:30a 2.2 0.0 0.96 1.5 16.0 2:00p SSW
14 72.1 79.8 4:50p 64.3 6:20a 0.0 7.1 0.01 1.7 12.0 12:10a SW
15 69.3 79.1 4:40p 59.4 7:10a 0.0 4.3 0.00 0.8 10.0 11:00a SW
16 72.3 82.7 3:40p 61.8 6:20a 0.0 7.3 0.00 0.7 8.0 6:00p NNW
17 70.6 81.2 4:40p 59.9 7:00a 0.0 5.6 0.00 1.0 13.0 7:40p NNW
18 69.1 78.9 4:50p 59.3 5:30a 0.0 4.1 0.00 1.2 11.0 10:00a N
19 69.1 80.8 6:30p 57.3 6:50a 0.0 4.1 0.00 1.0 12.0 4:00p SSE
20 70.1 83.2 5:40p 56.9 7:20a 0.0 5.1 0.00 1.0 13.0 2:10p N
21 72.1 83.5 4:40p 60.7 4:10a 0.0 7.1 0.02 0.8 13.0 5:30p N
22 70.7 79.3 5:20p 62.1 12:00m 0.0 5.7 0.00 1.2 16.0 8:00p NNW
23 70.2 82.6 5:00p 57.8 7:00a 0.0 5.2 0.00 0.7 9.0 2:50p N
24 73.2 88.4 6:40p 57.9 6:20a 0.0 8.2 0.00 0.6 8.0 3:00p SW
25 77.4 89.7 5:30p 65.2 7:20a 0.0 12.4 0.00 0.7 9.0 1:10p N
26 79.1 92.9 4:20p 65.2 6:50a 0.0 14.1 0.00 0.8 10.0 3:40p N
27 78.6 87.4 5:50p 69.7 6:50a 0.0 13.6 0.00 1.5 15.0 2:10p N
28 77.6 85.6 3:10p 69.6 6:50a 0.0 12.6 0.00 1.9 14.0 3:40p N
29 76.6 82.5 5:00p 70.6 12:00m 0.0 11.6 0.01 1.6 10.0 2:40p N
30 77.2 89.3 6:40p 65.0 6:40a 0.0 12.2 0.04 1.3 12.0 3:40p N
31 76.7 90.5 2:20p 62.9 5:30a 0.0 11.7 0.02 1.4 20.0 9:40p SW
-------------------------------------------------------------------------------------
72.0 92.9 26 49.8 11 9.7 228.1 1.79 1.1 20.0 31 N
Max >= 90.0: 2
Max <= 32.0: 0
Min <= 32.0: 0
Min <= 0.0: 0
Max Rain: 0.96 ON 05/13/12
Days of Rain: 8 (>.01 in) 3 (>.1 in) 0 (>1 in)
Heat Base: 65.0 Cool Base: 65.0 Method: (High + Low) / 2