NOAA-style Climate Reports
2024: Jan | Feb | Mar | Apr | May | Jun | Jul | Aug | Sep | Oct | Nov | Dec
2023: Jan | Feb | Mar | Apr | May | Jun | Jul | Aug | Sep | Oct | Nov | Dec
2022: Jan | Feb | Mar | Apr | May | Jun | Jul | Aug | Sep | Oct | Nov | Dec
2021: Jan | Feb | Mar | Apr | May | Jun | Jul | Aug | Sep | Oct | Nov | Dec
2020: Jan | Feb | Mar | Apr | May | Jun | Jul | Aug | Sep | Oct | Nov | Dec
2019: Jan | Feb | Mar | Apr | May | Jun | Jul | Aug | Sep | Oct | Nov | Dec
2018: Jan | Feb | Mar | Apr | May | Jun | Jul | Aug | Sep | Oct | Nov | Dec
2017: Jan | Feb | Mar | Apr | May | Jun | Jul | Aug | Sep | Oct | Nov | Dec
2016: Jan | Feb | Mar | Apr | May | Jun | Jul | Aug | Sep | Oct | Nov | Dec
2015: Jan | Feb | Mar | Apr | May | Jun | Jul | Aug | Sep | Oct | Nov | Dec
2014: Jan | Feb | Mar | Apr | May | Jun | Jul | Aug | Sep | Oct | Nov | Dec
2013: Jan | Feb | Mar | Apr | May | Jun | Jul | Aug | Sep | Oct | Nov | Dec
2012: Jan | Feb | Mar | Apr | May | Jun | Jul | Aug | Sep | Oct | Nov | Dec
2011: Jan | Feb | Mar | Apr | May | Jun | Jul | Aug | Sep | Oct | Nov | Dec
2010: Jan | Feb | Mar | Apr | May | Jun | Jul | Aug | Sep | Oct | Nov | Dec
2009: Jan | Feb | Mar | Apr | May | Jun | Jul | Aug | Sep | Oct | Nov | Dec
2008: Jan | Feb | Mar | Apr | May | Jun | Jul | Aug | Sep | Oct | Nov | Dec
2007: Jan | Feb | Mar | Apr | May | Jun | Jul | Aug | Sep | Oct | Nov | Dec
2006: Jan | Feb | Mar | Apr | May | Jun | Jul | Aug | Sep | Oct | Nov | Dec
2005: Jan | Feb | Mar | Apr | May | Jun | Jul | Aug | Sep | Oct | Nov | Dec
Report for 2012 08
MONTHLY CLIMATOLOGICAL SUMMARY for AUG. 2012
NAME: ConyersWX CITY: Conyers STATE: GA
ELEV: 840 ft LAT: 33° 42' 12" N LONG: 84° 02' 13" W
TEMPERATURE (°F), RAIN (in), WIND SPEED (mph)
HEAT COOL AVG
MEAN DEG DEG WIND DOM
DAY TEMP HIGH TIME LOW TIME DAYS DAYS RAIN SPEED HIGH TIME DIR
------------------------------------------------------------------------------------
1 81.7 91.5 4:40p 71.9 6:20a 0.0 16.7 0.01 0.7 18.0 6:40p S
2 83.1 93.7 4:20p 72.5 7:10a 0.0 18.1 0.00 1.2 24.0 7:30p N
3 78.9 89.3 4:40p 68.5 5:20a 0.0 13.9 0.09 1.3 13.0 7:00p SSW
4 77.5 83.5 5:40p 71.5 2:10a 0.0 12.5 0.13 0.6 13.0 5:50p SE
5 78.5 86.1 2:10p 70.9 6:40a 0.0 13.5 0.00 1.1 12.0 3:10p SE
6 77.1 81.7 7:10p 72.5 6:00a 0.0 12.1 0.00 1.1 11.0 1:50p SE
7 78.3 83.6 4:50p 73.1 2:50a 0.0 13.3 0.00 0.9 11.0 4:50p SSW
8 79.3 89.0 5:00p 69.6 5:30a 0.0 14.3 0.01 1.1 16.0 8:20p SW
9 77.7 86.4 2:40p 69.0 7:30a 0.0 12.7 0.39 0.6 14.0 4:00p NNE
10 77.1 84.1 5:00p 70.1 7:20a 0.0 12.1 0.00 1.5 11.0 3:50p SW
11 75.6 83.0 4:50p 68.1 12:00m 0.0 10.6 0.01 0.9 8.0 1:00a SSW
12 72.8 85.6 5:30p 60.0 7:20a 0.0 7.8 0.00 0.9 7.0 10:50a N
13 72.8 86.4 3:50p 59.2 7:10a 0.0 7.8 0.24 0.9 17.0 7:00p NNE
14 75.9 85.4 6:40p 66.5 4:50a 0.0 10.9 0.06 0.7 8.0 2:40p SW
15 76.6 82.9 6:00p 70.2 5:00a 0.0 11.6 0.00 0.8 8.0 2:00p SSW
16 78.9 88.4 4:30p 69.5 7:40a 0.0 13.9 0.00 0.7 10.0 2:50p N
17 77.8 85.5 12:10p 70.0 4:40a 0.0 12.8 0.00 1.2 10.0 12:50p NNW
18 76.0 83.9 5:10p 68.1 7:10a 0.0 11.0 0.14 0.5 7.0 7:00p NNW
19 75.3 81.4 5:20p 69.2 5:30a 0.0 10.3 0.05 0.8 10.0 1:30p WSW
20 74.6 82.3 3:50p 66.9 7:50a 0.0 9.6 0.00 0.7 7.0 7:20p WSW
21 73.4 83.5 4:20p 63.3 7:10a 0.0 8.4 0.00 0.8 9.0 3:10p S
22 74.2 82.5 3:00p 65.9 6:50a 0.0 9.2 0.00 0.7 9.0 12:30p N
23 75.3 85.4 3:00p 65.1 7:40a 0.0 10.3 0.00 0.9 9.0 2:40p SW
24 77.1 86.1 5:20p 68.0 3:20a 0.0 12.1 0.03 1.0 10.0 3:20p N
25 74.7 86.2 3:50p 63.2 7:00a 0.0 9.7 0.00 0.9 9.0 12:50p SSW
26 76.4 89.2 3:00p 63.6 7:30a 0.0 11.4 0.00 0.8 9.0 3:10p SSW
27 76.6 89.1 5:30p 64.1 7:00a 0.0 11.6 0.00 1.5 13.0 3:30p N
28 75.2 77.0 12:10a 73.4 7:50a 0.0 10.2 0.39 0.8 9.0 5:10a N
29 79.2 85.3 2:50p 73.0 6:10a 0.0 14.2 0.00 0.8 9.0 8:30p S
30 76.3 80.7 2:30p 71.9 6:40a 0.0 11.3 0.00 1.0 10.0 1:30p SE
31 77.7 82.8 5:10p 72.5 7:00a 0.0 12.7 0.00 0.7 8.0 12:00p S
-------------------------------------------------------------------------------------
76.8 93.7 2 59.2 13 0.0 366.4 1.55 0.9 24.0 2 N
Max >= 90.0: 2
Max <= 32.0: 0
Min <= 32.0: 0
Min <= 0.0: 0
Max Rain: 0.39 ON 08/09/12
Days of Rain: 9 (>.01 in) 5 (>.1 in) 0 (>1 in)
Heat Base: 65.0 Cool Base: 65.0 Method: (High + Low) / 2