NOAA-style Climate Reports

2024: Jan | Feb | Mar | Apr | May | Jun | Jul | Aug | Sep | Oct | Nov | Dec 
2023: Jan | Feb | Mar | Apr | May | Jun | Jul | Aug | Sep | Oct | Nov | Dec 
2022: Jan | Feb | Mar | Apr | May | Jun | Jul | Aug | Sep | Oct | Nov | Dec 
2021: Jan | Feb | Mar | Apr | May | Jun | Jul | Aug | Sep | Oct | Nov | Dec 
2020: Jan | Feb | Mar | Apr | May | Jun | Jul | Aug | Sep | Oct | Nov | Dec 
2019: Jan | Feb | Mar | Apr | May | Jun | Jul | Aug | Sep | Oct | Nov | Dec 
2018: Jan | Feb | Mar | Apr | May | Jun | Jul | Aug | Sep | Oct | Nov | Dec 
2017: Jan | Feb | Mar | Apr | May | Jun | Jul | Aug | Sep | Oct | Nov | Dec 
2016: Jan | Feb | Mar | Apr | May | Jun | Jul | Aug | Sep | Oct | Nov | Dec 
2015: Jan | Feb | Mar | Apr | May | Jun | Jul | Aug | Sep | Oct | Nov | Dec 
2014: Jan | Feb | Mar | Apr | May | Jun | Jul | Aug | Sep | Oct | Nov | Dec 
2013: Jan | Feb | Mar | Apr | May | Jun | Jul | Aug | Sep | Oct | Nov | Dec 
2012: Jan | Feb | Mar | Apr | May | Jun | Jul | Aug | Sep | Oct | Nov | Dec 
2011: Jan | Feb | Mar | Apr | May | Jun | Jul | Aug | Sep | Oct | Nov | Dec 
2010: Jan | Feb | Mar | Apr | May | Jun | Jul | Aug | Sep | Oct | Nov | Dec 
2009: Jan | Feb | Mar | Apr | May | Jun | Jul | Aug | Sep | Oct | Nov | Dec 
2008: Jan | Feb | Mar | Apr | May | Jun | Jul | Aug | Sep | Oct | Nov | Dec 
2007: Jan | Feb | Mar | Apr | May | Jun | Jul | Aug | Sep | Oct | Nov | Dec 
2006: Jan | Feb | Mar | Apr | May | Jun | Jul | Aug | Sep | Oct | Nov | Dec 
2005: Jan | Feb | Mar | Apr | May | Jun | Jul | Aug | Sep | Oct | Nov | Dec 

Report for 2013 06
MONTHLY CLIMATOLOGICAL SUMMARY for JUN. 2013 NAME: ConyersWX CITY: Conyers STATE: GA ELEV: 840 ft LAT: 33 42' 12" N LONG: 84 02' 13" W TEMPERATURE (F), RAIN (in), WIND SPEED (mph) HEAT COOL AVG MEAN DEG DEG WIND DOM DAY TEMP HIGH TIME LOW TIME DAYS DAYS RAIN SPEED HIGH TIME DIR ------------------------------------------------------------------------------------ 1 74.3 83.5 5:30p 65.2 7:00a 0.0 9.3 0.00 2.0 13.0 1:10a SW 2 76.8 85.0 3:00p 68.6 12:00m 0.0 11.8 0.57 1.8 16.0 1:30a SSW 3 74.8 82.0 6:40p 67.7 4:20a 0.0 9.8 0.24 0.4 7.0 2:10p S 4 75.5 84.7 5:00p 66.3 6:40a 0.0 10.5 0.00 0.6 6.0 12:00p SW 5 76.3 83.0 4:00p 69.7 11:40p 0.0 11.3 1.03 1.1 15.0 6:30p WSW 6 71.8 75.9 5:10p 67.6 2:30a 0.0 6.8 0.14 1.2 15.0 1:20p SW 7 74.9 82.7 3:50p 67.1 6:30a 0.0 9.9 0.70 0.8 13.0 4:10p NNE 8 73.1 81.1 6:30p 65.0 6:50a 0.0 8.1 0.00 0.5 8.0 12:20p W 9 75.1 82.8 1:20p 67.4 7:00a 0.0 10.1 0.38 1.4 12.0 2:40p SW 10 72.1 77.0 12:50p 67.1 1:40p 0.0 7.1 1.59 1.3 10.0 1:10a SW 11 78.3 87.9 5:20p 68.6 12:50a 0.0 13.3 0.00 1.2 9.0 4:40p NW 12 81.1 91.2 4:40p 71.1 6:10a 0.0 16.1 0.00 0.8 8.0 11:50a NW 13 78.6 89.7 4:30p 67.4 9:50p 0.0 13.6 0.40 1.5 21.0 8:20p NW 14 75.4 84.6 6:40p 66.3 6:50a 0.0 10.4 0.00 1.0 7.0 4:50p NW 15 72.3 82.4 5:00p 62.3 6:40a 0.0 7.3 0.00 1.0 10.0 11:50a S 16 73.3 84.0 5:30p 62.5 4:50a 0.0 8.3 0.00 1.3 12.0 6:20p SSE 17 74.8 82.2 2:10p 67.3 3:40a 0.0 9.8 2.69 0.8 13.0 12:30a NNW 18 74.7 82.4 2:30p 67.0 5:50a 0.0 9.7 0.29 1.0 14.0 5:10p SW 19 74.8 80.1 6:40p 69.4 6:40a 0.0 9.8 0.00 0.7 7.0 3:50p SW 20 73.3 80.9 4:00p 65.6 6:30a 0.0 8.3 0.00 1.1 13.0 1:20p N 21 73.7 83.0 6:50p 64.3 6:20a 0.0 8.7 0.00 0.9 10.0 2:00p N 22 73.3 83.4 6:50p 63.3 6:50a 0.0 8.3 0.00 0.7 9.0 2:20p SSE 23 74.4 82.9 5:00p 66.0 6:20a 0.0 9.4 0.00 0.9 8.0 1:30p SW 24 76.8 85.7 4:50p 67.8 7:00a 0.0 11.8 0.00 0.7 10.0 2:30p S 25 77.6 86.2 6:50p 68.9 5:40a 0.0 12.6 0.00 0.9 12.0 8:20p SW 26 78.5 87.2 2:30p 69.8 4:10a 0.0 13.5 0.00 1.0 10.0 9:10a SW 27 78.7 85.7 6:00p 71.7 11:50p 0.0 13.7 1.27 1.4 11.0 9:30a NW 28 79.6 88.8 3:00p 70.4 6:30a 0.0 14.6 0.05 1.4 27.0 3:40p SW 29 77.4 84.8 3:50p 70.0 5:00a 0.0 12.4 0.16 0.9 10.0 1:20p SW 30 75.8 82.4 1:40p 69.1 7:10a 0.0 10.8 0.01 0.9 9.0 4:30p SW ------------------------------------------------------------------------------------- 75.6 91.2 12 62.3 15 0.0 316.8 9.52 1.0 27.0 28 SW Max >= 90.0: 1 Max <= 32.0: 0 Min <= 32.0: 0 Min <= 0.0: 0 Max Rain: 2.69 ON 06/17/13 Days of Rain: 13 (>.01 in) 12 (>.1 in) 4 (>1 in) Heat Base: 65.0 Cool Base: 65.0 Method: (High + Low) / 2