NOAA-style Climate Reports
2024: Jan | Feb | Mar | Apr | May | Jun | Jul | Aug | Sep | Oct | Nov | Dec
2023: Jan | Feb | Mar | Apr | May | Jun | Jul | Aug | Sep | Oct | Nov | Dec
2022: Jan | Feb | Mar | Apr | May | Jun | Jul | Aug | Sep | Oct | Nov | Dec
2021: Jan | Feb | Mar | Apr | May | Jun | Jul | Aug | Sep | Oct | Nov | Dec
2020: Jan | Feb | Mar | Apr | May | Jun | Jul | Aug | Sep | Oct | Nov | Dec
2019: Jan | Feb | Mar | Apr | May | Jun | Jul | Aug | Sep | Oct | Nov | Dec
2018: Jan | Feb | Mar | Apr | May | Jun | Jul | Aug | Sep | Oct | Nov | Dec
2017: Jan | Feb | Mar | Apr | May | Jun | Jul | Aug | Sep | Oct | Nov | Dec
2016: Jan | Feb | Mar | Apr | May | Jun | Jul | Aug | Sep | Oct | Nov | Dec
2015: Jan | Feb | Mar | Apr | May | Jun | Jul | Aug | Sep | Oct | Nov | Dec
2014: Jan | Feb | Mar | Apr | May | Jun | Jul | Aug | Sep | Oct | Nov | Dec
2013: Jan | Feb | Mar | Apr | May | Jun | Jul | Aug | Sep | Oct | Nov | Dec
2012: Jan | Feb | Mar | Apr | May | Jun | Jul | Aug | Sep | Oct | Nov | Dec
2011: Jan | Feb | Mar | Apr | May | Jun | Jul | Aug | Sep | Oct | Nov | Dec
2010: Jan | Feb | Mar | Apr | May | Jun | Jul | Aug | Sep | Oct | Nov | Dec
2009: Jan | Feb | Mar | Apr | May | Jun | Jul | Aug | Sep | Oct | Nov | Dec
2008: Jan | Feb | Mar | Apr | May | Jun | Jul | Aug | Sep | Oct | Nov | Dec
2007: Jan | Feb | Mar | Apr | May | Jun | Jul | Aug | Sep | Oct | Nov | Dec
2006: Jan | Feb | Mar | Apr | May | Jun | Jul | Aug | Sep | Oct | Nov | Dec
2005: Jan | Feb | Mar | Apr | May | Jun | Jul | Aug | Sep | Oct | Nov | Dec
Report for 2013 07
MONTHLY CLIMATOLOGICAL SUMMARY for JUL. 2013
NAME: ConyersWX CITY: Conyers STATE: GA
ELEV: 840 ft LAT: 33° 42' 12" N LONG: 84° 02' 13" W
TEMPERATURE (°F), RAIN (in), WIND SPEED (mph)
HEAT COOL AVG
MEAN DEG DEG WIND DOM
DAY TEMP HIGH TIME LOW TIME DAYS DAYS RAIN SPEED HIGH TIME DIR
------------------------------------------------------------------------------------
1 73.9 81.0 4:10p 66.8 2:30a 0.0 8.9 0.01 1.0 13.0 1:50p SSW
2 76.8 84.0 6:50p 69.5 4:30a 0.0 11.8 0.00 2.3 13.0 11:30a SW
3 72.1 76.1 1:50p 68.0 10:30p 0.0 7.1 0.91 1.4 12.0 2:50p S
4 71.8 76.0 4:10p 67.7 1:20a 0.0 6.8 0.36 1.1 12.0 12:10p S
5 74.4 80.2 3:20p 68.7 12:00m 0.0 9.4 1.53 1.1 13.0 7:20p SSE
6 75.6 82.4 3:20p 68.7 12:10a 0.0 10.6 0.26 1.4 15.0 12:00p S
7 74.4 78.9 1:40p 69.8 3:20a 0.0 9.4 0.02 0.4 7.0 8:20a SSW
8 76.8 84.8 5:50p 68.8 6:40a 0.0 11.8 0.01 0.6 7.0 4:40p SW
9 78.0 84.6 2:20p 71.4 5:30a 0.0 13.0 0.04 0.7 10.0 5:00p SW
10 77.7 84.4 5:10p 70.9 12:00m 0.0 12.7 0.77 0.6 11.0 7:00p SW
11 74.0 77.2 7:00p 70.8 12:10a 0.0 9.0 0.00 0.5 8.0 12:00p S
12 77.2 84.3 2:30p 70.0 7:20p 0.0 12.2 0.01 0.7 9.0 2:30p SSW
13 72.3 76.6 3:40p 67.9 4:30a 0.0 7.3 0.04 1.2 11.0 8:40p NNE
14 76.2 81.8 4:10p 70.5 1:00a 0.0 11.2 0.12 1.3 11.0 6:50p SE
15 76.8 83.0 3:30p 70.7 12:00m 0.0 11.8 0.40 1.3 15.0 4:20p SSE
16 77.0 84.4 6:50p 69.6 4:20a 0.0 12.0 0.01 0.8 11.0 3:00p NE
17 78.6 88.2 5:20p 69.1 7:20a 0.0 13.6 1.06 1.1 16.0 7:00p SE
18 76.4 84.8 6:20p 68.0 7:00a 0.0 11.4 0.03 0.8 7.0 12:40p WSW
19 79.1 87.2 6:50p 71.0 6:10a 0.0 14.1 0.00 0.8 8.0 3:40p SW
20 77.4 83.6 2:40p 71.3 6:30p 0.0 12.4 1.54 1.0 15.0 5:20p SW
21 78.1 85.6 5:10p 70.5 4:50a 0.0 13.1 0.29 0.3 14.0 5:40p SW
22 76.8 83.7 6:00p 70.0 6:10a 0.0 11.8 0.00 0.3 12.0 6:10p SW
23 76.9 82.8 4:00p 70.9 7:20a 0.0 11.9 0.05 0.1 8.0 10:30a WNW
24 76.2 82.6 6:30p 69.8 6:30a 0.0 11.2 0.01 0.0 8.0 12:30p NW
25 77.2 84.9 3:10p 69.4 7:10a 0.0 12.2 0.09 0.0 5.0 6:30p NW
26 76.7 85.1 3:40p 68.3 5:40a 0.0 11.7 0.00 0.3 12.0 5:00p SSW
27 75.9 81.0 1:40p 70.9 6:30a 0.0 10.9 0.00 0.1 9.0 7:40a SW
28 75.3 83.6 4:30p 67.1 7:10a 0.0 10.3 0.00 0.0 5.0 4:10p SW
29 76.3 84.7 4:00p 67.9 12:00m 0.0 11.3 0.00 0.0 5.0 3:50p NW
30 73.7 85.8 3:40p 61.6 5:30a 0.0 8.7 0.00 0.0 4.0 10:50a NNW
31 72.6 75.6 7:10p 69.6 7:10a 0.0 7.6 0.18 0.1 7.0 10:40a SSW
-------------------------------------------------------------------------------------
75.9 88.2 17 61.6 30 0.0 337.1 7.74 0.7 16.0 17 SW
Max >= 90.0: 0
Max <= 32.0: 0
Min <= 32.0: 0
Min <= 0.0: 0
Max Rain: 1.54 ON 07/20/13
Days of Rain: 17 (>.01 in) 11 (>.1 in) 3 (>1 in)
Heat Base: 65.0 Cool Base: 65.0 Method: (High + Low) / 2