NOAA-style Climate Reports

2024: Jan | Feb | Mar | Apr | May | Jun | Jul | Aug | Sep | Oct | Nov | Dec 
2023: Jan | Feb | Mar | Apr | May | Jun | Jul | Aug | Sep | Oct | Nov | Dec 
2022: Jan | Feb | Mar | Apr | May | Jun | Jul | Aug | Sep | Oct | Nov | Dec 
2021: Jan | Feb | Mar | Apr | May | Jun | Jul | Aug | Sep | Oct | Nov | Dec 
2020: Jan | Feb | Mar | Apr | May | Jun | Jul | Aug | Sep | Oct | Nov | Dec 
2019: Jan | Feb | Mar | Apr | May | Jun | Jul | Aug | Sep | Oct | Nov | Dec 
2018: Jan | Feb | Mar | Apr | May | Jun | Jul | Aug | Sep | Oct | Nov | Dec 
2017: Jan | Feb | Mar | Apr | May | Jun | Jul | Aug | Sep | Oct | Nov | Dec 
2016: Jan | Feb | Mar | Apr | May | Jun | Jul | Aug | Sep | Oct | Nov | Dec 
2015: Jan | Feb | Mar | Apr | May | Jun | Jul | Aug | Sep | Oct | Nov | Dec 
2014: Jan | Feb | Mar | Apr | May | Jun | Jul | Aug | Sep | Oct | Nov | Dec 
2013: Jan | Feb | Mar | Apr | May | Jun | Jul | Aug | Sep | Oct | Nov | Dec 
2012: Jan | Feb | Mar | Apr | May | Jun | Jul | Aug | Sep | Oct | Nov | Dec 
2011: Jan | Feb | Mar | Apr | May | Jun | Jul | Aug | Sep | Oct | Nov | Dec 
2010: Jan | Feb | Mar | Apr | May | Jun | Jul | Aug | Sep | Oct | Nov | Dec 
2009: Jan | Feb | Mar | Apr | May | Jun | Jul | Aug | Sep | Oct | Nov | Dec 
2008: Jan | Feb | Mar | Apr | May | Jun | Jul | Aug | Sep | Oct | Nov | Dec 
2007: Jan | Feb | Mar | Apr | May | Jun | Jul | Aug | Sep | Oct | Nov | Dec 
2006: Jan | Feb | Mar | Apr | May | Jun | Jul | Aug | Sep | Oct | Nov | Dec 
2005: Jan | Feb | Mar | Apr | May | Jun | Jul | Aug | Sep | Oct | Nov | Dec 

Report for 2014 02
MONTHLY CLIMATOLOGICAL SUMMARY for FEB. 2014 NAME: ConyersWX CITY: Conyers STATE: GA ELEV: 840 ft LAT: 33 42' 12" N LONG: 84 02' 13" W TEMPERATURE (F), RAIN (in), WIND SPEED (mph) HEAT COOL AVG MEAN DEG DEG WIND DOM DAY TEMP HIGH TIME LOW TIME DAYS DAYS RAIN SPEED HIGH TIME DIR ------------------------------------------------------------------------------------ 1 41.8 58.0 3:50p 25.5 3:30a 23.3 0.0 0.02 0.0 6.0 1:40p S 2 55.9 69.3 3:50p 42.5 1:10a 9.1 0.0 0.00 0.3 13.0 10:50p SSW 3 51.1 63.6 12:10a 38.6 12:00m 13.9 0.0 0.29 2.2 16.0 10:00a NNW 4 41.6 46.3 12:20p 36.9 3:50a 23.4 0.0 0.02 0.9 13.0 12:10p NE 5 41.6 50.7 11:30a 32.5 12:00m 23.4 0.0 0.42 3.5 20.0 12:00p NNW 6 35.5 42.5 3:50p 28.4 3:50a 29.5 0.0 0.00 1.6 17.0 12:20a NNW 7 39.3 51.3 4:10p 27.3 7:00a 25.7 0.0 0.00 0.0 7.0 2:50p NNW 8 47.5 58.8 3:30p 36.2 3:00a 17.5 0.0 0.00 0.4 10.0 3:20p NNW 9 48.1 61.8 4:30p 34.4 3:30a 16.9 0.0 0.00 0.7 14.0 11:50a WSW 10 43.5 50.6 10:50a 36.5 3:10a 21.5 0.0 0.00 0.7 10.0 7:50p NNW 11 36.8 39.9 3:30a 33.7 12:00m 28.2 0.0 0.46 2.4 15.0 3:20p NE 12 30.6 33.8 12:10a 27.4 9:20p 34.4 0.0 0.44 0.4 17.0 3:10a NE 13 35.8 43.8 5:00p 27.7 12:10a 29.3 0.0 0.22 2.1 25.0 1:30p NNW 14 43.2 56.1 3:40p 30.3 7:40a 21.8 0.0 0.76 1.1 15.0 11:00p WSW 15 38.9 46.9 4:00p 30.9 12:00m 26.1 0.0 0.15 4.0 25.0 8:10a NNW 16 44.8 62.0 3:40p 27.7 1:30a 20.2 0.0 0.00 0.5 11.0 1:40p NNW 17 48.4 66.1 4:20p 30.8 5:50a 16.6 0.0 0.01 0.7 13.0 1:10p SSW 18 54.9 71.9 4:10p 37.9 8:00a 10.1 0.0 0.02 0.4 9.0 2:10p SSW 19 62.0 68.6 1:50p 55.5 11:50p 3.0 0.0 0.00 1.9 18.0 1:30p WSW 20 64.6 75.6 3:50p 53.5 6:00a 0.4 0.0 0.00 2.2 19.0 1:50p S 21 51.3 64.1 12:10a 38.4 11:50p 13.8 0.0 1.17 3.8 19.0 4:10a NNW 22 48.1 63.9 4:10p 32.3 6:10a 16.9 0.0 0.00 0.7 10.0 11:10a NW 23 52.5 69.4 4:00p 35.6 7:20a 12.5 0.0 0.00 1.1 11.0 4:20p SW 24 54.9 65.3 3:00p 44.4 7:40a 10.1 0.0 0.00 2.3 13.0 2:00p NNW 25 49.5 61.4 4:00p 37.5 7:10a 15.5 0.0 0.01 1.7 13.0 1:50p NW 26 41.3 48.9 12:10a 33.8 12:00m 23.7 0.0 0.20 3.4 16.0 9:10p NNW 27 37.3 49.0 4:00p 25.7 7:20a 27.7 0.0 0.00 3.6 15.0 12:00p NNW 28 41.0 55.2 3:00p 26.9 7:40a 24.0 0.0 0.00 1.8 14.0 8:50a NNW ------------------------------------------------------------------------------------- 45.8 75.6 20 25.5 1 538.2 0.0 4.19 1.6 25.0 13 NNW Max >= 90.0: 0 Max <= 32.0: 0 Min <= 32.0: 11 Min <= 0.0: 0 Max Rain: 1.17 ON 02/21/14 Days of Rain: 12 (>.01 in) 9 (>.1 in) 1 (>1 in) Heat Base: 65.0 Cool Base: 65.0 Method: (High + Low) / 2