NOAA-style Climate Reports
2024: Jan | Feb | Mar | Apr | May | Jun | Jul | Aug | Sep | Oct | Nov | Dec
2023: Jan | Feb | Mar | Apr | May | Jun | Jul | Aug | Sep | Oct | Nov | Dec
2022: Jan | Feb | Mar | Apr | May | Jun | Jul | Aug | Sep | Oct | Nov | Dec
2021: Jan | Feb | Mar | Apr | May | Jun | Jul | Aug | Sep | Oct | Nov | Dec
2020: Jan | Feb | Mar | Apr | May | Jun | Jul | Aug | Sep | Oct | Nov | Dec
2019: Jan | Feb | Mar | Apr | May | Jun | Jul | Aug | Sep | Oct | Nov | Dec
2018: Jan | Feb | Mar | Apr | May | Jun | Jul | Aug | Sep | Oct | Nov | Dec
2017: Jan | Feb | Mar | Apr | May | Jun | Jul | Aug | Sep | Oct | Nov | Dec
2016: Jan | Feb | Mar | Apr | May | Jun | Jul | Aug | Sep | Oct | Nov | Dec
2015: Jan | Feb | Mar | Apr | May | Jun | Jul | Aug | Sep | Oct | Nov | Dec
2014: Jan | Feb | Mar | Apr | May | Jun | Jul | Aug | Sep | Oct | Nov | Dec
2013: Jan | Feb | Mar | Apr | May | Jun | Jul | Aug | Sep | Oct | Nov | Dec
2012: Jan | Feb | Mar | Apr | May | Jun | Jul | Aug | Sep | Oct | Nov | Dec
2011: Jan | Feb | Mar | Apr | May | Jun | Jul | Aug | Sep | Oct | Nov | Dec
2010: Jan | Feb | Mar | Apr | May | Jun | Jul | Aug | Sep | Oct | Nov | Dec
2009: Jan | Feb | Mar | Apr | May | Jun | Jul | Aug | Sep | Oct | Nov | Dec
2008: Jan | Feb | Mar | Apr | May | Jun | Jul | Aug | Sep | Oct | Nov | Dec
2007: Jan | Feb | Mar | Apr | May | Jun | Jul | Aug | Sep | Oct | Nov | Dec
2006: Jan | Feb | Mar | Apr | May | Jun | Jul | Aug | Sep | Oct | Nov | Dec
2005: Jan | Feb | Mar | Apr | May | Jun | Jul | Aug | Sep | Oct | Nov | Dec
Report for 2015
ANNUAL CLIMATOLOGICAL SUMMARY
NAME: Conyers2 CITY: Snellville STATE: GA
ELEV: 1060 ft LAT: 33° 50' 59" N LONG: 84° 02' 47" W
TEMPERATURE (°F), HEAT BASE 65.0, COOL BASE 65.0
DEP. HEAT COOL
MEAN MEAN FROM DEG DEG MAX MAX MIN MIN
YR MO MAX MIN MEAN NORM DAYS DAYS HI DATE LOW DATE >=90 <=32 <=32 <=0
------------------------------------------------------------------------------------
15 1 51.7 31.5 41.4 0.0 733 0 67.4 20 11.8 8 0 0 16 0
15 2 50.6 29.0 39.4 0.0 718 0 69.2 8 14.7 19 0 1 22 0
15 3 67.8 44.7 55.3 0.0 336 37 83.6 16 25.3 29 0 0 5 0
15 4 74.7 54.6 64.1 0.0 118 90 87.5 8 42.7 22 0 0 0 0
15 5 83.4 59.0 70.2 0.0 52 212 91.7 11 46.3 2 1 0 0 0
15 6 88.7 68.0 77.0 0.0 4 364 96.3 18 59.6 29 12 0 0 0
15 7 91.0 70.7 79.6 0.0 0 451 97.4 28 66.6 2 23 0 0 0
15 8 87.9 68.8 76.8 0.0 2 368 98.1 5 59.5 26 9 0 0 0
15 9 80.1 63.5 70.9 0.0 29 206 90.6 4 48.7 14 1 0 0 0
15 10 70.7 52.3 60.4 0.0 190 47 79.9 9 36.9 20 0 0 0 0
15 11 64.9 47.4 55.4 0.0 304 16 77.9 6 28.4 23 0 0 3 0
15 12 64.7 46.9 55.0 0.0 330 20 77.5 26 27.4 19 0 0 3 0
------------------------------------------------------------------------------------
73.2 53.2 62.2 0.0 2814 1810 98.1 AUG 11.8 JAN 46 1 49 0
PRECIPITATION (in)
DEP. MAX DAYS OF RAIN
FROM OBS. OVER
YR MO TOTAL NORM DAY DATE .01 .1 1
---------------------------------------------
15 1 2.86 0.00 0.90 23 11 5 0
15 2 4.45 0.00 1.13 16 11 9 1
15 3 2.97 0.00 0.81 22 9 7 0
15 4 8.18 0.00 0.94 13 14 14 0
15 5 4.02 0.00 1.23 28 12 6 2
15 6 3.35 0.00 1.04 9 9 6 1
15 7 4.38 0.00 1.18 4 11 9 1
15 8 5.30 0.00 1.59 30 12 8 1
15 9 3.49 0.00 1.05 24 7 6 1
15 10 4.30 0.00 1.79 10 8 8 1
15 11 7.52 0.00 2.26 2 11 7 3
15 12 10.82 0.00 1.99 24 13 13 5
---------------------------------------------
61.64 0.00 2.26 NOV 128 98 16
WIND SPEED (mph)
DOM
YR MO AVG. HI DATE DIR
---------------------------------
15 1 2.3 29.0 7 NNW
15 2 2.8 27.0 2 NNW
15 3 2.1 24.0 5 NNW
15 4 1.7 24.0 20 WSW
15 5 1.1 22.0 20 NE
15 6 1.2 29.0 18 WSW
15 7 1.1 19.0 4 WSW
15 8 0.9 20.0 23 NE
15 9 1.1 19.0 24 NE
15 10 1.2 24.0 4 NE
15 11 1.5 21.0 8 NE
15 12 1.5 27.0 24 NNW
---------------------------------
1.5 29.0 JAN NNW