NOAA-style Climate Reports
2024: Jan | Feb | Mar | Apr | May | Jun | Jul | Aug | Sep | Oct | Nov | Dec
2023: Jan | Feb | Mar | Apr | May | Jun | Jul | Aug | Sep | Oct | Nov | Dec
2022: Jan | Feb | Mar | Apr | May | Jun | Jul | Aug | Sep | Oct | Nov | Dec
2021: Jan | Feb | Mar | Apr | May | Jun | Jul | Aug | Sep | Oct | Nov | Dec
2020: Jan | Feb | Mar | Apr | May | Jun | Jul | Aug | Sep | Oct | Nov | Dec
2019: Jan | Feb | Mar | Apr | May | Jun | Jul | Aug | Sep | Oct | Nov | Dec
2018: Jan | Feb | Mar | Apr | May | Jun | Jul | Aug | Sep | Oct | Nov | Dec
2017: Jan | Feb | Mar | Apr | May | Jun | Jul | Aug | Sep | Oct | Nov | Dec
2016: Jan | Feb | Mar | Apr | May | Jun | Jul | Aug | Sep | Oct | Nov | Dec
2015: Jan | Feb | Mar | Apr | May | Jun | Jul | Aug | Sep | Oct | Nov | Dec
2014: Jan | Feb | Mar | Apr | May | Jun | Jul | Aug | Sep | Oct | Nov | Dec
2013: Jan | Feb | Mar | Apr | May | Jun | Jul | Aug | Sep | Oct | Nov | Dec
2012: Jan | Feb | Mar | Apr | May | Jun | Jul | Aug | Sep | Oct | Nov | Dec
2011: Jan | Feb | Mar | Apr | May | Jun | Jul | Aug | Sep | Oct | Nov | Dec
2010: Jan | Feb | Mar | Apr | May | Jun | Jul | Aug | Sep | Oct | Nov | Dec
2009: Jan | Feb | Mar | Apr | May | Jun | Jul | Aug | Sep | Oct | Nov | Dec
2008: Jan | Feb | Mar | Apr | May | Jun | Jul | Aug | Sep | Oct | Nov | Dec
2007: Jan | Feb | Mar | Apr | May | Jun | Jul | Aug | Sep | Oct | Nov | Dec
2006: Jan | Feb | Mar | Apr | May | Jun | Jul | Aug | Sep | Oct | Nov | Dec
2005: Jan | Feb | Mar | Apr | May | Jun | Jul | Aug | Sep | Oct | Nov | Dec
Report for 2015 07
MONTHLY CLIMATOLOGICAL SUMMARY for JUL. 2015
NAME: ConyersWX CITY: Conyers STATE: GA
ELEV: 840 ft LAT: 33° 42' 12" N LONG: 84° 02' 13" W
TEMPERATURE (°F), RAIN (in), WIND SPEED (mph)
HEAT COOL AVG
MEAN DEG DEG WIND DOM
DAY TEMP HIGH TIME LOW TIME DAYS DAYS RAIN SPEED HIGH TIME DIR
------------------------------------------------------------------------------------
1 75.9 83.8 5:20p 68.1 5:40a 0.0 10.9 0.31 0.3 10.0 11:20a WSW
2 75.6 85.1 2:20p 66.2 5:50a 0.0 10.6 0.02 0.6 14.0 12:50p WSW
3 73.6 78.1 4:40p 69.1 10:40a 0.0 8.6 0.56 0.4 19.0 10:00a WSW
4 74.9 82.8 5:50p 66.9 7:30a 0.0 9.9 0.64 0.5 15.0 3:30a WSW
5 75.6 83.3 6:00p 67.8 7:00a 0.0 10.6 0.00 0.5 10.0 1:10p SW
6 76.6 83.6 3:40p 69.7 5:50a 0.0 11.6 0.00 0.2 8.0 1:20p SW
7 78.4 88.5 5:30p 68.4 7:20a 0.0 13.4 0.00 0.3 10.0 3:40p WSW
8 79.4 88.9 4:20p 69.9 7:00a 0.0 14.4 0.00 0.2 10.0 3:40p SW
9 80.7 90.9 5:40p 70.5 6:50a 0.0 15.7 0.00 0.2 7.0 12:00p WSW
10 81.8 92.0 4:40p 71.5 7:00a 0.0 16.8 0.00 0.2 7.0 2:10p SW
11 81.8 92.1 4:10p 71.5 7:00a 0.0 16.8 0.00 0.7 11.0 7:30p NNW
12 80.6 91.7 4:20p 69.6 4:50a 0.0 15.6 0.00 0.6 10.0 1:40p N
13 81.7 92.3 4:50p 71.0 6:40a 0.0 16.7 0.20 0.2 10.0 1:20a SW
14 79.8 90.1 3:50p 69.5 11:50p 0.0 14.8 0.46 0.7 13.0 10:50a WSW
15 78.7 88.5 5:40p 68.8 5:10a 0.0 13.7 0.02 0.8 13.0 3:30p WSW
16 79.3 88.5 5:50p 70.2 7:00a 0.0 14.3 0.00 0.4 8.0 10:50a NE
17 80.6 90.7 5:30p 70.6 7:10a 0.0 15.6 0.00 0.5 8.0 11:00a NE
18 81.8 92.2 3:10p 71.4 7:20a 0.0 16.8 0.00 0.1 17.0 5:50p ESE
19 81.9 91.5 3:10p 72.3 6:40a 0.0 16.9 0.26 0.1 10.0 3:30p WSW
20 82.8 92.5 4:50p 73.1 4:40a 0.0 17.8 0.00 0.3 12.0 4:10p SW
21 83.6 91.8 3:40p 75.4 7:00a 0.0 18.6 0.00 0.6 13.0 12:50p WSW
22 81.9 91.4 4:10p 72.3 7:00a 0.0 16.9 0.03 0.3 12.0 8:20p NNW
23 79.4 87.4 2:20p 71.5 6:50a 0.0 14.4 0.19 0.2 15.0 3:20p WSW
24 81.5 89.8 5:50p 73.2 4:20a 0.0 16.5 0.01 0.5 10.0 3:10p N
25 80.5 88.7 5:10p 72.3 5:50a 0.0 15.5 0.00 0.4 9.0 1:50p NNE
26 80.0 90.5 3:00p 69.5 7:20a 0.0 15.0 0.00 0.0 1.0 4:30a ESE
27 82.0 93.1 3:00p 70.9 6:10a 0.0 17.0 0.00 0.0 3.0 7:30a S
28 83.2 93.4 3:10p 72.9 7:00a 0.0 18.2 0.00 0.4 11.0 4:20p NNE
29 83.2 93.0 4:30p 73.3 6:20a 0.0 18.2 0.30 0.4 9.0 1:00p NE
30 82.3 91.6 3:30p 73.1 6:40a 0.0 17.3 0.00 0.2 8.0 2:10p SW
31 82.3 91.2 6:00p 73.3 7:00a 0.0 17.3 0.66 1.0 12.0 10:50a NNE
-------------------------------------------------------------------------------------
80.0 93.4 28 66.2 2 0.0 466.4 3.66 0.4 19.0 3 WSW
Max >= 90.0: 18
Max <= 32.0: 0
Min <= 32.0: 0
Min <= 0.0: 0
Max Rain: 0.66 ON 07/31/15
Days of Rain: 12 (>.01 in) 9 (>.1 in) 0 (>1 in)
Heat Base: 65.0 Cool Base: 65.0 Method: (High + Low) / 2