NOAA-style Climate Reports

2024: Jan | Feb | Mar | Apr | May | Jun | Jul | Aug | Sep | Oct | Nov | Dec 
2023: Jan | Feb | Mar | Apr | May | Jun | Jul | Aug | Sep | Oct | Nov | Dec 
2022: Jan | Feb | Mar | Apr | May | Jun | Jul | Aug | Sep | Oct | Nov | Dec 
2021: Jan | Feb | Mar | Apr | May | Jun | Jul | Aug | Sep | Oct | Nov | Dec 
2020: Jan | Feb | Mar | Apr | May | Jun | Jul | Aug | Sep | Oct | Nov | Dec 
2019: Jan | Feb | Mar | Apr | May | Jun | Jul | Aug | Sep | Oct | Nov | Dec 
2018: Jan | Feb | Mar | Apr | May | Jun | Jul | Aug | Sep | Oct | Nov | Dec 
2017: Jan | Feb | Mar | Apr | May | Jun | Jul | Aug | Sep | Oct | Nov | Dec 
2016: Jan | Feb | Mar | Apr | May | Jun | Jul | Aug | Sep | Oct | Nov | Dec 
2015: Jan | Feb | Mar | Apr | May | Jun | Jul | Aug | Sep | Oct | Nov | Dec 
2014: Jan | Feb | Mar | Apr | May | Jun | Jul | Aug | Sep | Oct | Nov | Dec 
2013: Jan | Feb | Mar | Apr | May | Jun | Jul | Aug | Sep | Oct | Nov | Dec 
2012: Jan | Feb | Mar | Apr | May | Jun | Jul | Aug | Sep | Oct | Nov | Dec 
2011: Jan | Feb | Mar | Apr | May | Jun | Jul | Aug | Sep | Oct | Nov | Dec 
2010: Jan | Feb | Mar | Apr | May | Jun | Jul | Aug | Sep | Oct | Nov | Dec 
2009: Jan | Feb | Mar | Apr | May | Jun | Jul | Aug | Sep | Oct | Nov | Dec 
2008: Jan | Feb | Mar | Apr | May | Jun | Jul | Aug | Sep | Oct | Nov | Dec 
2007: Jan | Feb | Mar | Apr | May | Jun | Jul | Aug | Sep | Oct | Nov | Dec 
2006: Jan | Feb | Mar | Apr | May | Jun | Jul | Aug | Sep | Oct | Nov | Dec 
2005: Jan | Feb | Mar | Apr | May | Jun | Jul | Aug | Sep | Oct | Nov | Dec 

Report for 2015 09
MONTHLY CLIMATOLOGICAL SUMMARY for SEP. 2015 NAME: ConyersWX CITY: Conyers STATE: GA ELEV: 840 ft LAT: 33 42' 12" N LONG: 84 02' 13" W TEMPERATURE (F), RAIN (in), WIND SPEED (mph) HEAT COOL AVG MEAN DEG DEG WIND DOM DAY TEMP HIGH TIME LOW TIME DAYS DAYS RAIN SPEED HIGH TIME DIR ------------------------------------------------------------------------------------ 1 75.9 86.1 3:30p 65.7 6:00a 0.0 10.9 0.00 0.0 1.0 9:00a N 2 77.6 87.2 4:30p 67.9 7:30a 0.0 12.6 0.00 0.0 0.0 --- --- 3 79.0 86.3 2:00p 71.7 7:00a 0.0 14.0 0.00 0.0 8.0 12:00p NNE 4 79.6 90.5 3:30p 68.7 4:30a 0.0 14.6 0.01 0.1 6.0 2:30p NNE 5 76.7 85.0 3:00p 68.4 8:00a 0.0 11.7 0.00 0.6 11.0 12:30p NNE 6 76.2 84.4 3:00p 68.0 3:30a 0.0 11.2 0.00 0.6 16.0 11:00a NNE 7 75.6 85.2 3:00p 65.9 5:00a 0.0 10.6 0.00 0.7 14.0 4:00p NNE 8 75.9 82.7 2:00p 69.2 4:30a 0.0 10.9 0.01 0.4 12.0 4:30p NNE 9 78.9 85.4 4:30p 72.3 3:00a 0.0 13.9 0.27 0.1 11.0 12:00m SW 10 76.3 84.6 3:00p 68.1 11:30p 0.0 11.3 0.25 0.1 14.0 4:30p WSW 11 76.1 84.2 5:30p 68.0 1:30a 0.0 11.1 0.00 0.3 8.0 1:30p SW 12 69.2 75.6 4:30p 62.8 12:00m 0.0 4.2 0.01 0.1 12.0 7:00p NW 13 63.2 72.9 4:30p 53.5 6:30a 1.8 0.0 0.00 0.7 11.0 3:00p NNW 14 62.8 76.6 3:30p 48.9 8:00a 2.3 0.0 0.00 0.4 11.0 11:00a NNE 15 66.0 79.3 3:00p 52.7 7:30a 0.0 1.0 0.00 0.4 13.0 1:00p NNE 16 66.7 76.3 4:30p 57.1 5:00a 0.0 1.7 0.00 0.6 16.0 2:00p NNE 17 69.8 81.2 3:30p 58.5 8:00a 0.0 4.8 0.00 0.8 12.0 11:00a NNE 18 69.8 81.8 3:00p 57.7 8:00a 0.0 4.8 0.00 1.0 15.0 12:30p NE 19 71.7 84.4 2:30p 59.0 7:00a 0.0 6.7 0.00 0.3 9.0 1:00p N 20 73.5 86.7 2:30p 60.3 8:00a 0.0 8.5 0.00 0.0 2.0 9:30p WSW 21 73.2 78.9 4:00p 67.5 8:30a 0.0 8.2 0.00 0.2 7.0 12:30p NNW 22 69.2 73.5 5:30p 64.8 12:00m 0.0 4.2 0.01 0.2 9.0 2:30p NNE 23 70.8 79.4 4:30p 62.1 6:00a 0.0 5.8 0.00 1.4 17.0 11:00a NNE 24 64.6 71.2 3:30p 57.9 10:00p 0.4 0.0 1.28 0.9 18.0 11:30a NE 25 62.2 65.6 12:00m 58.7 12:30a 2.8 0.0 0.35 0.1 10.0 4:30a NE 26 66.2 67.6 6:00p 64.8 8:00a 0.0 1.2 0.85 0.1 12.0 11:00p NNE 27 66.5 69.2 5:30p 63.8 7:00a 0.0 1.5 0.01 0.3 13.0 11:00a NNE 28 69.4 73.0 4:30p 65.8 6:00a 0.0 4.4 0.09 0.0 6.0 3:00a NNE 29 71.3 72.8 6:00p 69.8 12:00m 0.0 6.3 0.79 0.0 1.0 12:30a N 30 75.9 83.4 3:00p 68.4 12:00m 0.0 10.9 0.00 0.0 6.0 3:30p WNW ------------------------------------------------------------------------------------- 71.7 90.5 4 48.9 14 7.3 206.9 3.93 0.3 18.0 24 NNE Max >= 90.0: 1 Max <= 32.0: 0 Min <= 32.0: 0 Min <= 0.0: 0 Max Rain: 1.28 ON 09/24/15 Days of Rain: 7 (>.01 in) 6 (>.1 in) 1 (>1 in) Heat Base: 65.0 Cool Base: 65.0 Method: (High + Low) / 2