NOAA-style Climate Reports
2024: Jan | Feb | Mar | Apr | May | Jun | Jul | Aug | Sep | Oct | Nov | Dec
2023: Jan | Feb | Mar | Apr | May | Jun | Jul | Aug | Sep | Oct | Nov | Dec
2022: Jan | Feb | Mar | Apr | May | Jun | Jul | Aug | Sep | Oct | Nov | Dec
2021: Jan | Feb | Mar | Apr | May | Jun | Jul | Aug | Sep | Oct | Nov | Dec
2020: Jan | Feb | Mar | Apr | May | Jun | Jul | Aug | Sep | Oct | Nov | Dec
2019: Jan | Feb | Mar | Apr | May | Jun | Jul | Aug | Sep | Oct | Nov | Dec
2018: Jan | Feb | Mar | Apr | May | Jun | Jul | Aug | Sep | Oct | Nov | Dec
2017: Jan | Feb | Mar | Apr | May | Jun | Jul | Aug | Sep | Oct | Nov | Dec
2016: Jan | Feb | Mar | Apr | May | Jun | Jul | Aug | Sep | Oct | Nov | Dec
2015: Jan | Feb | Mar | Apr | May | Jun | Jul | Aug | Sep | Oct | Nov | Dec
2014: Jan | Feb | Mar | Apr | May | Jun | Jul | Aug | Sep | Oct | Nov | Dec
2013: Jan | Feb | Mar | Apr | May | Jun | Jul | Aug | Sep | Oct | Nov | Dec
2012: Jan | Feb | Mar | Apr | May | Jun | Jul | Aug | Sep | Oct | Nov | Dec
2011: Jan | Feb | Mar | Apr | May | Jun | Jul | Aug | Sep | Oct | Nov | Dec
2010: Jan | Feb | Mar | Apr | May | Jun | Jul | Aug | Sep | Oct | Nov | Dec
2009: Jan | Feb | Mar | Apr | May | Jun | Jul | Aug | Sep | Oct | Nov | Dec
2008: Jan | Feb | Mar | Apr | May | Jun | Jul | Aug | Sep | Oct | Nov | Dec
2007: Jan | Feb | Mar | Apr | May | Jun | Jul | Aug | Sep | Oct | Nov | Dec
2006: Jan | Feb | Mar | Apr | May | Jun | Jul | Aug | Sep | Oct | Nov | Dec
2005: Jan | Feb | Mar | Apr | May | Jun | Jul | Aug | Sep | Oct | Nov | Dec
Report for 2015 12
MONTHLY CLIMATOLOGICAL SUMMARY for DEC. 2015
NAME: ConyersWX CITY: Conyers STATE: GA
ELEV: 840 ft LAT: 33° 42' 12" N LONG: 84° 02' 13" W
TEMPERATURE (°F), RAIN (in), WIND SPEED (mph)
HEAT COOL AVG
MEAN DEG DEG WIND DOM
DAY TEMP HIGH TIME LOW TIME DAYS DAYS RAIN SPEED HIGH TIME DIR
------------------------------------------------------------------------------------
1 62.4 67.8 1:30p 57.0 7:30a 2.6 0.0 0.00 0.0 6.0 2:30p ESE
2 54.5 61.6 5:30a 47.5 12:00m 10.5 0.0 0.15 1.1 13.0 2:00p NNW
3 42.4 48.4 3:30p 36.4 12:00m 22.6 0.0 0.00 2.0 10.0 3:00a NNW
4 43.3 54.5 3:30p 32.2 7:30a 21.7 0.0 0.00 1.2 14.0 10:00a NE
5 44.0 57.8 3:30p 30.2 2:30a 21.0 0.0 0.00 0.9 15.0 10:30a NE
6 51.1 62.6 3:00p 39.6 7:30a 13.9 0.0 0.00 0.8 10.0 11:00a NE
7 51.8 64.4 3:00p 39.3 5:00a 13.2 0.0 0.00 0.7 13.0 2:30p NNW
8 50.5 65.0 3:30p 36.1 4:00a 14.5 0.0 0.00 0.2 7.0 2:00p NNW
9 49.0 66.1 3:00p 31.9 7:00a 16.0 0.0 0.00 0.5 14.0 1:30p SSW
10 57.4 67.4 3:30p 47.4 8:30a 7.6 0.0 0.00 0.5 12.0 1:30p WSW
11 62.5 72.3 4:00p 52.6 3:00a 2.5 0.0 0.00 0.4 13.0 1:30p SW
12 60.7 72.3 2:30p 49.0 8:00a 4.3 0.0 0.00 0.2 10.0 3:30p S
13 59.7 71.6 2:00p 47.7 7:30a 5.3 0.0 0.00 0.2 11.0 1:30p S
14 59.8 66.6 10:30a 53.1 12:00m 5.2 0.0 0.18 1.4 16.0 11:00a S
15 59.2 71.6 4:00p 46.7 6:00a 5.8 0.0 0.00 0.7 11.0 11:00a NNW
16 55.9 72.4 3:30p 39.4 7:30a 9.1 0.0 0.24 0.5 11.0 6:30p SSE
17 56.7 63.1 2:30p 50.3 12:00m 8.3 0.0 1.34 0.0 8.0 12:00m NNW
18 41.8 50.3 12:30a 33.2 12:00m 23.3 0.0 0.00 3.6 25.0 4:30p NNW
19 38.6 50.2 3:30p 27.0 8:00a 26.4 0.0 0.00 1.7 14.0 1:30p NNW
20 41.5 54.5 2:00p 28.5 8:00a 23.5 0.0 0.00 0.8 11.0 4:00p ESE
21 48.3 56.5 4:00p 40.0 1:00a 16.8 0.0 0.28 0.8 9.0 1:00p ESE
22 55.0 59.4 2:00p 50.6 12:30a 10.0 0.0 0.50 0.0 8.0 5:30a ENE
23 60.9 63.9 12:00m 57.9 12:30a 4.1 0.0 1.46 0.2 12.0 11:00p S
24 66.5 69.3 6:30a 63.7 11:30p 0.0 1.5 0.48 0.5 26.0 8:30a S
25 69.3 75.8 3:30p 62.7 11:00p 0.0 4.3 1.17 1.0 19.0 7:30a SSW
26 67.9 77.4 3:00p 58.4 8:00a 0.0 2.9 0.00 0.4 11.0 12:30p S
27 68.4 74.2 2:30p 62.6 2:00a 0.0 3.4 0.01 0.1 9.0 11:30a S
28 67.9 71.1 3:00p 64.8 1:00a 0.0 2.9 1.57 0.6 18.0 2:30p S
29 65.1 73.1 4:00p 57.0 12:00m 0.0 0.1 0.01 0.7 12.0 4:30a WSW
30 60.1 63.4 9:00a 56.8 12:30a 4.9 0.0 0.41 0.0 10.0 10:00a NNW
31 54.3 61.8 2:30p 46.9 12:00m 10.7 0.0 0.00 0.8 11.0 6:30p NNW
-------------------------------------------------------------------------------------
55.7 77.4 26 27.0 19 303.6 15.0 7.80 0.7 26.0 24 NNW
Max >= 90.0: 0
Max <= 32.0: 0
Min <= 32.0: 4
Min <= 0.0: 0
Max Rain: 1.57 ON 12/28/15
Days of Rain: 11 (>.01 in) 11 (>.1 in) 4 (>1 in)
Heat Base: 65.0 Cool Base: 65.0 Method: (High + Low) / 2