NOAA-style Climate Reports
2024: Jan | Feb | Mar | Apr | May | Jun | Jul | Aug | Sep | Oct | Nov | Dec
2023: Jan | Feb | Mar | Apr | May | Jun | Jul | Aug | Sep | Oct | Nov | Dec
2022: Jan | Feb | Mar | Apr | May | Jun | Jul | Aug | Sep | Oct | Nov | Dec
2021: Jan | Feb | Mar | Apr | May | Jun | Jul | Aug | Sep | Oct | Nov | Dec
2020: Jan | Feb | Mar | Apr | May | Jun | Jul | Aug | Sep | Oct | Nov | Dec
2019: Jan | Feb | Mar | Apr | May | Jun | Jul | Aug | Sep | Oct | Nov | Dec
2018: Jan | Feb | Mar | Apr | May | Jun | Jul | Aug | Sep | Oct | Nov | Dec
2017: Jan | Feb | Mar | Apr | May | Jun | Jul | Aug | Sep | Oct | Nov | Dec
2016: Jan | Feb | Mar | Apr | May | Jun | Jul | Aug | Sep | Oct | Nov | Dec
2015: Jan | Feb | Mar | Apr | May | Jun | Jul | Aug | Sep | Oct | Nov | Dec
2014: Jan | Feb | Mar | Apr | May | Jun | Jul | Aug | Sep | Oct | Nov | Dec
2013: Jan | Feb | Mar | Apr | May | Jun | Jul | Aug | Sep | Oct | Nov | Dec
2012: Jan | Feb | Mar | Apr | May | Jun | Jul | Aug | Sep | Oct | Nov | Dec
2011: Jan | Feb | Mar | Apr | May | Jun | Jul | Aug | Sep | Oct | Nov | Dec
2010: Jan | Feb | Mar | Apr | May | Jun | Jul | Aug | Sep | Oct | Nov | Dec
2009: Jan | Feb | Mar | Apr | May | Jun | Jul | Aug | Sep | Oct | Nov | Dec
2008: Jan | Feb | Mar | Apr | May | Jun | Jul | Aug | Sep | Oct | Nov | Dec
2007: Jan | Feb | Mar | Apr | May | Jun | Jul | Aug | Sep | Oct | Nov | Dec
2006: Jan | Feb | Mar | Apr | May | Jun | Jul | Aug | Sep | Oct | Nov | Dec
2005: Jan | Feb | Mar | Apr | May | Jun | Jul | Aug | Sep | Oct | Nov | Dec
Report for 2016
ANNUAL CLIMATOLOGICAL SUMMARY
NAME: ConyersWX CITY: Conyers STATE: GA
ELEV: 840 ft LAT: 33° 42' 12" N LONG: 84° 02' 13" W
TEMPERATURE (°F), HEAT BASE 65.0, COOL BASE 65.0
DEP. HEAT COOL
MEAN MEAN FROM DEG DEG MAX MAX MIN MIN
YR MO MAX MIN MEAN NORM DAYS DAYS HI DATE LOW DATE >=90 <=32 <=32 <=0
------------------------------------------------------------------------------------
16 1 50.6 32.1 41.3 0.0 734 0 66.1 30 20.7 19 0 0 17 0
16 2 57.9 37.0 47.5 0.0 508 0 74.7 2 22.8 10 0 0 12 0
16 3 71.3 46.1 58.7 0.0 215 20 85.6 15 31.5 22 0 0 1 0
16 4 74.4 50.5 62.4 0.0 123 47 87.4 29 33.4 10 0 0 0 0
16 5 80.9 58.4 69.7 0.0 30 174 93.8 31 44.0 6 2 0 0 0
16 6 93.3 68.9 81.1 0.0 0 484 102.1 25 57.4 9 21 0 0 0
16 7 95.8 72.0 83.9 0.0 0 586 104.4 3 67.5 12 31 0 0 0
16 8 92.3 71.7 82.0 0.0 0 527 102.6 6 66.9 23 24 0 0 0
16 9 88.8 65.8 77.3 0.0 2 370 96.3 8 51.5 30 13 0 0 0
16 10 80.3 53.7 67.0 0.0 43 105 88.6 19 40.2 23 0 0 0 0
16 11 68.7 43.0 55.8 0.0 283 8 82.7 3 29.1 27 0 0 2 0
16 12 56.1 38.3 47.2 0.0 552 0 74.5 25 23.8 10 0 0 8 0
------------------------------------------------------------------------------------
75.9 53.2 64.5 0.0 2489 2320 104.4 JUL 20.7 JAN 91 0 40 0
PRECIPITATION (in)
DEP. MAX DAYS OF RAIN
FROM OBS. OVER
YR MO TOTAL NORM DAY DATE .01 .1 1
---------------------------------------------
16 1 4.24 0.00 1.51 22 12 5 2
16 2 4.50 0.00 1.64 3 9 5 1
16 3 1.69 0.00 0.81 3 9 3 0
16 4 3.09 0.00 1.20 1 7 6 1
16 5 1.73 0.00 0.34 19 9 8 0
16 6 1.90 0.00 1.01 14 7 3 1
16 7 3.29 0.00 0.71 6 10 9 0
16 8 3.38 0.00 1.01 24 9 7 1
16 9 1.64 0.00 0.79 18 3 3 0
16 10 0.01 0.00 0.01 16 0 0 0
16 11 2.52 0.00 1.74 29 2 2 1
16 12 2.46 0.00 0.72 5 9 6 0
---------------------------------------------
30.45 0.00 1.74 NOV 86 57 7
WIND SPEED (mph)
DOM
YR MO AVG. HI DATE DIR
---------------------------------
16 1 2.3 25.0 23 NNW
16 2 2.8 33.0 24 NNW
16 3 1.9 25.0 24 NNW
16 4 1.4 20.0 2 WSW
16 5 1.2 21.0 6 NNW
16 6 1.1 20.0 14 NE
16 7 1.0 23.0 6 WSW
16 8 1.0 19.0 28 WSW
16 9 1.0 20.0 2 NE
16 10 1.3 23.0 21 NE
16 11 1.3 23.0 28 NNW
16 12 1.9 24.0 29 NNW
---------------------------------
1.5 33.0 FEB NNW