NOAA-style Climate Reports
2024: Jan | Feb | Mar | Apr | May | Jun | Jul | Aug | Sep | Oct | Nov | Dec
2023: Jan | Feb | Mar | Apr | May | Jun | Jul | Aug | Sep | Oct | Nov | Dec
2022: Jan | Feb | Mar | Apr | May | Jun | Jul | Aug | Sep | Oct | Nov | Dec
2021: Jan | Feb | Mar | Apr | May | Jun | Jul | Aug | Sep | Oct | Nov | Dec
2020: Jan | Feb | Mar | Apr | May | Jun | Jul | Aug | Sep | Oct | Nov | Dec
2019: Jan | Feb | Mar | Apr | May | Jun | Jul | Aug | Sep | Oct | Nov | Dec
2018: Jan | Feb | Mar | Apr | May | Jun | Jul | Aug | Sep | Oct | Nov | Dec
2017: Jan | Feb | Mar | Apr | May | Jun | Jul | Aug | Sep | Oct | Nov | Dec
2016: Jan | Feb | Mar | Apr | May | Jun | Jul | Aug | Sep | Oct | Nov | Dec
2015: Jan | Feb | Mar | Apr | May | Jun | Jul | Aug | Sep | Oct | Nov | Dec
2014: Jan | Feb | Mar | Apr | May | Jun | Jul | Aug | Sep | Oct | Nov | Dec
2013: Jan | Feb | Mar | Apr | May | Jun | Jul | Aug | Sep | Oct | Nov | Dec
2012: Jan | Feb | Mar | Apr | May | Jun | Jul | Aug | Sep | Oct | Nov | Dec
2011: Jan | Feb | Mar | Apr | May | Jun | Jul | Aug | Sep | Oct | Nov | Dec
2010: Jan | Feb | Mar | Apr | May | Jun | Jul | Aug | Sep | Oct | Nov | Dec
2009: Jan | Feb | Mar | Apr | May | Jun | Jul | Aug | Sep | Oct | Nov | Dec
2008: Jan | Feb | Mar | Apr | May | Jun | Jul | Aug | Sep | Oct | Nov | Dec
2007: Jan | Feb | Mar | Apr | May | Jun | Jul | Aug | Sep | Oct | Nov | Dec
2006: Jan | Feb | Mar | Apr | May | Jun | Jul | Aug | Sep | Oct | Nov | Dec
2005: Jan | Feb | Mar | Apr | May | Jun | Jul | Aug | Sep | Oct | Nov | Dec
Report for 2016 02
MONTHLY CLIMATOLOGICAL SUMMARY for FEB. 2016
NAME: Conyers2 CITY: Snellville STATE: GA
ELEV: 1060 ft LAT: 33° 50' 59" N LONG: 84° 02' 47" W
TEMPERATURE (°F), RAIN (in), WIND SPEED (mph)
HEAT COOL AVG
MEAN DEG DEG WIND DOM
DAY TEMP HIGH TIME LOW TIME DAYS DAYS RAIN SPEED HIGH TIME DIR
------------------------------------------------------------------------------------
1 59.0 68.7 16:00 54.1 23:50 6.3 0.3 0.04 1.7 13.0 11:30 SW
2 61.5 74.7 14:30 54.0 2:20 5.1 1.6 0.04 2.0 18.0 17:10 S
3 60.1 66.0 7:30 51.1 23:00 5.0 0.1 1.64 2.5 22.0 7:00 S
4 46.4 55.2 13:10 37.1 00:00 18.6 0.0 0.00 5.2 24.0 00:00 NNW
5 38.6 51.1 16:40 29.9 00:00 26.4 0.0 0.00 3.7 24.0 0:10 NNW
6 37.5 50.6 15:20 26.8 5:20 27.5 0.0 0.00 1.2 14.0 12:10 NE
7 41.3 56.6 16:10 27.9 7:50 23.7 0.0 0.00 2.0 14.0 10:30 NNW
8 42.8 53.9 14:30 34.7 7:40 22.2 0.0 0.00 3.7 23.0 21:50 NNW
9 33.9 37.1 2:10 27.5 00:00 31.1 0.0 0.00 4.3 22.0 16:40 NNW
10 31.1 38.8 16:20 22.8 7:30 33.9 0.0 0.00 4.7 20.0 5:10 NNW
11 40.0 56.9 16:50 26.3 8:00 25.0 0.0 0.00 0.9 10.0 13:30 NW
12 44.6 62.1 15:50 31.7 3:30 20.4 0.0 0.00 2.6 21.0 17:00 NNW
13 36.0 43.8 14:40 29.6 7:40 29.0 0.0 0.00 4.7 26.0 1:40 NNW
14 36.1 47.8 15:10 26.7 4:10 28.9 0.0 0.00 2.0 15.0 14:50 ESE
15 39.1 50.3 16:20 32.9 4:40 25.9 0.0 0.82 2.5 16.0 22:10 E
16 49.9 61.9 16:10 39.9 7:50 15.1 0.0 0.02 2.9 17.0 3:00 NNW
17 46.2 56.5 15:10 37.5 00:00 18.8 0.0 0.00 3.9 16.0 9:50 NNW
18 43.5 60.3 15:50 30.2 7:00 21.5 0.0 0.00 0.9 11.0 10:20 NNW
19 48.0 65.3 15:50 32.1 7:00 17.0 0.0 0.00 1.6 17.0 12:00 S
20 53.6 64.2 13:50 39.9 3:10 11.4 0.0 0.00 1.2 12.0 13:20 WSW
21 58.4 66.5 15:30 49.9 3:50 6.6 0.0 0.03 1.8 17.0 14:20 WSW
22 59.3 61.5 11:50 57.1 23:20 5.7 0.0 0.81 0.6 5.0 4:00 WSW
23 54.5 58.2 2:30 50.4 20:50 10.5 0.0 0.82 1.7 14.0 18:20 ENE
24 53.9 63.4 9:40 42.1 23:30 11.1 0.0 0.28 6.1 33.0 11:00 WSW
25 44.5 53.7 15:00 37.8 00:00 20.5 0.0 0.00 5.4 24.0 10:40 NNW
26 42.2 52.9 15:00 35.3 22:30 22.8 0.0 0.00 4.1 18.0 8:40 NNW
27 43.8 60.0 14:40 31.1 3:30 21.2 0.0 0.00 1.3 14.0 15:20 NW
28 50.3 68.9 15:50 30.8 7:20 15.3 0.6 0.00 1.9 17.0 16:50 WSW
29 58.2 72.2 14:00 47.2 23:50 8.1 1.3 0.00 2.8 16.0 15:50 WSW
-------------------------------------------------------------------------------------
46.7 74.7 2 22.8 10 534.6 3.9 4.50 2.8 33.0 24 NNW
Max >= 90.0: 0
Max <= 32.0: 0
Min <= 32.0: 12
Min <= 0.0: 0
Max Rain: 1.64 ON 02-03-16
Days of Rain: 9 (>.01 in) 5 (>.1 in) 1 (>1 in)
Heat Base: 65.0 Cool Base: 65.0 Method: Integration