NOAA-style Climate Reports
2024: Jan | Feb | Mar | Apr | May | Jun | Jul | Aug | Sep | Oct | Nov | Dec
2023: Jan | Feb | Mar | Apr | May | Jun | Jul | Aug | Sep | Oct | Nov | Dec
2022: Jan | Feb | Mar | Apr | May | Jun | Jul | Aug | Sep | Oct | Nov | Dec
2021: Jan | Feb | Mar | Apr | May | Jun | Jul | Aug | Sep | Oct | Nov | Dec
2020: Jan | Feb | Mar | Apr | May | Jun | Jul | Aug | Sep | Oct | Nov | Dec
2019: Jan | Feb | Mar | Apr | May | Jun | Jul | Aug | Sep | Oct | Nov | Dec
2018: Jan | Feb | Mar | Apr | May | Jun | Jul | Aug | Sep | Oct | Nov | Dec
2017: Jan | Feb | Mar | Apr | May | Jun | Jul | Aug | Sep | Oct | Nov | Dec
2016: Jan | Feb | Mar | Apr | May | Jun | Jul | Aug | Sep | Oct | Nov | Dec
2015: Jan | Feb | Mar | Apr | May | Jun | Jul | Aug | Sep | Oct | Nov | Dec
2014: Jan | Feb | Mar | Apr | May | Jun | Jul | Aug | Sep | Oct | Nov | Dec
2013: Jan | Feb | Mar | Apr | May | Jun | Jul | Aug | Sep | Oct | Nov | Dec
2012: Jan | Feb | Mar | Apr | May | Jun | Jul | Aug | Sep | Oct | Nov | Dec
2011: Jan | Feb | Mar | Apr | May | Jun | Jul | Aug | Sep | Oct | Nov | Dec
2010: Jan | Feb | Mar | Apr | May | Jun | Jul | Aug | Sep | Oct | Nov | Dec
2009: Jan | Feb | Mar | Apr | May | Jun | Jul | Aug | Sep | Oct | Nov | Dec
2008: Jan | Feb | Mar | Apr | May | Jun | Jul | Aug | Sep | Oct | Nov | Dec
2007: Jan | Feb | Mar | Apr | May | Jun | Jul | Aug | Sep | Oct | Nov | Dec
2006: Jan | Feb | Mar | Apr | May | Jun | Jul | Aug | Sep | Oct | Nov | Dec
2005: Jan | Feb | Mar | Apr | May | Jun | Jul | Aug | Sep | Oct | Nov | Dec
Report for 2016 05
MONTHLY CLIMATOLOGICAL SUMMARY for MAY. 2016
NAME: ConyersWX CITY: Conyers STATE: GA
ELEV: 840 ft LAT: 33° 42' 12" N LONG: 84° 02' 13" W
TEMPERATURE (°F), RAIN (in), WIND SPEED (mph)
HEAT COOL AVG
MEAN DEG DEG WIND DOM
DAY TEMP HIGH TIME LOW TIME DAYS DAYS RAIN SPEED HIGH TIME DIR
------------------------------------------------------------------------------------
1 73.3 82.6 1:20p 64.0 6:50a 0.0 8.3 0.22 0.6 14.0 5:30p SW
2 75.0 84.4 1:30p 65.6 2:40a 0.0 10.0 0.03 1.1 14.0 3:10p WSW
3 68.9 77.3 12:50p 60.4 12:00m 0.0 3.9 0.00 0.7 10.0 11:10a NNW
4 62.5 71.8 3:00p 53.1 7:20a 2.5 0.0 0.01 1.3 14.0 9:30p NNW
5 57.1 66.0 3:10p 48.2 12:00m 7.9 0.0 0.12 2.4 16.0 12:20p NNW
6 56.8 69.7 4:10p 44.0 6:40a 8.2 0.0 0.00 2.1 21.0 1:20p NNW
7 62.7 79.0 2:50p 46.4 6:50a 2.3 0.0 0.00 1.0 13.0 2:30p NNW
8 72.7 85.9 2:10p 59.5 4:00a 0.0 7.7 0.00 1.0 12.0 11:20a WSW
9 69.6 82.9 2:30p 56.3 5:10a 0.0 4.6 0.00 0.9 15.0 2:50p SW
10 72.3 83.9 2:40p 60.7 1:40a 0.0 7.3 0.00 1.2 13.0 3:30p SW
11 73.7 87.0 2:10p 60.4 6:50a 0.0 8.7 0.00 0.8 10.0 7:30p SW
12 76.4 89.0 1:50p 63.9 7:00a 0.0 11.4 0.00 0.7 14.0 2:50p WSW
13 70.4 80.6 2:20p 60.2 12:00m 0.0 5.4 0.12 1.4 11.0 8:00a NNW
14 67.9 83.4 2:40p 52.4 6:00a 0.0 2.9 0.00 1.6 15.0 5:30p NNW
15 61.7 73.0 2:40p 50.3 6:50a 3.3 0.0 0.00 1.9 14.0 3:00p NNW
16 61.8 77.2 3:00p 46.3 6:10a 3.3 0.0 0.00 1.1 12.0 10:00a NE
17 66.2 70.2 3:30p 62.2 6:10a 0.0 1.2 0.19 1.0 15.0 12:00p NE
18 71.1 78.1 3:40p 64.2 7:00a 0.0 6.1 0.00 0.7 7.0 9:40a NE
19 70.3 76.4 3:00p 64.2 12:00m 0.0 5.3 0.34 1.9 14.0 4:10p NE
20 62.8 65.1 5:10p 60.6 8:40a 2.2 0.0 0.11 1.9 13.0 10:20a NE
21 69.7 78.7 3:50p 60.7 4:20a 0.0 4.7 0.34 1.1 12.0 5:00p NNW
22 68.4 78.9 2:50p 57.9 6:30a 0.0 3.4 0.00 2.3 18.0 11:30a NNW
23 67.7 81.8 2:40p 53.5 6:30a 0.0 2.7 0.00 0.8 12.0 11:00a NNE
24 69.4 85.2 2:30p 53.7 6:40a 0.0 4.4 0.00 0.7 9.0 2:00p NE
25 72.6 87.9 2:40p 57.3 7:00a 0.0 7.6 0.00 0.9 14.0 2:20p SW
26 76.1 89.2 2:50p 63.0 3:40a 0.0 11.1 0.00 0.4 7.0 1:00p NE
27 75.7 85.4 2:00p 65.9 7:10a 0.0 10.7 0.00 1.3 12.0 3:20a SW
28 73.3 85.6 2:40p 61.0 7:30a 0.0 8.3 0.00 1.2 16.0 2:30p SSE
29 76.6 87.9 3:10p 65.3 6:40a 0.0 11.6 0.25 0.9 13.0 6:50p NE
30 77.4 91.0 3:10p 63.8 7:10a 0.0 12.4 0.00 0.6 10.0 4:20p N
31 79.6 93.8 3:20p 65.4 6:40a 0.0 14.6 0.00 0.7 9.0 10:50a NE
-------------------------------------------------------------------------------------
69.7 93.8 31 44.0 6 29.7 174.3 1.73 1.2 21.0 6 NNW
Max >= 90.0: 2
Max <= 32.0: 0
Min <= 32.0: 0
Min <= 0.0: 0
Max Rain: 0.34 ON 05-19-16
Days of Rain: 9 (>.01 in) 8 (>.1 in) 0 (>1 in)
Heat Base: 65.0 Cool Base: 65.0 Method: (High + Low) / 2