NOAA-style Climate Reports
2024: Jan | Feb | Mar | Apr | May | Jun | Jul | Aug | Sep | Oct | Nov | Dec
2023: Jan | Feb | Mar | Apr | May | Jun | Jul | Aug | Sep | Oct | Nov | Dec
2022: Jan | Feb | Mar | Apr | May | Jun | Jul | Aug | Sep | Oct | Nov | Dec
2021: Jan | Feb | Mar | Apr | May | Jun | Jul | Aug | Sep | Oct | Nov | Dec
2020: Jan | Feb | Mar | Apr | May | Jun | Jul | Aug | Sep | Oct | Nov | Dec
2019: Jan | Feb | Mar | Apr | May | Jun | Jul | Aug | Sep | Oct | Nov | Dec
2018: Jan | Feb | Mar | Apr | May | Jun | Jul | Aug | Sep | Oct | Nov | Dec
2017: Jan | Feb | Mar | Apr | May | Jun | Jul | Aug | Sep | Oct | Nov | Dec
2016: Jan | Feb | Mar | Apr | May | Jun | Jul | Aug | Sep | Oct | Nov | Dec
2015: Jan | Feb | Mar | Apr | May | Jun | Jul | Aug | Sep | Oct | Nov | Dec
2014: Jan | Feb | Mar | Apr | May | Jun | Jul | Aug | Sep | Oct | Nov | Dec
2013: Jan | Feb | Mar | Apr | May | Jun | Jul | Aug | Sep | Oct | Nov | Dec
2012: Jan | Feb | Mar | Apr | May | Jun | Jul | Aug | Sep | Oct | Nov | Dec
2011: Jan | Feb | Mar | Apr | May | Jun | Jul | Aug | Sep | Oct | Nov | Dec
2010: Jan | Feb | Mar | Apr | May | Jun | Jul | Aug | Sep | Oct | Nov | Dec
2009: Jan | Feb | Mar | Apr | May | Jun | Jul | Aug | Sep | Oct | Nov | Dec
2008: Jan | Feb | Mar | Apr | May | Jun | Jul | Aug | Sep | Oct | Nov | Dec
2007: Jan | Feb | Mar | Apr | May | Jun | Jul | Aug | Sep | Oct | Nov | Dec
2006: Jan | Feb | Mar | Apr | May | Jun | Jul | Aug | Sep | Oct | Nov | Dec
2005: Jan | Feb | Mar | Apr | May | Jun | Jul | Aug | Sep | Oct | Nov | Dec
Report for 2016 06
MONTHLY CLIMATOLOGICAL SUMMARY for JUN. 2016
NAME: ConyersWX CITY: Conyers STATE: GA
ELEV: 840 ft LAT: 33° 42' 12" N LONG: 84° 02' 13" W
TEMPERATURE (°F), RAIN (in), WIND SPEED (mph)
HEAT COOL AVG
MEAN DEG DEG WIND DOM
DAY TEMP HIGH TIME LOW TIME DAYS DAYS RAIN SPEED HIGH TIME DIR
------------------------------------------------------------------------------------
1 81.7 95.2 1:30p 68.2 6:50a 0.0 16.7 0.54 1.2 16.0 6:00p NE
2 77.3 88.3 3:40p 66.2 5:50a 0.0 12.3 0.09 0.6 7.0 12:30p NNE
3 79.7 93.3 1:50p 66.1 6:40a 0.0 14.7 0.00 0.4 9.0 2:40p SW
4 80.1 91.1 1:40p 69.2 6:40a 0.0 15.1 0.00 1.2 17.0 3:10p WSW
5 78.6 86.6 3:20p 70.5 6:30a 0.0 13.6 0.03 1.1 12.0 5:00p SW
6 75.0 79.1 11:00a 70.9 6:50a 0.0 10.0 0.00 0.5 9.0 2:10p SW
7 80.7 92.7 2:30p 68.7 7:10a 0.0 15.7 0.00 1.4 12.0 12:20p NNW
8 74.2 89.5 3:00p 58.9 6:40a 0.0 9.2 0.00 1.2 12.0 10:00a NNW
9 73.4 89.4 3:10p 57.4 6:30a 0.0 8.4 0.00 1.2 12.0 1:20p NE
10 79.2 94.3 2:30p 64.0 6:20a 0.0 14.2 0.00 1.2 11.0 3:10p NE
11 82.3 98.8 2:40p 65.7 6:50a 0.0 17.3 0.00 1.0 9.0 4:20p NE
12 86.4 98.0 2:30p 74.9 6:30a 0.0 21.4 0.00 1.1 12.0 2:00p NNW
13 85.3 99.6 3:20p 71.0 6:40a 0.0 20.3 0.00 1.0 12.0 10:50a NE
14 83.3 95.7 11:30a 71.0 4:40p 0.0 18.3 1.01 0.7 20.0 3:10p NE
15 79.5 88.7 2:00p 70.3 6:50a 0.0 14.5 0.00 0.8 11.0 1:00p NNW
16 83.3 95.3 3:00p 71.3 5:40a 0.0 18.3 0.00 1.3 15.0 2:00p NNW
17 84.8 96.1 1:00p 73.4 6:50a 0.0 19.8 0.00 0.9 12.0 12:30p WSW
18 76.1 81.2 3:50p 71.0 7:50a 0.0 11.1 0.00 2.3 18.0 5:40a NE
19 75.6 85.7 2:40p 65.4 7:10a 0.0 10.6 0.00 1.6 14.0 11:40a NE
20 74.1 89.2 3:10p 59.0 6:40a 0.0 9.1 0.00 0.9 12.0 12:40p NE
21 79.6 96.3 2:50p 62.8 6:20a 0.0 14.6 0.00 0.8 11.0 12:20p WSW
22 84.7 96.5 2:10p 72.8 6:50a 0.0 19.7 0.00 1.3 11.0 10:20a WSW
23 84.4 97.5 1:50p 71.4 6:20a 0.0 19.4 0.00 1.3 13.0 12:10p WSW
24 88.3 99.9 1:30p 76.7 7:10a 0.0 23.3 0.00 1.3 13.0 12:40p WSW
25 87.6 102.1 2:40p 73.0 6:40a 0.0 22.6 0.00 1.0 12.0 3:00p NE
26 85.3 95.1 3:10p 75.4 6:50a 0.0 20.3 0.00 1.7 12.0 9:00a NE
27 86.2 100.9 2:50p 71.4 7:00a 0.0 21.2 0.03 1.2 13.0 8:30p WSW
28 82.7 94.2 1:00p 71.2 6:10a 0.0 17.7 0.12 0.6 10.0 1:40p NE
29 82.1 96.2 2:30p 68.0 6:40a 0.0 17.1 0.00 0.8 11.0 9:10p NE
30 82.4 92.5 2:30p 72.4 7:10a 0.0 17.4 0.08 1.1 13.0 6:50p NE
-------------------------------------------------------------------------------------
81.1 102.1 25 57.4 9 0.0 483.6 1.90 1.1 20.0 14 NE
Max >= 90.0: 21
Max <= 32.0: 0
Min <= 32.0: 0
Min <= 0.0: 0
Max Rain: 1.01 ON 06-14-16
Days of Rain: 7 (>.01 in) 3 (>.1 in) 1 (>1 in)
Heat Base: 65.0 Cool Base: 65.0 Method: (High + Low) / 2