NOAA-style Climate Reports
2024: Jan | Feb | Mar | Apr | May | Jun | Jul | Aug | Sep | Oct | Nov | Dec
2023: Jan | Feb | Mar | Apr | May | Jun | Jul | Aug | Sep | Oct | Nov | Dec
2022: Jan | Feb | Mar | Apr | May | Jun | Jul | Aug | Sep | Oct | Nov | Dec
2021: Jan | Feb | Mar | Apr | May | Jun | Jul | Aug | Sep | Oct | Nov | Dec
2020: Jan | Feb | Mar | Apr | May | Jun | Jul | Aug | Sep | Oct | Nov | Dec
2019: Jan | Feb | Mar | Apr | May | Jun | Jul | Aug | Sep | Oct | Nov | Dec
2018: Jan | Feb | Mar | Apr | May | Jun | Jul | Aug | Sep | Oct | Nov | Dec
2017: Jan | Feb | Mar | Apr | May | Jun | Jul | Aug | Sep | Oct | Nov | Dec
2016: Jan | Feb | Mar | Apr | May | Jun | Jul | Aug | Sep | Oct | Nov | Dec
2015: Jan | Feb | Mar | Apr | May | Jun | Jul | Aug | Sep | Oct | Nov | Dec
2014: Jan | Feb | Mar | Apr | May | Jun | Jul | Aug | Sep | Oct | Nov | Dec
2013: Jan | Feb | Mar | Apr | May | Jun | Jul | Aug | Sep | Oct | Nov | Dec
2012: Jan | Feb | Mar | Apr | May | Jun | Jul | Aug | Sep | Oct | Nov | Dec
2011: Jan | Feb | Mar | Apr | May | Jun | Jul | Aug | Sep | Oct | Nov | Dec
2010: Jan | Feb | Mar | Apr | May | Jun | Jul | Aug | Sep | Oct | Nov | Dec
2009: Jan | Feb | Mar | Apr | May | Jun | Jul | Aug | Sep | Oct | Nov | Dec
2008: Jan | Feb | Mar | Apr | May | Jun | Jul | Aug | Sep | Oct | Nov | Dec
2007: Jan | Feb | Mar | Apr | May | Jun | Jul | Aug | Sep | Oct | Nov | Dec
2006: Jan | Feb | Mar | Apr | May | Jun | Jul | Aug | Sep | Oct | Nov | Dec
2005: Jan | Feb | Mar | Apr | May | Jun | Jul | Aug | Sep | Oct | Nov | Dec
Report for 2016 12
MONTHLY CLIMATOLOGICAL SUMMARY for DEC. 2016
NAME: ConyersWX CITY: Conyers STATE: GA
ELEV: 840 ft LAT: 33° 42' 12" N LONG: 84° 02' 13" W
TEMPERATURE (°F), RAIN (in), WIND SPEED (mph)
HEAT COOL AVG
MEAN DEG DEG WIND DOM
DAY TEMP HIGH TIME LOW TIME DAYS DAYS RAIN SPEED HIGH TIME DIR
------------------------------------------------------------------------------------
1 48.0 56.6 2:40p 39.5 12:00m 17.0 0.0 0.00 2.3 14.0 11:50a NW
2 48.3 59.4 2:40p 37.2 1:40a 16.7 0.0 0.00 2.0 11.0 12:40p NW
3 47.3 57.7 2:00p 37.0 7:10a 17.7 0.0 0.11 0.7 7.0 11:50a SSE
4 44.7 46.3 12:10a 43.1 10:40p 20.3 0.0 0.65 2.0 13.0 11:30a NE
5 47.3 51.6 12:00m 42.9 1:50a 17.8 0.0 0.72 1.1 12.0 10:10p NE
6 52.5 54.6 3:50p 50.5 8:20a 12.5 0.0 0.15 1.5 12.0 2:50a NE
7 51.2 60.1 2:40p 42.3 8:00a 13.8 0.0 0.00 1.9 10.0 12:20a NW
8 42.5 49.0 12:00p 35.9 12:00m 22.5 0.0 0.00 3.7 18.0 1:10p NNW
9 35.3 42.9 3:00p 27.6 7:30a 29.8 0.0 0.00 3.3 13.0 8:40a NNW
10 35.3 46.7 2:50p 23.8 7:50a 29.8 0.0 0.00 1.0 9.0 2:30p S
11 36.2 46.1 4:00p 26.2 4:40a 28.8 0.0 0.00 1.2 10.0 1:10p NE
12 50.7 63.2 1:50p 38.1 4:50a 14.3 0.0 0.01 1.1 12.0 1:10p NNW
13 49.2 50.9 3:30p 47.5 1:00a 15.8 0.0 0.09 0.7 7.0 11:20a NE
14 46.3 55.8 3:00p 36.9 12:00m 18.7 0.0 0.01 1.6 11.0 5:30a NNW
15 36.8 44.7 12:40p 29.0 11:50p 28.2 0.0 0.00 3.7 17.0 10:40a NNW
16 36.3 46.2 3:00p 26.5 4:10a 28.7 0.0 0.00 1.9 11.0 10:00a E
17 45.8 56.8 4:30p 34.8 12:10a 19.2 0.0 0.00 1.2 14.0 1:50a S
18 53.3 70.1 10:00a 36.5 12:00m 11.7 0.0 0.09 3.7 18.0 10:50a NNW
19 41.0 47.5 1:20p 34.5 4:30a 24.0 0.0 0.00 2.5 16.0 11:40a NNW
20 40.5 49.2 3:30p 31.8 12:00m 24.5 0.0 0.00 1.4 11.0 9:00a NE
21 45.5 61.8 2:50p 29.3 8:10a 19.5 0.0 0.00 0.6 7.0 1:00p W
22 53.7 63.8 1:50p 43.5 12:00m 11.3 0.0 0.00 2.2 15.0 1:30p NNW
23 49.5 59.0 2:50p 40.1 7:20a 15.5 0.0 0.00 1.5 12.0 11:20a E
24 58.6 70.0 4:00p 47.2 1:50a 6.4 0.0 0.00 0.9 9.0 12:20p ESE
25 59.8 74.5 3:10p 45.0 6:00a 5.3 0.0 0.00 0.8 10.0 12:10p S
26 55.6 57.1 6:20a 54.1 11:40p 9.4 0.0 0.03 1.2 9.0 11:10a ESE
27 62.5 71.0 2:40p 53.9 12:50a 2.5 0.0 0.01 1.5 14.0 12:20p WSW
28 56.3 64.7 3:00p 47.9 8:10a 8.7 0.0 0.00 0.9 11.0 11:40p NNW
29 53.5 64.4 4:00a 42.5 12:00m 11.5 0.0 0.40 5.3 24.0 12:10p NNW
30 41.2 50.0 2:30p 32.4 12:00m 23.8 0.0 0.00 3.7 18.0 6:10a NNW
31 38.5 47.9 1:00p 29.0 2:40a 26.5 0.0 0.19 0.9 10.0 10:40a S
-------------------------------------------------------------------------------------
47.2 74.5 25 23.8 10 552.0 0.0 2.46 1.9 24.0 29 NNW
Max >= 90.0: 0
Max <= 32.0: 0
Min <= 32.0: 8
Min <= 0.0: 0
Max Rain: 0.72 ON 12-05-16
Days of Rain: 9 (>.01 in) 6 (>.1 in) 0 (>1 in)
Heat Base: 65.0 Cool Base: 65.0 Method: (High + Low) / 2