NOAA-style Climate Reports

2024: Jan | Feb | Mar | Apr | May | Jun | Jul | Aug | Sep | Oct | Nov | Dec 
2023: Jan | Feb | Mar | Apr | May | Jun | Jul | Aug | Sep | Oct | Nov | Dec 
2022: Jan | Feb | Mar | Apr | May | Jun | Jul | Aug | Sep | Oct | Nov | Dec 
2021: Jan | Feb | Mar | Apr | May | Jun | Jul | Aug | Sep | Oct | Nov | Dec 
2020: Jan | Feb | Mar | Apr | May | Jun | Jul | Aug | Sep | Oct | Nov | Dec 
2019: Jan | Feb | Mar | Apr | May | Jun | Jul | Aug | Sep | Oct | Nov | Dec 
2018: Jan | Feb | Mar | Apr | May | Jun | Jul | Aug | Sep | Oct | Nov | Dec 
2017: Jan | Feb | Mar | Apr | May | Jun | Jul | Aug | Sep | Oct | Nov | Dec 
2016: Jan | Feb | Mar | Apr | May | Jun | Jul | Aug | Sep | Oct | Nov | Dec 
2015: Jan | Feb | Mar | Apr | May | Jun | Jul | Aug | Sep | Oct | Nov | Dec 
2014: Jan | Feb | Mar | Apr | May | Jun | Jul | Aug | Sep | Oct | Nov | Dec 
2013: Jan | Feb | Mar | Apr | May | Jun | Jul | Aug | Sep | Oct | Nov | Dec 
2012: Jan | Feb | Mar | Apr | May | Jun | Jul | Aug | Sep | Oct | Nov | Dec 
2011: Jan | Feb | Mar | Apr | May | Jun | Jul | Aug | Sep | Oct | Nov | Dec 
2010: Jan | Feb | Mar | Apr | May | Jun | Jul | Aug | Sep | Oct | Nov | Dec 
2009: Jan | Feb | Mar | Apr | May | Jun | Jul | Aug | Sep | Oct | Nov | Dec 
2008: Jan | Feb | Mar | Apr | May | Jun | Jul | Aug | Sep | Oct | Nov | Dec 
2007: Jan | Feb | Mar | Apr | May | Jun | Jul | Aug | Sep | Oct | Nov | Dec 
2006: Jan | Feb | Mar | Apr | May | Jun | Jul | Aug | Sep | Oct | Nov | Dec 
2005: Jan | Feb | Mar | Apr | May | Jun | Jul | Aug | Sep | Oct | Nov | Dec 

Report for 2017 05
MONTHLY CLIMATOLOGICAL SUMMARY for MAY. 2017 NAME: ConyersWX CITY: Conyers STATE: GA ELEV: 840 ft LAT: 33 42' 12" N LONG: 84 02' 13" W TEMPERATURE (F), RAIN (in), WIND SPEED (mph) HEAT COOL AVG MEAN DEG DEG WIND DOM DAY TEMP HIGH TIME LOW TIME DAYS DAYS RAIN SPEED HIGH TIME DIR ------------------------------------------------------------------------------------ 1 67.3 73.5 4:20p 61.0 12:00m 0.0 2.3 0.26 2.4 21.0 11:00a SW 2 66.7 82.3 3:10p 51.0 6:20a 0.0 1.7 0.00 1.2 11.0 12:20p NW 3 68.6 87.0 2:10p 50.1 7:10a 0.0 3.6 0.00 1.0 11.0 4:00p SW 4 64.2 68.9 1:50a 59.5 12:00m 0.8 0.0 0.43 1.9 24.0 12:40p SW 5 54.2 59.5 12:10a 48.8 7:00a 10.8 0.0 0.17 1.9 14.0 12:00p SW 6 61.0 75.2 3:10p 46.9 6:40a 4.0 0.0 0.00 2.6 16.0 8:30p NW 7 61.3 75.2 2:30p 47.3 7:20a 3.8 0.0 0.00 1.4 13.0 3:20p NW 8 63.1 80.8 2:20p 45.4 6:40a 1.9 0.0 0.00 1.1 13.0 2:40p NNE 9 71.8 89.9 3:10p 53.8 7:00a 0.0 6.8 0.00 1.0 15.0 2:30p S 10 74.1 90.8 3:10p 57.3 6:50a 0.0 9.1 0.00 1.0 10.0 11:20a SW 11 76.4 90.3 1:50p 62.5 6:50a 0.0 11.4 0.00 1.3 13.0 10:40a WSW 12 75.1 86.1 2:20p 64.1 6:50a 0.0 10.1 0.00 1.4 14.0 3:50p SW 13 70.6 78.1 3:30p 63.0 12:00m 0.0 5.6 0.17 1.0 13.0 7:50p SW 14 71.3 85.2 3:10p 57.5 7:10a 0.0 6.3 0.01 0.8 10.0 12:30p NE 15 73.9 91.5 2:30p 56.3 6:50a 0.0 8.9 0.00 0.7 11.0 3:10p SW 16 76.9 93.5 2:30p 60.4 7:00a 0.0 11.9 0.00 0.9 10.0 1:10p SW 17 76.0 90.1 3:00p 61.9 7:00a 0.0 11.0 0.00 1.5 12.0 12:50p SW 18 80.6 90.1 2:30p 71.0 7:10a 0.0 15.6 0.00 1.8 13.0 2:00p SW 19 79.5 91.9 2:00p 67.1 7:10a 0.0 14.5 0.00 1.3 11.0 1:50a SW 20 76.9 89.4 2:20p 64.3 6:10a 0.0 11.9 0.75 1.0 19.0 5:40p SE 21 73.3 80.0 4:00p 66.7 5:30a 0.0 8.3 0.31 0.9 12.0 12:30p NE 22 72.6 78.3 10:30a 66.8 6:30a 0.0 7.6 0.96 0.3 13.0 11:30a NE 23 67.9 71.3 5:20p 64.5 12:00m 0.0 2.9 1.38 0.8 10.0 4:00p SW 24 70.1 79.2 1:50p 61.1 12:00m 0.0 5.1 0.01 1.8 16.0 1:40p SW 25 66.2 75.3 3:10p 57.0 6:50a 0.0 1.2 0.00 1.6 14.0 12:20p NW 26 69.0 85.7 3:00p 52.3 7:00a 0.0 4.0 0.00 1.2 12.0 12:20p SW 27 74.4 86.5 2:50p 62.4 5:40a 0.0 9.4 0.00 1.3 16.0 6:20p SW 28 75.9 86.8 3:20p 65.0 8:10a 0.0 10.9 0.18 1.4 15.0 2:00a SW 29 77.1 87.1 12:20p 67.0 6:50a 0.0 12.1 0.30 0.6 14.0 3:40p SW 30 70.8 75.2 11:50a 66.4 5:20a 0.0 5.8 0.02 0.4 9.0 11:50a SW 31 75.5 85.7 3:20p 65.3 6:40a 0.0 10.5 0.12 0.8 10.0 1:20p SW ------------------------------------------------------------------------------------- 71.0 93.5 16 45.4 8 21.3 208.3 5.07 1.2 24.0 4 SW Max >= 90.0: 7 Max <= 32.0: 0 Min <= 32.0: 0 Min <= 0.0: 0 Max Rain: 1.38 ON 05-23-17 Days of Rain: 12 (>.01 in) 11 (>.1 in) 1 (>1 in) Heat Base: 65.0 Cool Base: 65.0 Method: (High + Low) / 2