NOAA-style Climate Reports
2024: Jan | Feb | Mar | Apr | May | Jun | Jul | Aug | Sep | Oct | Nov | Dec
2023: Jan | Feb | Mar | Apr | May | Jun | Jul | Aug | Sep | Oct | Nov | Dec
2022: Jan | Feb | Mar | Apr | May | Jun | Jul | Aug | Sep | Oct | Nov | Dec
2021: Jan | Feb | Mar | Apr | May | Jun | Jul | Aug | Sep | Oct | Nov | Dec
2020: Jan | Feb | Mar | Apr | May | Jun | Jul | Aug | Sep | Oct | Nov | Dec
2019: Jan | Feb | Mar | Apr | May | Jun | Jul | Aug | Sep | Oct | Nov | Dec
2018: Jan | Feb | Mar | Apr | May | Jun | Jul | Aug | Sep | Oct | Nov | Dec
2017: Jan | Feb | Mar | Apr | May | Jun | Jul | Aug | Sep | Oct | Nov | Dec
2016: Jan | Feb | Mar | Apr | May | Jun | Jul | Aug | Sep | Oct | Nov | Dec
2015: Jan | Feb | Mar | Apr | May | Jun | Jul | Aug | Sep | Oct | Nov | Dec
2014: Jan | Feb | Mar | Apr | May | Jun | Jul | Aug | Sep | Oct | Nov | Dec
2013: Jan | Feb | Mar | Apr | May | Jun | Jul | Aug | Sep | Oct | Nov | Dec
2012: Jan | Feb | Mar | Apr | May | Jun | Jul | Aug | Sep | Oct | Nov | Dec
2011: Jan | Feb | Mar | Apr | May | Jun | Jul | Aug | Sep | Oct | Nov | Dec
2010: Jan | Feb | Mar | Apr | May | Jun | Jul | Aug | Sep | Oct | Nov | Dec
2009: Jan | Feb | Mar | Apr | May | Jun | Jul | Aug | Sep | Oct | Nov | Dec
2008: Jan | Feb | Mar | Apr | May | Jun | Jul | Aug | Sep | Oct | Nov | Dec
2007: Jan | Feb | Mar | Apr | May | Jun | Jul | Aug | Sep | Oct | Nov | Dec
2006: Jan | Feb | Mar | Apr | May | Jun | Jul | Aug | Sep | Oct | Nov | Dec
2005: Jan | Feb | Mar | Apr | May | Jun | Jul | Aug | Sep | Oct | Nov | Dec
Report for 2018 11
MONTHLY CLIMATOLOGICAL SUMMARY for NOV. 2018
NAME: Conyers2 CITY: Snellville STATE: GA
ELEV: 1060 ft LAT: 33° 50' 59" N LONG: 84° 02' 47" W
TEMPERATURE (°F), RAIN (in), WIND SPEED (mph)
HEAT COOL AVG
MEAN DEG DEG WIND DOM
DAY TEMP HIGH TIME LOW TIME DAYS DAYS RAIN SPEED HIGH TIME DIR
------------------------------------------------------------------------------------
1 62.7 72.8 2:00p 58.4 12:50a 3.1 0.8 0.48 1.9 21.0 1:40p SSW
2 57.4 62.0 3:50a 44.4 12:00m 7.6 0.0 0.19 0.6 14.0 7:10p NW
3 49.2 63.4 3:40p 38.4 8:20a 15.8 0.0 0.00 0.4 6.0 3:20p SW
4 52.7 64.7 2:20p 39.7 7:20a 12.3 0.0 0.00 0.9 13.0 10:30a NNE
5 59.4 63.8 2:30p 54.4 7:30a 5.6 0.0 0.02 0.3 6.0 5:00a NE
6 65.1 70.3 3:00p 54.0 12:00m 1.7 1.8 0.06 0.7 13.0 2:50a NNW
7 58.2 74.1 2:00p 46.7 7:50a 8.1 1.3 0.29 0.2 7.0 1:00p SSW
8 58.4 62.6 1:00p 55.6 12:00m 6.6 0.0 0.07 0.7 11.0 2:20p NE
9 54.2 56.2 5:00p 44.4 12:00m 10.8 0.0 0.30 1.0 14.0 10:30p NE
10 42.2 51.4 3:10p 34.5 12:00m 22.8 0.0 0.00 1.5 13.0 4:40a NNW
11 43.9 54.5 3:10p 33.5 1:50a 21.1 0.0 0.00 1.2 13.0 9:40a NE
12 43.0 47.7 12:10a 40.8 12:00p 22.0 0.0 2.14 1.6 14.0 9:30a NE
13 47.7 52.4 1:00p 44.1 12:10a 17.3 0.0 0.17 0.3 7.0 6:10p NNW
14 46.0 49.4 7:40a 42.9 12:00m 19.1 0.0 0.72 1.3 13.0 5:20p NE
15 40.5 46.4 2:40p 34.0 12:00m 24.5 0.0 0.59 0.5 18.0 3:30a NNW
16 41.4 55.3 2:40p 32.3 7:30a 23.6 0.0 0.00 1.0 12.0 9:20a NNW
17 45.6 63.4 2:50p 33.3 7:50a 19.4 0.0 0.01 0.3 6.0 1:50p N
18 47.2 63.2 3:00p 34.7 8:00a 17.8 0.0 0.00 0.3 6.0 12:50p NE
19 50.6 66.1 3:30p 37.7 7:40a 14.5 0.1 0.00 0.3 9.0 1:50p SW
20 51.6 58.5 2:10p 40.2 12:00m 13.4 0.0 0.01 1.3 12.0 1:40p NNW
21 43.2 58.3 2:50p 32.3 7:40a 21.8 0.0 0.00 0.5 10.0 12:30p NW
22 43.5 59.5 12:40p 31.9 8:10a 21.5 0.0 0.00 0.4 10.0 11:40a SSW
23 41.4 47.6 1:30p 37.7 12:40a 23.6 0.0 0.13 1.6 16.0 10:10a NE
24 42.5 49.0 5:00p 35.9 6:30a 22.5 0.0 0.48 0.7 11.0 4:30a NE
25 48.1 57.5 2:10p 43.5 8:10a 16.9 0.0 0.18 0.4 10.0 12:50p NNW
26 45.3 52.0 7:00a 35.1 12:00m 19.7 0.0 0.01 2.3 17.0 10:40a NNW
27 36.0 44.8 2:20p 30.1 12:00m 29.0 0.0 0.00 2.4 18.0 1:10p NNW
28 34.0 44.8 3:00p 26.3 7:40a 31.0 0.0 0.00 1.7 18.0 1:40p NW
29 43.4 58.3 1:50p 26.7 5:50a 21.6 0.0 0.00 0.6 10.0 8:40p S
30 57.3 68.1 3:30p 50.1 7:50a 8.0 0.3 0.04 0.8 9.0 12:50p SW
-------------------------------------------------------------------------------------
48.4 74.1 7 26.3 28 502.7 4.3 5.89 0.9 21.0 1 NNW
Max >= 90.0: 0
Max <= 32.0: 0
Min <= 32.0: 4
Min <= 0.0: 0
Max Rain: 2.14 ON 11/12/18
Days of Rain: 15 (>.01 in) 11 (>.1 in) 1 (>1 in)
Heat Base: 65.0 Cool Base: 65.0 Method: Integration