NOAA-style Climate Reports
2024: Jan | Feb | Mar | Apr | May | Jun | Jul | Aug | Sep | Oct | Nov | Dec
2023: Jan | Feb | Mar | Apr | May | Jun | Jul | Aug | Sep | Oct | Nov | Dec
2022: Jan | Feb | Mar | Apr | May | Jun | Jul | Aug | Sep | Oct | Nov | Dec
2021: Jan | Feb | Mar | Apr | May | Jun | Jul | Aug | Sep | Oct | Nov | Dec
2020: Jan | Feb | Mar | Apr | May | Jun | Jul | Aug | Sep | Oct | Nov | Dec
2019: Jan | Feb | Mar | Apr | May | Jun | Jul | Aug | Sep | Oct | Nov | Dec
2018: Jan | Feb | Mar | Apr | May | Jun | Jul | Aug | Sep | Oct | Nov | Dec
2017: Jan | Feb | Mar | Apr | May | Jun | Jul | Aug | Sep | Oct | Nov | Dec
2016: Jan | Feb | Mar | Apr | May | Jun | Jul | Aug | Sep | Oct | Nov | Dec
2015: Jan | Feb | Mar | Apr | May | Jun | Jul | Aug | Sep | Oct | Nov | Dec
2014: Jan | Feb | Mar | Apr | May | Jun | Jul | Aug | Sep | Oct | Nov | Dec
2013: Jan | Feb | Mar | Apr | May | Jun | Jul | Aug | Sep | Oct | Nov | Dec
2012: Jan | Feb | Mar | Apr | May | Jun | Jul | Aug | Sep | Oct | Nov | Dec
2011: Jan | Feb | Mar | Apr | May | Jun | Jul | Aug | Sep | Oct | Nov | Dec
2010: Jan | Feb | Mar | Apr | May | Jun | Jul | Aug | Sep | Oct | Nov | Dec
2009: Jan | Feb | Mar | Apr | May | Jun | Jul | Aug | Sep | Oct | Nov | Dec
2008: Jan | Feb | Mar | Apr | May | Jun | Jul | Aug | Sep | Oct | Nov | Dec
2007: Jan | Feb | Mar | Apr | May | Jun | Jul | Aug | Sep | Oct | Nov | Dec
2006: Jan | Feb | Mar | Apr | May | Jun | Jul | Aug | Sep | Oct | Nov | Dec
2005: Jan | Feb | Mar | Apr | May | Jun | Jul | Aug | Sep | Oct | Nov | Dec
Report for 2018 12
MONTHLY CLIMATOLOGICAL SUMMARY for DEC. 2018
NAME: Conyers2 CITY: Snellville STATE: GA
ELEV: 1060 ft LAT: 33° 50' 59" N LONG: 84° 02' 47" W
TEMPERATURE (°F), RAIN (in), WIND SPEED (mph)
HEAT COOL AVG
MEAN DEG DEG WIND DOM
DAY TEMP HIGH TIME LOW TIME DAYS DAYS RAIN SPEED HIGH TIME DIR
------------------------------------------------------------------------------------
1 54.3 57.8 12:00m 49.9 4:00a 10.7 0.0 1.89 0.4 11.0 11:40a S
2 62.6 70.4 2:50p 47.8 12:00m 3.3 1.0 0.01 0.6 15.0 12:50p WSW
3 52.6 65.9 2:10p 42.7 4:40a 12.5 0.0 0.00 1.5 12.0 11:30p NNW
4 42.0 50.3 2:50p 34.4 12:00m 22.9 0.0 0.00 2.7 16.0 2:10p NNW
5 35.4 45.1 1:50p 29.7 10:30p 29.6 0.0 0.00 2.5 15.0 3:00p NNW
6 35.9 51.6 3:10p 24.5 8:00a 29.1 0.0 0.00 0.0 9.0 11:30a S
7 40.9 46.1 3:30p 33.4 12:20a 24.1 0.0 0.03 0.0 3.0 6:10a NW
8 40.3 43.5 12:40a 37.8 12:00m 24.7 0.0 1.58 2.4 24.0 8:40p NE
9 36.1 37.9 12:10a 34.4 7:00a 28.9 0.0 1.41 3.9 28.0 1:00a NE
10 40.8 44.0 2:20p 37.8 12:10a 24.2 0.0 0.18 0.4 10.0 12:30p NW
11 41.1 52.8 3:00p 32.9 12:00m 23.9 0.0 0.00 1.4 11.0 10:10a NNW
12 37.2 53.3 3:30p 26.0 7:20a 27.8 0.0 0.00 0.3 7.0 1:30p WSW
13 42.2 52.0 3:00p 33.1 3:40a 22.8 0.0 0.00 0.6 11.0 2:50p NE
14 47.3 49.2 1:10a 44.1 5:10a 17.7 0.0 1.34 1.4 14.0 4:40p NE
15 49.0 54.5 1:10p 47.1 4:20a 16.0 0.0 0.10 0.3 16.0 11:20a WSW
16 49.1 53.9 2:00p 46.4 6:30a 15.9 0.0 0.00 1.5 14.0 1:10p NNW
17 50.5 61.8 2:20p 44.0 12:00m 14.5 0.0 0.01 1.8 13.0 1:00p NNW
18 47.4 61.8 2:50p 38.3 7:40a 17.6 0.0 0.00 0.8 10.0 10:00a NNW
19 46.9 58.7 3:20p 36.9 4:30a 18.1 0.0 0.00 0.5 13.0 2:10p ESE
20 48.9 51.3 4:30p 45.8 9:40a 16.1 0.0 1.24 0.9 13.0 12:40p NE
21 46.0 50.6 12:10a 40.5 12:00m 19.0 0.0 0.62 2.8 22.0 8:20p NNW
22 41.3 51.1 3:10p 32.5 12:00m 23.7 0.0 0.00 1.2 12.0 12:10a NNW
23 44.9 62.4 3:40p 29.3 8:00a 20.1 0.0 0.00 1.2 14.0 2:00p NNW
24 41.8 52.8 3:20p 32.5 12:00m 23.2 0.0 0.00 0.9 12.0 1:10a NNW
25 41.8 56.1 4:40p 27.8 8:20a 23.2 0.0 0.00 0.1 6.0 12:10p S
26 45.0 57.2 3:00p 33.7 7:30a 20.0 0.0 0.00 0.6 13.0 1:00p ESE
27 48.6 53.7 2:00p 45.7 7:50a 16.4 0.0 0.54 1.8 16.0 5:10a E
28 54.5 59.5 2:00p 48.5 3:00a 10.5 0.0 1.40 0.4 15.0 1:00p NNW
29 53.0 61.7 3:00p 45.5 7:30a 12.0 0.0 0.00 0.5 9.0 2:00p NNW
30 52.5 54.7 4:40p 50.2 6:10a 12.5 0.0 0.23 0.1 6.0 11:50a ESE
31 60.0 67.9 5:20p 53.7 12:40a 5.3 0.3 0.05 0.6 17.0 3:20p S
-------------------------------------------------------------------------------------
46.1 70.4 2 24.5 6 586.3 1.3 10.63 1.1 28.0 9 NNW
Max >= 90.0: 0
Max <= 32.0: 0
Min <= 32.0: 5
Min <= 0.0: 0
Max Rain: 1.89 ON 12/01/18
Days of Rain: 13 (>.01 in) 10 (>.1 in) 6 (>1 in)
Heat Base: 65.0 Cool Base: 65.0 Method: Integration