NOAA-style Climate Reports
2024: Jan | Feb | Mar | Apr | May | Jun | Jul | Aug | Sep | Oct | Nov | Dec
2023: Jan | Feb | Mar | Apr | May | Jun | Jul | Aug | Sep | Oct | Nov | Dec
2022: Jan | Feb | Mar | Apr | May | Jun | Jul | Aug | Sep | Oct | Nov | Dec
2021: Jan | Feb | Mar | Apr | May | Jun | Jul | Aug | Sep | Oct | Nov | Dec
2020: Jan | Feb | Mar | Apr | May | Jun | Jul | Aug | Sep | Oct | Nov | Dec
2019: Jan | Feb | Mar | Apr | May | Jun | Jul | Aug | Sep | Oct | Nov | Dec
2018: Jan | Feb | Mar | Apr | May | Jun | Jul | Aug | Sep | Oct | Nov | Dec
2017: Jan | Feb | Mar | Apr | May | Jun | Jul | Aug | Sep | Oct | Nov | Dec
2016: Jan | Feb | Mar | Apr | May | Jun | Jul | Aug | Sep | Oct | Nov | Dec
2015: Jan | Feb | Mar | Apr | May | Jun | Jul | Aug | Sep | Oct | Nov | Dec
2014: Jan | Feb | Mar | Apr | May | Jun | Jul | Aug | Sep | Oct | Nov | Dec
2013: Jan | Feb | Mar | Apr | May | Jun | Jul | Aug | Sep | Oct | Nov | Dec
2012: Jan | Feb | Mar | Apr | May | Jun | Jul | Aug | Sep | Oct | Nov | Dec
2011: Jan | Feb | Mar | Apr | May | Jun | Jul | Aug | Sep | Oct | Nov | Dec
2010: Jan | Feb | Mar | Apr | May | Jun | Jul | Aug | Sep | Oct | Nov | Dec
2009: Jan | Feb | Mar | Apr | May | Jun | Jul | Aug | Sep | Oct | Nov | Dec
2008: Jan | Feb | Mar | Apr | May | Jun | Jul | Aug | Sep | Oct | Nov | Dec
2007: Jan | Feb | Mar | Apr | May | Jun | Jul | Aug | Sep | Oct | Nov | Dec
2006: Jan | Feb | Mar | Apr | May | Jun | Jul | Aug | Sep | Oct | Nov | Dec
2005: Jan | Feb | Mar | Apr | May | Jun | Jul | Aug | Sep | Oct | Nov | Dec
Report for 2019 02
MONTHLY CLIMATOLOGICAL SUMMARY for FEB. 2019
NAME: Conyers2 CITY: Snellville STATE: GA
ELEV: 1060 ft LAT: 33° 50' 59" N LONG: 84° 02' 47" W
TEMPERATURE (°F), RAIN (in), WIND SPEED (mph)
HEAT COOL AVG
MEAN DEG DEG WIND DOM
DAY TEMP HIGH TIME LOW TIME DAYS DAYS RAIN SPEED HIGH TIME DIR
------------------------------------------------------------------------------------
1 40.5 60.0 3:40p 25.4 8:00a 24.5 0.0 0.00 0.5 7.0 3:30p S
2 48.7 65.6 3:50p 32.0 7:50a 16.3 0.0 0.00 0.6 11.0 12:00p SSW
3 53.9 63.9 3:40p 43.3 12:00m 11.1 0.0 0.06 0.5 11.0 3:30p NE
4 51.3 68.0 5:20p 36.8 8:10a 14.0 0.3 0.00 0.5 7.0 4:20p SW
5 60.6 73.7 4:00p 52.0 5:50a 5.9 1.6 0.00 0.8 9.0 12:10p SW
6 61.0 70.0 4:00p 52.7 3:10a 4.9 0.9 0.04 1.4 12.0 2:30p SSW
7 68.6 81.7 3:20p 60.5 4:20a 1.5 5.1 0.00 2.3 18.0 12:10p SSW
8 54.8 66.1 12:10a 42.3 12:00m 10.2 0.0 0.01 5.1 25.0 12:50p NNW
9 46.0 53.9 4:10p 40.5 5:30a 19.0 0.0 0.00 2.0 13.0 12:50a NNW
10 38.9 42.5 12:10a 36.4 10:50p 26.1 0.0 0.09 2.3 13.0 12:20p NE
11 44.2 52.0 4:30p 36.4 12:10a 20.8 0.0 0.08 0.2 5.0 4:20p ESE
12 56.4 69.5 1:40p 47.4 12:00m 8.8 0.2 0.49 2.4 21.0 11:10p S
13 45.1 57.0 4:10p 35.8 12:00m 19.9 0.0 0.00 3.4 19.0 12:10a NNW
14 46.9 62.3 2:40p 30.1 8:00a 18.1 0.0 0.00 1.4 15.0 2:30p S
15 54.7 60.9 2:10p 45.6 6:20a 10.3 0.0 0.26 1.3 11.0 10:40a WSW
16 58.9 67.4 1:20p 48.0 11:50p 6.4 0.2 0.10 2.4 17.0 4:20a NNW
17 47.4 49.8 4:00a 43.8 11:50p 17.6 0.0 0.07 1.4 14.0 11:10p ESE
18 50.6 60.4 2:00p 43.5 1:40a 14.4 0.0 0.04 3.0 16.0 3:30p NNW
19 42.8 47.8 12:10a 37.2 7:40p 22.2 0.0 0.50 3.0 20.0 10:50a NE
20 40.6 42.8 4:40p 38.2 4:50a 24.4 0.0 0.81 1.7 14.0 2:40a NE
21 50.9 62.2 12:00m 41.1 2:20a 14.1 0.0 1.08 0.2 7.0 12:30a NE
22 56.3 63.3 11:20a 49.9 12:00m 8.7 0.0 0.01 1.9 16.0 12:50p NE
23 48.1 50.1 12:10a 46.3 9:50p 16.9 0.0 0.03 1.3 13.0 6:30a E
24 54.2 65.4 1:00p 46.3 12:10a 10.8 0.0 0.13 3.6 24.0 5:20a NNW
25 49.6 64.8 5:20p 38.6 7:50a 15.4 0.0 0.00 2.5 15.0 12:10a NNW
26 52.9 68.4 2:00p 39.0 4:10a 12.4 0.3 0.00 0.8 15.0 1:10p S
27 59.1 68.3 4:50p 52.7 12:00m 6.2 0.3 0.01 0.2 6.0 4:40p S
28 57.3 63.4 5:10p 51.3 4:00a 7.7 0.0 0.37 0.3 8.0 9:00p W
-------------------------------------------------------------------------------------
51.4 81.7 7 25.4 1 388.6 8.9 4.18 1.7 25.0 8 NNW
Max >= 90.0: 0
Max <= 32.0: 0
Min <= 32.0: 3
Min <= 0.0: 0
Max Rain: 1.08 ON 02/21/19
Days of Rain: 15 (>.01 in) 7 (>.1 in) 1 (>1 in)
Heat Base: 65.0 Cool Base: 65.0 Method: Integration