NOAA-style Climate Reports

2024: Jan | Feb | Mar | Apr | May | Jun | Jul | Aug | Sep | Oct | Nov | Dec 
2023: Jan | Feb | Mar | Apr | May | Jun | Jul | Aug | Sep | Oct | Nov | Dec 
2022: Jan | Feb | Mar | Apr | May | Jun | Jul | Aug | Sep | Oct | Nov | Dec 
2021: Jan | Feb | Mar | Apr | May | Jun | Jul | Aug | Sep | Oct | Nov | Dec 
2020: Jan | Feb | Mar | Apr | May | Jun | Jul | Aug | Sep | Oct | Nov | Dec 
2019: Jan | Feb | Mar | Apr | May | Jun | Jul | Aug | Sep | Oct | Nov | Dec 
2018: Jan | Feb | Mar | Apr | May | Jun | Jul | Aug | Sep | Oct | Nov | Dec 
2017: Jan | Feb | Mar | Apr | May | Jun | Jul | Aug | Sep | Oct | Nov | Dec 
2016: Jan | Feb | Mar | Apr | May | Jun | Jul | Aug | Sep | Oct | Nov | Dec 
2015: Jan | Feb | Mar | Apr | May | Jun | Jul | Aug | Sep | Oct | Nov | Dec 
2014: Jan | Feb | Mar | Apr | May | Jun | Jul | Aug | Sep | Oct | Nov | Dec 
2013: Jan | Feb | Mar | Apr | May | Jun | Jul | Aug | Sep | Oct | Nov | Dec 
2012: Jan | Feb | Mar | Apr | May | Jun | Jul | Aug | Sep | Oct | Nov | Dec 
2011: Jan | Feb | Mar | Apr | May | Jun | Jul | Aug | Sep | Oct | Nov | Dec 
2010: Jan | Feb | Mar | Apr | May | Jun | Jul | Aug | Sep | Oct | Nov | Dec 
2009: Jan | Feb | Mar | Apr | May | Jun | Jul | Aug | Sep | Oct | Nov | Dec 
2008: Jan | Feb | Mar | Apr | May | Jun | Jul | Aug | Sep | Oct | Nov | Dec 
2007: Jan | Feb | Mar | Apr | May | Jun | Jul | Aug | Sep | Oct | Nov | Dec 
2006: Jan | Feb | Mar | Apr | May | Jun | Jul | Aug | Sep | Oct | Nov | Dec 
2005: Jan | Feb | Mar | Apr | May | Jun | Jul | Aug | Sep | Oct | Nov | Dec 

Report for 2019 04
MONTHLY CLIMATOLOGICAL SUMMARY for APR. 2019 NAME: Conyers2 CITY: Snellville STATE: GA ELEV: 1060 ft LAT: 33 50' 59" N LONG: 84 02' 47" W TEMPERATURE (F), RAIN (in), WIND SPEED (mph) HEAT COOL AVG MEAN DEG DEG WIND DOM DAY TEMP HIGH TIME LOW TIME DAYS DAYS RAIN SPEED HIGH TIME DIR ------------------------------------------------------------------------------------ 1 48.0 61.4 5:00p 33.5 8:00a 17.0 0.0 0.01 1.6 16.0 11:40a NE 2 52.4 64.3 4:40p 42.2 8:10a 12.6 0.0 0.00 1.6 14.0 11:00a NE 3 55.5 73.4 3:40p 36.0 7:50a 11.6 2.1 0.00 0.7 12.0 1:00p S 4 58.8 71.7 2:40p 41.3 8:10a 8.0 1.8 0.02 1.2 17.0 4:30p S 5 62.5 73.2 5:50p 54.6 2:20a 4.3 1.8 0.09 1.0 11.0 6:00p S 6 64.0 74.0 3:50p 56.9 6:40a 3.2 2.2 0.00 1.0 10.0 4:10p S 7 68.0 79.0 3:50p 59.4 2:50a 1.8 4.7 1.21 1.1 21.0 2:20a SSW 8 68.3 77.0 2:20p 63.0 6:30a 0.2 3.6 0.05 1.3 19.0 1:40p SSW 9 67.4 76.0 3:40p 62.8 12:00m 0.2 2.6 0.22 0.5 10.0 2:50p S 10 68.9 82.7 3:40p 56.2 7:50a 2.5 6.4 0.01 0.8 11.0 11:50a S 11 69.1 82.7 3:40p 56.2 5:00a 2.6 6.7 0.00 1.5 18.0 11:10p S 12 71.3 79.5 3:20p 62.7 12:00m 0.1 6.4 0.00 1.8 18.0 4:00a S 13 69.5 83.1 4:10p 59.2 4:30a 1.9 6.4 0.00 1.3 18.0 4:30p S 14 70.4 76.0 4:00p 58.2 12:00m 0.4 5.8 0.28 4.2 27.0 4:20p SSW 15 56.2 66.2 3:50p 45.9 8:10a 8.8 0.0 0.01 2.7 18.0 10:50a NNW 16 58.5 75.4 3:40p 41.9 7:40a 9.1 2.7 0.01 0.9 11.0 3:20p SSW 17 64.4 80.1 3:40p 47.3 7:50a 5.9 5.3 0.00 1.1 14.0 4:40p S 18 69.2 78.9 3:40p 59.4 7:40a 1.1 5.3 0.00 2.5 19.0 5:30p SSW 19 62.7 70.6 3:10p 48.2 12:00m 3.5 1.1 1.68 2.0 32.0 5:30p SW 20 47.8 52.3 3:20p 44.0 8:10a 17.2 0.0 0.07 0.9 13.0 2:40a SW 21 56.2 70.3 3:40p 41.5 7:30a 9.9 1.1 0.01 1.1 13.0 11:40a NNW 22 62.1 80.6 3:50p 43.3 7:30a 7.8 4.9 0.00 0.5 6.0 11:20a N 23 67.8 83.6 3:10p 50.8 7:40a 4.5 7.2 0.00 0.6 11.0 1:30p SW 24 70.7 84.3 3:30p 58.6 6:00a 1.6 7.3 0.00 1.0 14.0 4:00p SW 25 66.7 74.3 2:40p 57.9 7:40a 1.8 3.4 0.07 1.0 14.0 3:40p SW 26 64.9 73.0 2:40p 58.5 12:00m 2.4 2.3 0.04 1.7 17.0 4:20p NNW 27 63.1 78.1 3:50p 46.5 7:50a 5.9 3.9 0.00 0.8 13.0 4:50p SW 28 68.6 82.0 3:00p 54.7 5:30a 3.1 6.7 0.00 0.4 10.0 4:40p SW 29 70.7 82.7 3:20p 58.5 7:10a 1.5 7.2 0.00 1.0 11.0 1:30p SSW 30 71.5 85.1 2:40p 57.7 7:30a 1.6 8.1 0.00 0.8 13.0 3:10p SSW ------------------------------------------------------------------------------------- 63.8 85.1 30 33.5 1 152.1 117.0 3.78 1.3 32.0 19 SSW Max >= 90.0: 0 Max <= 32.0: 0 Min <= 32.0: 0 Min <= 0.0: 0 Max Rain: 1.68 ON 04/19/19 Days of Rain: 10 (>.01 in) 4 (>.1 in) 2 (>1 in) Heat Base: 65.0 Cool Base: 65.0 Method: Integration