NOAA-style Climate Reports
2024: Jan | Feb | Mar | Apr | May | Jun | Jul | Aug | Sep | Oct | Nov | Dec
2023: Jan | Feb | Mar | Apr | May | Jun | Jul | Aug | Sep | Oct | Nov | Dec
2022: Jan | Feb | Mar | Apr | May | Jun | Jul | Aug | Sep | Oct | Nov | Dec
2021: Jan | Feb | Mar | Apr | May | Jun | Jul | Aug | Sep | Oct | Nov | Dec
2020: Jan | Feb | Mar | Apr | May | Jun | Jul | Aug | Sep | Oct | Nov | Dec
2019: Jan | Feb | Mar | Apr | May | Jun | Jul | Aug | Sep | Oct | Nov | Dec
2018: Jan | Feb | Mar | Apr | May | Jun | Jul | Aug | Sep | Oct | Nov | Dec
2017: Jan | Feb | Mar | Apr | May | Jun | Jul | Aug | Sep | Oct | Nov | Dec
2016: Jan | Feb | Mar | Apr | May | Jun | Jul | Aug | Sep | Oct | Nov | Dec
2015: Jan | Feb | Mar | Apr | May | Jun | Jul | Aug | Sep | Oct | Nov | Dec
2014: Jan | Feb | Mar | Apr | May | Jun | Jul | Aug | Sep | Oct | Nov | Dec
2013: Jan | Feb | Mar | Apr | May | Jun | Jul | Aug | Sep | Oct | Nov | Dec
2012: Jan | Feb | Mar | Apr | May | Jun | Jul | Aug | Sep | Oct | Nov | Dec
2011: Jan | Feb | Mar | Apr | May | Jun | Jul | Aug | Sep | Oct | Nov | Dec
2010: Jan | Feb | Mar | Apr | May | Jun | Jul | Aug | Sep | Oct | Nov | Dec
2009: Jan | Feb | Mar | Apr | May | Jun | Jul | Aug | Sep | Oct | Nov | Dec
2008: Jan | Feb | Mar | Apr | May | Jun | Jul | Aug | Sep | Oct | Nov | Dec
2007: Jan | Feb | Mar | Apr | May | Jun | Jul | Aug | Sep | Oct | Nov | Dec
2006: Jan | Feb | Mar | Apr | May | Jun | Jul | Aug | Sep | Oct | Nov | Dec
2005: Jan | Feb | Mar | Apr | May | Jun | Jul | Aug | Sep | Oct | Nov | Dec
Report for 2019 10
MONTHLY CLIMATOLOGICAL SUMMARY for OCT. 2019
NAME: Conyers2 CITY: Snellville STATE: GA
ELEV: 1060 ft LAT: 33° 50' 59" N LONG: 84° 02' 47" W
TEMPERATURE (°F), RAIN (in), WIND SPEED (mph)
HEAT COOL AVG
MEAN DEG DEG WIND DOM
DAY TEMP HIGH TIME LOW TIME DAYS DAYS RAIN SPEED HIGH TIME DIR
------------------------------------------------------------------------------------
1 81.1 94.1 3:20p 70.1 7:50a 0.0 16.1 0.00 0.6 9.0 1:40p SE
2 81.9 96.1 4:20p 69.2 8:00a 0.0 16.9 0.00 0.6 13.0 3:10p N
3 83.2 98.5 2:30p 69.9 7:50a 0.0 18.2 0.00 0.7 11.0 1:30p N
4 82.0 97.6 3:50p 68.2 7:50a 0.0 17.0 0.00 0.8 11.0 2:00p NE
5 73.3 79.1 3:40p 64.4 12:00m 0.0 8.3 0.00 3.2 19.0 12:10p NNE
6 68.5 79.0 4:50p 61.4 7:00a 1.1 4.6 0.00 2.2 13.0 3:30a NE
7 72.6 80.8 5:30p 64.7 8:00a 0.0 7.6 0.00 0.6 9.0 4:40p NE
8 72.1 82.4 2:20p 65.2 5:20a 0.0 7.1 0.10 0.7 10.0 2:20p NE
9 66.8 73.7 4:30p 61.4 12:00m 0.5 2.3 0.00 2.3 14.0 8:30a NE
10 66.1 78.8 5:50p 57.7 8:10a 2.6 3.7 0.00 1.0 11.0 12:10p NE
11 65.8 81.0 4:00p 52.9 8:10a 4.0 4.8 0.00 0.7 10.0 2:00p SSE
12 69.7 85.7 2:40p 55.9 8:20a 2.7 7.4 0.00 0.7 11.0 1:20p NNW
13 65.5 71.2 1:20p 61.5 12:00m 0.7 1.3 0.03 0.3 7.0 3:30p N
14 65.6 81.0 3:50p 53.0 8:30a 3.4 4.1 0.01 0.5 7.0 2:20p NE
15 65.2 69.7 5:00p 62.9 3:00a 0.9 1.1 0.21 0.3 9.0 8:00p NE
16 64.6 73.7 1:50p 55.3 12:00m 2.2 1.8 0.31 1.2 18.0 2:30p NNW
17 55.6 67.9 3:10p 45.3 8:20a 9.7 0.3 0.00 1.2 14.0 9:50a NNW
18 54.9 67.7 3:50p 42.4 7:10a 10.6 0.4 0.00 0.7 10.0 11:40a NNE
19 53.9 57.7 5:10a 52.1 10:10a 11.1 0.0 1.53 3.2 19.0 11:50p NE
20 63.7 76.1 3:50p 54.2 12:10a 4.0 2.7 0.00 1.3 16.0 12:20a N
21 65.2 76.9 3:20p 54.2 7:50a 3.7 3.9 0.01 0.8 14.0 1:40p S
22 65.1 73.7 3:00p 54.1 11:20p 2.1 2.1 0.01 1.0 12.0 4:30p NW
23 55.6 68.7 5:30p 44.4 8:40a 10.0 0.6 0.00 0.8 12.0 2:30p NNW
24 55.7 70.9 3:30p 41.1 8:20a 10.4 1.2 0.00 0.5 11.0 1:00p NE
25 65.1 71.6 4:30p 60.3 8:20a 1.7 1.8 0.08 1.4 13.0 9:50a NE
26 69.4 75.8 4:30p 65.1 5:30a 0.0 4.4 0.10 1.4 16.0 12:00m S
27 66.0 73.4 12:10a 56.2 12:00m 2.0 3.0 0.09 1.0 16.0 12:30a NNW
28 59.7 76.3 4:00p 48.0 6:50a 7.7 2.5 0.01 0.4 10.0 2:30p SSW
29 61.2 70.0 2:20p 52.5 4:30a 4.6 0.8 0.03 0.1 5.0 11:50a ENE
30 67.8 71.7 11:40p 65.1 1:40a 0.0 2.8 0.28 0.6 11.0 6:50p SSW
31 63.0 77.0 1:00p 38.6 12:00m 6.4 4.5 0.41 2.7 16.0 12:50p SW
-------------------------------------------------------------------------------------
66.6 98.5 3 38.6 31 102.1 153.3 3.21 1.1 19.0 5 NE
Max >= 90.0: 4
Max <= 32.0: 0
Min <= 32.0: 0
Min <= 0.0: 0
Max Rain: 1.53 ON 10/19/19
Days of Rain: 11 (>.01 in) 5 (>.1 in) 1 (>1 in)
Heat Base: 65.0 Cool Base: 65.0 Method: Integration