NOAA-style Climate Reports
2024: Jan | Feb | Mar | Apr | May | Jun | Jul | Aug | Sep | Oct | Nov | Dec
2023: Jan | Feb | Mar | Apr | May | Jun | Jul | Aug | Sep | Oct | Nov | Dec
2022: Jan | Feb | Mar | Apr | May | Jun | Jul | Aug | Sep | Oct | Nov | Dec
2021: Jan | Feb | Mar | Apr | May | Jun | Jul | Aug | Sep | Oct | Nov | Dec
2020: Jan | Feb | Mar | Apr | May | Jun | Jul | Aug | Sep | Oct | Nov | Dec
2019: Jan | Feb | Mar | Apr | May | Jun | Jul | Aug | Sep | Oct | Nov | Dec
2018: Jan | Feb | Mar | Apr | May | Jun | Jul | Aug | Sep | Oct | Nov | Dec
2017: Jan | Feb | Mar | Apr | May | Jun | Jul | Aug | Sep | Oct | Nov | Dec
2016: Jan | Feb | Mar | Apr | May | Jun | Jul | Aug | Sep | Oct | Nov | Dec
2015: Jan | Feb | Mar | Apr | May | Jun | Jul | Aug | Sep | Oct | Nov | Dec
2014: Jan | Feb | Mar | Apr | May | Jun | Jul | Aug | Sep | Oct | Nov | Dec
2013: Jan | Feb | Mar | Apr | May | Jun | Jul | Aug | Sep | Oct | Nov | Dec
2012: Jan | Feb | Mar | Apr | May | Jun | Jul | Aug | Sep | Oct | Nov | Dec
2011: Jan | Feb | Mar | Apr | May | Jun | Jul | Aug | Sep | Oct | Nov | Dec
2010: Jan | Feb | Mar | Apr | May | Jun | Jul | Aug | Sep | Oct | Nov | Dec
2009: Jan | Feb | Mar | Apr | May | Jun | Jul | Aug | Sep | Oct | Nov | Dec
2008: Jan | Feb | Mar | Apr | May | Jun | Jul | Aug | Sep | Oct | Nov | Dec
2007: Jan | Feb | Mar | Apr | May | Jun | Jul | Aug | Sep | Oct | Nov | Dec
2006: Jan | Feb | Mar | Apr | May | Jun | Jul | Aug | Sep | Oct | Nov | Dec
2005: Jan | Feb | Mar | Apr | May | Jun | Jul | Aug | Sep | Oct | Nov | Dec
Report for 2019 11
MONTHLY CLIMATOLOGICAL SUMMARY for NOV. 2019
NAME: Conyers2 CITY: Snellville STATE: GA
ELEV: 1060 ft LAT: 33° 50' 59" N LONG: 84° 02' 47" W
TEMPERATURE (°F), RAIN (in), WIND SPEED (mph)
HEAT COOL AVG
MEAN DEG DEG WIND DOM
DAY TEMP HIGH TIME LOW TIME DAYS DAYS RAIN SPEED HIGH TIME DIR
------------------------------------------------------------------------------------
1 44.1 58.2 6:00p 34.4 8:40a 20.9 0.0 0.00 0.9 13.0 12:40a NNW
2 46.4 61.7 3:50p 35.3 8:00a 18.6 0.0 0.00 0.9 11.0 2:20p NNW
3 46.0 61.5 2:50p 33.9 7:20a 19.0 0.0 0.00 0.5 10.0 11:00a NE
4 48.3 60.5 3:40p 34.9 5:40a 16.7 0.0 0.00 0.5 9.0 2:20p NE
5 57.7 68.3 4:50p 51.4 12:00m 7.6 0.3 0.00 0.4 7.0 9:20a NE
6 55.3 70.5 3:10p 42.7 7:00a 10.7 1.0 0.00 0.8 13.0 2:40p NE
7 59.6 66.9 4:30p 50.1 12:40a 5.6 0.2 0.50 0.6 12.0 8:10p S
8 50.3 57.9 12:10a 38.6 12:00m 14.7 0.0 0.01 1.2 11.0 4:00a NNW
9 41.8 54.2 3:30p 32.7 7:30a 23.2 0.0 0.00 0.8 11.0 11:00a NE
10 46.8 66.2 3:20p 32.4 7:30a 18.3 0.1 0.00 0.4 9.0 2:00p SW
11 51.9 67.6 3:00p 37.4 7:20a 13.4 0.2 0.02 0.5 10.0 12:40p S
12 41.7 55.5 5:40a 27.4 12:00m 23.3 0.0 0.44 3.0 19.0 6:30p NNW
13 32.7 45.8 3:20p 22.5 7:20a 32.3 0.0 0.00 1.1 14.0 11:00a NE
14 38.5 44.1 2:30p 30.6 2:00a 26.5 0.0 0.34 1.5 11.0 10:40a NE
15 45.0 48.5 4:50p 40.1 12:10a 20.0 0.0 0.33 1.2 12.0 11:50a NE
16 52.6 63.4 3:20p 43.2 8:20a 12.4 0.0 0.00 1.2 17.0 11:50a NE
17 55.5 65.8 2:30p 47.8 7:00a 9.5 0.0 0.04 0.9 9.0 8:20a NE
18 55.1 64.2 2:40p 45.8 11:30p 9.9 0.0 0.01 0.6 6.0 3:10a SSW
19 50.9 62.6 2:50p 43.3 12:00m 14.1 0.0 0.00 1.0 11.0 9:10a NW
20 50.0 63.5 2:50p 42.4 12:50a 15.0 0.0 0.00 1.0 11.0 12:00p NNW
21 50.5 66.3 2:30p 38.0 8:00a 14.5 0.0 0.00 0.8 12.0 11:30a SSW
22 55.1 65.7 4:00p 43.9 6:20a 10.0 0.1 0.00 0.5 9.0 11:20a SW
23 58.6 64.3 4:40p 47.1 12:00m 6.4 0.0 0.50 2.1 16.0 11:20p SSW
24 46.8 56.9 2:50p 38.7 12:00m 18.2 0.0 0.00 2.6 20.0 9:00a NW
25 46.0 63.3 3:10p 34.1 8:30a 19.0 0.0 0.00 0.4 7.0 1:40p NW
26 48.4 64.7 2:40p 33.7 6:50a 16.6 0.0 0.00 0.6 12.0 2:40p S
27 61.8 74.3 2:50p 50.3 12:00m 4.9 1.7 0.36 1.9 15.0 4:20p NNW
28 52.3 64.7 3:00p 43.0 7:50a 12.7 0.0 0.00 2.6 13.0 8:00a NNW
29 55.0 66.5 3:10p 47.1 7:50a 10.1 0.1 0.00 0.2 9.0 10:00a NNW
30 59.8 74.1 2:50p 46.8 5:50a 7.2 2.0 0.00 0.9 11.0 2:20p S
-------------------------------------------------------------------------------------
50.2 74.3 27 22.5 13 451.3 5.7 2.55 1.1 20.0 24 NNW
Max >= 90.0: 0
Max <= 32.0: 0
Min <= 32.0: 3
Min <= 0.0: 0
Max Rain: 0.50 ON 11/07/19
Days of Rain: 8 (>.01 in) 6 (>.1 in) 0 (>1 in)
Heat Base: 65.0 Cool Base: 65.0 Method: Integration