NOAA-style Climate Reports
2024: Jan | Feb | Mar | Apr | May | Jun | Jul | Aug | Sep | Oct | Nov | Dec
2023: Jan | Feb | Mar | Apr | May | Jun | Jul | Aug | Sep | Oct | Nov | Dec
2022: Jan | Feb | Mar | Apr | May | Jun | Jul | Aug | Sep | Oct | Nov | Dec
2021: Jan | Feb | Mar | Apr | May | Jun | Jul | Aug | Sep | Oct | Nov | Dec
2020: Jan | Feb | Mar | Apr | May | Jun | Jul | Aug | Sep | Oct | Nov | Dec
2019: Jan | Feb | Mar | Apr | May | Jun | Jul | Aug | Sep | Oct | Nov | Dec
2018: Jan | Feb | Mar | Apr | May | Jun | Jul | Aug | Sep | Oct | Nov | Dec
2017: Jan | Feb | Mar | Apr | May | Jun | Jul | Aug | Sep | Oct | Nov | Dec
2016: Jan | Feb | Mar | Apr | May | Jun | Jul | Aug | Sep | Oct | Nov | Dec
2015: Jan | Feb | Mar | Apr | May | Jun | Jul | Aug | Sep | Oct | Nov | Dec
2014: Jan | Feb | Mar | Apr | May | Jun | Jul | Aug | Sep | Oct | Nov | Dec
2013: Jan | Feb | Mar | Apr | May | Jun | Jul | Aug | Sep | Oct | Nov | Dec
2012: Jan | Feb | Mar | Apr | May | Jun | Jul | Aug | Sep | Oct | Nov | Dec
2011: Jan | Feb | Mar | Apr | May | Jun | Jul | Aug | Sep | Oct | Nov | Dec
2010: Jan | Feb | Mar | Apr | May | Jun | Jul | Aug | Sep | Oct | Nov | Dec
2009: Jan | Feb | Mar | Apr | May | Jun | Jul | Aug | Sep | Oct | Nov | Dec
2008: Jan | Feb | Mar | Apr | May | Jun | Jul | Aug | Sep | Oct | Nov | Dec
2007: Jan | Feb | Mar | Apr | May | Jun | Jul | Aug | Sep | Oct | Nov | Dec
2006: Jan | Feb | Mar | Apr | May | Jun | Jul | Aug | Sep | Oct | Nov | Dec
2005: Jan | Feb | Mar | Apr | May | Jun | Jul | Aug | Sep | Oct | Nov | Dec
Report for 2020 09
MONTHLY CLIMATOLOGICAL SUMMARY for SEP. 2020
NAME: Conyers2 CITY: Snellville STATE: GA
ELEV: 1060 ft LAT: 33° 50' 59" N LONG: 84° 02' 47" W
TEMPERATURE (°F), RAIN (in), WIND SPEED (mph)
HEAT COOL AVG
MEAN DEG DEG WIND DOM
DAY TEMP HIGH TIME LOW TIME DAYS DAYS RAIN SPEED HIGH TIME DIR
------------------------------------------------------------------------------------
1 80.4 89.4 3:30p 73.2 7:30a 0.0 15.4 0.00 0.4 7.0 4:40p SW
2 80.6 90.3 3:10p 73.3 7:20a 0.0 15.6 0.00 0.5 13.0 4:40p SW
3 80.3 90.8 3:10p 70.8 7:50a 0.0 15.3 0.00 0.5 9.0 3:50p SW
4 80.2 89.5 3:20p 71.0 7:30a 0.0 15.2 0.00 0.3 12.0 12:20p NNW
5 77.7 86.1 4:20p 69.4 8:00a 0.0 12.7 0.00 0.6 11.0 12:30p NE
6 72.6 82.6 2:30p 63.5 8:00a 0.1 7.8 0.00 0.4 12.0 1:10p NE
7 71.2 83.7 3:20p 59.7 8:00a 1.2 7.4 0.00 0.1 11.0 12:50p NNE
8 72.8 84.7 3:10p 63.1 6:30a 0.3 8.0 0.00 0.3 12.0 2:00p NE
9 74.0 83.2 3:20p 65.0 4:00a 0.0 9.0 0.00 1.2 19.0 11:00a NE
10 76.9 82.8 2:30p 73.3 6:10a 0.0 11.9 0.03 0.6 10.0 1:00a NE
11 78.8 88.0 3:00p 71.2 7:40a 0.0 13.8 0.00 0.3 12.0 5:30p NE
12 77.5 86.9 3:30p 73.0 4:20a 0.0 12.5 0.01 0.4 13.0 5:10p NE
13 77.7 85.4 2:50p 72.1 7:50a 0.0 12.7 0.00 0.3 12.0 2:30p NE
14 78.0 86.9 2:30p 71.5 7:10a 0.0 13.0 0.00 0.4 13.0 10:40p NE
15 70.8 76.5 12:10a 66.8 11:50a 0.0 5.8 0.11 1.9 14.0 11:30a NE
16 65.5 68.4 12:10a 63.5 1:30p 0.2 0.7 1.17 2.0 17.0 9:20p NNE
17 68.2 70.4 6:00p 66.0 2:40a 0.0 3.2 2.81 3.6 23.0 6:40a NE
18 72.4 79.8 3:50p 66.6 6:30a 0.0 7.4 0.01 0.6 10.0 12:00p NE
19 66.9 70.9 12:10a 61.3 12:00m 0.4 2.3 0.00 2.0 14.0 11:20a NE
20 61.2 69.2 4:10p 53.7 8:20a 4.6 0.8 0.00 3.3 19.0 10:10a NE
21 60.2 69.9 3:50p 53.2 8:00a 5.6 0.8 0.00 2.6 20.0 11:10a NE
22 58.9 69.2 5:20p 48.5 8:10a 6.8 0.8 0.00 0.2 13.0 11:00a NE
23 65.6 74.2 4:20p 59.1 6:50a 2.1 2.7 0.00 0.1 9.0 12:10p S
24 64.4 66.8 4:00p 60.9 7:20a 1.1 0.5 0.77 0.4 9.0 2:10p NNE
25 71.6 77.7 3:30p 66.4 12:10a 0.0 6.6 0.04 0.1 10.0 3:30p SW
26 70.6 77.9 4:30p 66.0 8:10a 0.0 5.6 0.00 0.1 6.0 1:40p NE
27 70.8 82.0 2:20p 65.2 2:40a 0.0 5.8 0.10 0.7 15.0 6:10p SW
28 73.6 82.8 2:50p 68.9 2:40a 0.0 8.6 0.01 0.5 10.0 1:50p SW
29 61.4 72.1 12:10a 54.3 12:00m 4.5 0.8 0.34 0.1 6.0 10:40a NW
30 59.6 71.8 4:30p 49.1 8:10a 6.8 1.5 0.00 0.2 9.0 2:00p NW
-------------------------------------------------------------------------------------
71.3 90.8 3 48.5 22 33.7 224.2 5.40 0.8 23.0 17 NE
Max >= 90.0: 2
Max <= 32.0: 0
Min <= 32.0: 0
Min <= 0.0: 0
Max Rain: 2.81 ON 09/17/20
Days of Rain: 8 (>.01 in) 5 (>.1 in) 2 (>1 in)
Heat Base: 65.0 Cool Base: 65.0 Method: Integration