NOAA-style Climate Reports
2024: Jan | Feb | Mar | Apr | May | Jun | Jul | Aug | Sep | Oct | Nov | Dec
2023: Jan | Feb | Mar | Apr | May | Jun | Jul | Aug | Sep | Oct | Nov | Dec
2022: Jan | Feb | Mar | Apr | May | Jun | Jul | Aug | Sep | Oct | Nov | Dec
2021: Jan | Feb | Mar | Apr | May | Jun | Jul | Aug | Sep | Oct | Nov | Dec
2020: Jan | Feb | Mar | Apr | May | Jun | Jul | Aug | Sep | Oct | Nov | Dec
2019: Jan | Feb | Mar | Apr | May | Jun | Jul | Aug | Sep | Oct | Nov | Dec
2018: Jan | Feb | Mar | Apr | May | Jun | Jul | Aug | Sep | Oct | Nov | Dec
2017: Jan | Feb | Mar | Apr | May | Jun | Jul | Aug | Sep | Oct | Nov | Dec
2016: Jan | Feb | Mar | Apr | May | Jun | Jul | Aug | Sep | Oct | Nov | Dec
2015: Jan | Feb | Mar | Apr | May | Jun | Jul | Aug | Sep | Oct | Nov | Dec
2014: Jan | Feb | Mar | Apr | May | Jun | Jul | Aug | Sep | Oct | Nov | Dec
2013: Jan | Feb | Mar | Apr | May | Jun | Jul | Aug | Sep | Oct | Nov | Dec
2012: Jan | Feb | Mar | Apr | May | Jun | Jul | Aug | Sep | Oct | Nov | Dec
2011: Jan | Feb | Mar | Apr | May | Jun | Jul | Aug | Sep | Oct | Nov | Dec
2010: Jan | Feb | Mar | Apr | May | Jun | Jul | Aug | Sep | Oct | Nov | Dec
2009: Jan | Feb | Mar | Apr | May | Jun | Jul | Aug | Sep | Oct | Nov | Dec
2008: Jan | Feb | Mar | Apr | May | Jun | Jul | Aug | Sep | Oct | Nov | Dec
2007: Jan | Feb | Mar | Apr | May | Jun | Jul | Aug | Sep | Oct | Nov | Dec
2006: Jan | Feb | Mar | Apr | May | Jun | Jul | Aug | Sep | Oct | Nov | Dec
2005: Jan | Feb | Mar | Apr | May | Jun | Jul | Aug | Sep | Oct | Nov | Dec
Report for 2021 06
MONTHLY CLIMATOLOGICAL SUMMARY for JUN. 2021
NAME: Conyers2 CITY: Snellville STATE: GA
ELEV: 1060 ft LAT: 33° 42' 12" N LONG: 84° 02' 13" W
TEMPERATURE (°F), RAIN (in), WIND SPEED (mph)
HEAT COOL AVG
MEAN DEG DEG WIND DOM
DAY TEMP HIGH TIME LOW TIME DAYS DAYS RAIN SPEED HIGH TIME DIR
------------------------------------------------------------------------------------
1 68.4 81.0 2:40p 55.1 7:00a 2.5 5.9 0.00 0.2 11.0 2:10p SSW
2 70.4 81.1 12:50p 59.2 5:40a 1.4 6.7 0.00 0.2 9.0 12:10p SW
3 75.3 88.4 1:50p 64.6 5:30a 0.0 10.4 0.00 0.1 11.0 2:00p SW
4 76.5 85.2 2:30p 67.7 6:10a 0.0 11.5 0.00 0.1 9.0 2:30p SW
5 76.1 88.1 2:50p 69.8 7:00a 0.0 11.1 0.05 0.1 10.0 4:20p SW
6 77.4 87.3 3:10p 70.3 6:50a 0.0 12.3 0.26 0.1 19.0 9:50p SSW
7 74.8 85.6 3:00p 69.4 4:10a 0.0 9.8 0.02 1.0 16.0 6:40p SW
8 75.7 86.2 1:30p 70.8 12:00m 0.0 10.6 0.07 0.6 14.0 2:40p SW
9 75.2 87.6 2:40p 68.5 6:30a 0.0 10.2 0.21 0.6 11.0 3:00p SW
10 74.5 84.3 1:50p 67.2 7:20a 0.0 9.5 0.10 0.6 14.0 9:20p SW
11 75.4 85.8 2:10p 71.2 6:30a 0.0 10.4 0.02 0.2 13.0 4:40p SW
12 79.2 89.4 2:30p 71.8 4:20a 0.0 14.2 0.03 0.3 13.0 4:00p NNW
13 77.4 86.7 3:00p 68.6 7:00a 0.0 12.4 0.01 0.6 12.0 4:40p NE
14 79.5 92.9 3:00p 69.5 7:10a 0.0 14.5 0.01 0.1 15.0 5:30p SW
15 79.1 91.9 2:10p 68.8 7:00a 0.0 14.1 0.00 0.4 14.0 3:20p NNW
16 74.3 85.8 3:20p 61.7 6:20a 0.5 9.8 0.00 0.6 15.0 10:30a NE
17 75.2 89.7 2:40p 60.8 6:50a 0.7 10.9 0.00 0.3 13.0 9:30a NNE
18 78.3 93.6 2:40p 62.9 7:10a 0.2 13.5 0.00 0.4 14.0 12:00p SSW
19 72.9 78.2 9:50a 68.5 10:20p 0.0 7.9 0.19 0.5 11.0 11:30a NNE
20 73.5 78.1 4:10p 69.5 12:10a 0.0 8.5 0.04 0.2 11.0 5:30a SSW
21 77.4 87.1 1:20p 71.7 3:30a 0.0 12.4 0.02 1.3 14.0 3:00p SW
22 72.7 79.9 3:10p 64.6 12:00m 0.0 7.7 0.01 0.6 12.0 1:40a SW
23 71.2 83.1 3:10p 59.5 6:10a 1.4 7.6 0.01 0.9 12.0 5:00p NE
24 74.5 82.2 3:10p 68.0 2:50a 0.0 9.5 0.00 1.1 12.0 9:50a SSW
25 72.7 83.0 2:40p 63.1 7:00a 0.2 7.9 0.02 0.8 12.0 11:40a NNE
26 74.6 85.5 2:50p 63.2 6:50a 0.2 9.7 0.00 0.7 11.0 12:20p SW
27 78.2 86.1 3:10p 71.7 2:30a 0.0 13.1 0.01 0.8 11.0 12:30p S
28 78.4 87.8 3:00p 69.9 7:00a 0.0 13.4 0.01 0.9 12.0 4:00p NE
29 77.2 86.0 2:50p 71.8 7:00a 0.0 12.2 0.00 1.3 14.0 2:20a SW
30 77.5 88.8 2:40p 68.4 6:30a 0.0 12.5 0.01 0.4 12.0 7:00p SW
-------------------------------------------------------------------------------------
75.4 93.6 18 55.1 1 7.1 320.2 1.10 0.5 19.0 6 SW
Max >= 90.0: 3
Max <= 32.0: 0
Min <= 32.0: 0
Min <= 0.0: 0
Max Rain: 0.26 ON 06/06/21
Days of Rain: 12 (>.01 in) 3 (>.1 in) 0 (>1 in)
Heat Base: 65.0 Cool Base: 65.0 Method: Integration