NOAA-style Climate Reports

2024: Jan | Feb | Mar | Apr | May | Jun | Jul | Aug | Sep | Oct | Nov | Dec 
2023: Jan | Feb | Mar | Apr | May | Jun | Jul | Aug | Sep | Oct | Nov | Dec 
2022: Jan | Feb | Mar | Apr | May | Jun | Jul | Aug | Sep | Oct | Nov | Dec 
2021: Jan | Feb | Mar | Apr | May | Jun | Jul | Aug | Sep | Oct | Nov | Dec 
2020: Jan | Feb | Mar | Apr | May | Jun | Jul | Aug | Sep | Oct | Nov | Dec 
2019: Jan | Feb | Mar | Apr | May | Jun | Jul | Aug | Sep | Oct | Nov | Dec 
2018: Jan | Feb | Mar | Apr | May | Jun | Jul | Aug | Sep | Oct | Nov | Dec 
2017: Jan | Feb | Mar | Apr | May | Jun | Jul | Aug | Sep | Oct | Nov | Dec 
2016: Jan | Feb | Mar | Apr | May | Jun | Jul | Aug | Sep | Oct | Nov | Dec 
2015: Jan | Feb | Mar | Apr | May | Jun | Jul | Aug | Sep | Oct | Nov | Dec 
2014: Jan | Feb | Mar | Apr | May | Jun | Jul | Aug | Sep | Oct | Nov | Dec 
2013: Jan | Feb | Mar | Apr | May | Jun | Jul | Aug | Sep | Oct | Nov | Dec 
2012: Jan | Feb | Mar | Apr | May | Jun | Jul | Aug | Sep | Oct | Nov | Dec 
2011: Jan | Feb | Mar | Apr | May | Jun | Jul | Aug | Sep | Oct | Nov | Dec 
2010: Jan | Feb | Mar | Apr | May | Jun | Jul | Aug | Sep | Oct | Nov | Dec 
2009: Jan | Feb | Mar | Apr | May | Jun | Jul | Aug | Sep | Oct | Nov | Dec 
2008: Jan | Feb | Mar | Apr | May | Jun | Jul | Aug | Sep | Oct | Nov | Dec 
2007: Jan | Feb | Mar | Apr | May | Jun | Jul | Aug | Sep | Oct | Nov | Dec 
2006: Jan | Feb | Mar | Apr | May | Jun | Jul | Aug | Sep | Oct | Nov | Dec 
2005: Jan | Feb | Mar | Apr | May | Jun | Jul | Aug | Sep | Oct | Nov | Dec 

Report for 2022 07
MONTHLY CLIMATOLOGICAL SUMMARY for JUL. 2022 NAME: Conyers2 CITY: Snellville STATE: GA ELEV: 1060 ft LAT: 33 50' 59" N LONG: 84 02' 47" W TEMPERATURE (F), RAIN (in), WIND SPEED (mph) HEAT COOL AVG MEAN DEG DEG WIND DOM DAY TEMP HIGH TIME LOW TIME DAYS DAYS RAIN SPEED HIGH TIME DIR ------------------------------------------------------------------------------------ 1 76.2 83.5 12:30p 70.6 6:50a 0.0 11.2 0.00 0.0 5.0 12:40p SSE 2 79.0 93.2 2:40p 68.3 4:50a 0.0 14.0 0.00 0.1 4.0 11:20a SSE 3 78.8 95.9 3:50p 71.7 11:40p 0.0 13.8 0.24 0.3 8.0 5:40p S 4 78.6 89.7 4:00p 69.9 6:40a 0.0 13.6 0.17 0.0 4.0 3:50p SSW 5 81.0 92.2 3:30p 72.8 6:30a 0.0 16.0 0.15 0.2 5.0 1:10p WSW 6 80.2 88.3 12:30p 73.4 12:00m 0.0 15.2 0.13 0.2 9.0 10:40p S 7 77.1 88.0 5:20p 72.2 2:50a 0.0 12.1 0.12 0.1 6.0 2:20p SSW 8 79.4 93.1 3:30p 71.5 11:50p 0.0 14.4 0.10 0.3 8.0 4:30p S 9 76.0 85.0 5:20p 71.2 3:40a 0.0 11.0 0.11 0.2 5.0 2:50p SW 10 77.0 87.1 5:20p 72.4 10:10a 0.0 12.0 0.14 0.1 4.0 11:50a SE 11 73.7 79.3 4:10p 69.2 7:10a 0.0 8.7 0.00 0.0 4.0 12:50p SE 12 77.3 89.2 3:00p 69.1 6:50a 0.0 12.3 0.00 0.1 5.0 2:00p SSE 13 76.2 90.9 3:40p 70.8 5:20p 0.0 11.2 0.00 0.1 4.0 1:40p SSE 14 77.3 88.9 4:00p 70.9 2:50a 0.0 12.3 0.00 0.0 4.0 3:40p ESE 15 78.3 93.4 2:00p 68.1 7:10a 0.0 13.3 0.00 0.0 4.0 3:10p S 16 77.6 92.4 3:00p 69.2 6:10a 0.0 12.6 0.00 0.1 4.0 1:40p SSE 17 77.9 89.0 3:50p 69.0 7:00a 0.0 12.9 0.00 0.3 6.0 3:40p S 18 77.4 89.6 4:40p 68.6 6:40a 0.0 12.4 0.02 0.5 14.0 6:30p S 19 73.8 85.4 4:20p 69.5 6:20p 0.0 8.8 0.92 0.2 14.0 5:40p SW 20 78.9 89.7 4:50p 70.4 12:30a 0.0 13.9 0.63 0.4 7.0 4:40p S 21 76.6 85.8 3:50p 69.7 10:50a 0.0 11.6 0.20 0.3 5.0 8:10a SW 22 78.6 90.1 3:10p 70.4 6:30a 0.0 13.6 0.00 0.1 4.0 3:10p E 23 79.6 95.5 3:10p 70.7 6:20a 0.0 14.6 0.00 0.1 5.0 6:00p E 24 80.8 95.1 2:50p 71.2 7:10a 0.0 15.8 0.00 0.1 6.0 12:00p E 25 79.9 91.3 4:00p 72.3 5:30a 0.0 14.9 0.00 0.1 4.0 11:20a E 26 80.1 91.7 3:50p 71.7 7:00a 0.0 15.1 0.00 0.2 6.0 3:20p NE 27 80.6 95.5 3:20p 70.9 7:10a 0.0 15.6 0.00 0.2 6.0 1:50p NE 28 80.3 94.5 1:50p 71.1 7:30a 0.0 15.3 0.00 0.2 8.0 12:00p E 29 79.5 93.9 1:50p 72.0 7:00a 0.0 14.5 0.00 0.2 7.0 5:30p NE 30 76.0 87.7 3:20p 71.5 7:00a 0.0 11.0 0.70 0.2 5.0 12:00m NE 31 77.5 89.8 4:20p 69.3 6:50a 0.0 12.5 0.00 0.5 9.0 10:50a S ------------------------------------------------------------------------------------- 78.1 95.9 3 68.1 15 0.0 406.2 3.63 0.2 14.0 18 S Max >= 90.0: 15 Max <= 32.0: 0 Min <= 32.0: 0 Min <= 0.0: 0 Max Rain: 0.92 ON 07/19/22 Days of Rain: 13 (>.01 in) 11 (>.1 in) 0 (>1 in) Heat Base: 65.0 Cool Base: 65.0 Method: Integration