NOAA-style Climate Reports

2024: Jan | Feb | Mar | Apr | May | Jun | Jul | Aug | Sep | Oct | Nov | Dec 
2023: Jan | Feb | Mar | Apr | May | Jun | Jul | Aug | Sep | Oct | Nov | Dec 
2022: Jan | Feb | Mar | Apr | May | Jun | Jul | Aug | Sep | Oct | Nov | Dec 
2021: Jan | Feb | Mar | Apr | May | Jun | Jul | Aug | Sep | Oct | Nov | Dec 
2020: Jan | Feb | Mar | Apr | May | Jun | Jul | Aug | Sep | Oct | Nov | Dec 
2019: Jan | Feb | Mar | Apr | May | Jun | Jul | Aug | Sep | Oct | Nov | Dec 
2018: Jan | Feb | Mar | Apr | May | Jun | Jul | Aug | Sep | Oct | Nov | Dec 
2017: Jan | Feb | Mar | Apr | May | Jun | Jul | Aug | Sep | Oct | Nov | Dec 
2016: Jan | Feb | Mar | Apr | May | Jun | Jul | Aug | Sep | Oct | Nov | Dec 
2015: Jan | Feb | Mar | Apr | May | Jun | Jul | Aug | Sep | Oct | Nov | Dec 
2014: Jan | Feb | Mar | Apr | May | Jun | Jul | Aug | Sep | Oct | Nov | Dec 
2013: Jan | Feb | Mar | Apr | May | Jun | Jul | Aug | Sep | Oct | Nov | Dec 
2012: Jan | Feb | Mar | Apr | May | Jun | Jul | Aug | Sep | Oct | Nov | Dec 
2011: Jan | Feb | Mar | Apr | May | Jun | Jul | Aug | Sep | Oct | Nov | Dec 
2010: Jan | Feb | Mar | Apr | May | Jun | Jul | Aug | Sep | Oct | Nov | Dec 
2009: Jan | Feb | Mar | Apr | May | Jun | Jul | Aug | Sep | Oct | Nov | Dec 
2008: Jan | Feb | Mar | Apr | May | Jun | Jul | Aug | Sep | Oct | Nov | Dec 
2007: Jan | Feb | Mar | Apr | May | Jun | Jul | Aug | Sep | Oct | Nov | Dec 
2006: Jan | Feb | Mar | Apr | May | Jun | Jul | Aug | Sep | Oct | Nov | Dec 
2005: Jan | Feb | Mar | Apr | May | Jun | Jul | Aug | Sep | Oct | Nov | Dec 

Report for 2022 08
MONTHLY CLIMATOLOGICAL SUMMARY for AUG. 2022 NAME: Conyers2 CITY: Snellville STATE: GA ELEV: 1060 ft LAT: 33 50' 59" N LONG: 84 02' 47" W TEMPERATURE (F), RAIN (in), WIND SPEED (mph) HEAT COOL AVG MEAN DEG DEG WIND DOM DAY TEMP HIGH TIME LOW TIME DAYS DAYS RAIN SPEED HIGH TIME DIR ------------------------------------------------------------------------------------ 1 74.8 83.4 1:40p 67.9 6:40a 0.0 9.8 0.00 0.1 5.0 1:50p SSE 2 78.0 89.7 4:20p 70.0 4:00a 0.0 13.0 0.00 0.2 6.0 10:00a S 3 77.0 86.8 4:20p 70.7 8:30p 0.0 12.0 0.17 0.1 4.0 3:30p SSE 4 75.4 87.4 3:30p 67.6 6:50a 0.0 10.4 0.00 0.1 4.0 12:40p SSE 5 77.9 89.0 4:20p 70.5 6:50a 0.0 12.9 0.00 0.1 6.0 3:10p SSW 6 77.9 88.9 4:30p 71.0 11:50p 0.0 12.9 0.17 0.2 6.0 8:10p SW 7 75.9 87.2 3:50p 69.2 4:50a 0.0 10.9 0.00 0.2 4.0 1:50p SW 8 75.6 87.0 1:30p 70.2 7:20a 0.0 10.6 0.61 0.1 4.0 5:00p SW 9 75.2 86.1 3:10p 71.5 7:10a 0.0 10.2 1.58 0.2 5.0 4:20p S 10 74.8 84.7 4:20p 70.0 7:00a 0.0 9.8 0.00 0.2 6.0 9:10p SSW 11 74.6 83.0 4:50p 68.8 7:00a 0.0 9.6 0.00 0.1 5.0 11:40p SSW 12 76.3 86.6 3:30p 70.6 3:40a 0.0 11.3 0.00 0.2 6.0 11:50a SSW 13 74.0 81.7 3:20p 67.7 12:00m 0.0 9.0 0.00 0.1 4.0 12:00p S 14 73.1 84.2 2:10p 63.5 7:10a 0.1 8.2 0.00 0.1 5.0 1:40p SSW 15 75.8 88.1 3:40p 66.5 6:10a 0.0 10.8 0.01 0.4 11.0 9:20p S 16 74.0 84.4 4:40p 67.9 6:50a 0.0 9.0 0.00 0.0 4.0 12:40p WNW 17 72.2 78.0 5:20p 69.2 11:30a 0.0 7.2 0.05 0.0 3.0 1:40p WNW 18 74.0 82.5 3:40p 70.1 7:10a 0.0 8.9 0.00 0.0 5.0 10:50a ESE 19 72.2 74.5 12:00p 69.9 4:50a 0.0 7.2 0.00 0.0 2.0 12:20p SE 20 75.9 84.9 2:40p 70.8 12:00m 0.0 10.9 0.00 0.0 8.0 11:30p ESE 21 74.8 86.4 4:10p 69.0 5:50a 0.0 9.8 0.00 0.1 4.0 11:20a ESE 22 74.7 82.9 1:10p 71.6 3:10a 0.0 9.7 0.00 0.0 3.0 11:10a ENE 23 76.0 88.2 3:50p 70.5 7:10a 0.0 11.0 0.00 0.0 4.0 10:50a SE 24 75.0 85.5 2:20p 71.0 5:50a 0.0 10.0 0.00 0.1 5.0 2:20p ESE 25 73.8 80.1 3:30p 70.8 8:10a 0.0 8.8 0.00 0.0 2.0 12:50p ESE 26 76.8 90.1 4:10p 70.3 7:00a 0.0 11.8 0.00 0.0 3.0 11:10a ENE 27 78.3 91.8 4:30p 71.1 6:20a 0.0 13.3 0.00 0.1 4.0 1:50p ESE 28 77.2 90.0 3:50p 69.9 7:10a 0.0 12.1 0.00 0.0 5.0 1:10p SE 29 76.9 91.3 4:50p 68.8 7:10a 0.0 11.8 0.00 0.0 4.0 2:20p ESE 30 75.1 89.7 3:30p 71.2 2:20a 0.0 10.1 0.00 0.0 6.0 5:10p ESE 31 76.6 91.7 4:30p 68.5 11:50p 0.0 11.6 0.00 0.0 3.0 12:50p WNW ------------------------------------------------------------------------------------- 75.5 91.8 27 63.5 14 0.1 324.6 2.59 0.1 11.0 15 ESE Max >= 90.0: 5 Max <= 32.0: 0 Min <= 32.0: 0 Min <= 0.0: 0 Max Rain: 1.58 ON 08/09/22 Days of Rain: 5 (>.01 in) 4 (>.1 in) 1 (>1 in) Heat Base: 65.0 Cool Base: 65.0 Method: Integration