NOAA-style Climate Reports

2023: Jan | Feb | Mar | Apr | May | Jun | Jul | Aug | Sep | Oct | Nov | Dec 
2022: Jan | Feb | Mar | Apr | May | Jun | Jul | Aug | Sep | Oct | Nov | Dec 
2021: Jan | Feb | Mar | Apr | May | Jun | Jul | Aug | Sep | Oct | Nov | Dec 
2020: Jan | Feb | Mar | Apr | May | Jun | Jul | Aug | Sep | Oct | Nov | Dec 
2019: Jan | Feb | Mar | Apr | May | Jun | Jul | Aug | Sep | Oct | Nov | Dec 
2018: Jan | Feb | Mar | Apr | May | Jun | Jul | Aug | Sep | Oct | Nov | Dec 
2017: Jan | Feb | Mar | Apr | May | Jun | Jul | Aug | Sep | Oct | Nov | Dec 
2016: Jan | Feb | Mar | Apr | May | Jun | Jul | Aug | Sep | Oct | Nov | Dec 
2015: Jan | Feb | Mar | Apr | May | Jun | Jul | Aug | Sep | Oct | Nov | Dec 
2014: Jan | Feb | Mar | Apr | May | Jun | Jul | Aug | Sep | Oct | Nov | Dec 
2013: Jan | Feb | Mar | Apr | May | Jun | Jul | Aug | Sep | Oct | Nov | Dec 
2012: Jan | Feb | Mar | Apr | May | Jun | Jul | Aug | Sep | Oct | Nov | Dec 
2011: Jan | Feb | Mar | Apr | May | Jun | Jul | Aug | Sep | Oct | Nov | Dec 
2010: Jan | Feb | Mar | Apr | May | Jun | Jul | Aug | Sep | Oct | Nov | Dec 
2009: Jan | Feb | Mar | Apr | May | Jun | Jul | Aug | Sep | Oct | Nov | Dec 
2008: Jan | Feb | Mar | Apr | May | Jun | Jul | Aug | Sep | Oct | Nov | Dec 
2007: Jan | Feb | Mar | Apr | May | Jun | Jul | Aug | Sep | Oct | Nov | Dec 
2006: Jan | Feb | Mar | Apr | May | Jun | Jul | Aug | Sep | Oct | Nov | Dec 
2005: Jan | Feb | Mar | Apr | May | Jun | Jul | Aug | Sep | Oct | Nov | Dec 

Report for 2023 06
MONTHLY CLIMATOLOGICAL SUMMARY for NOV. 2022 NAME: SandyCreekWx CITY: Loganville STATE: GA 30052 ELEV: 839 ft LAT: 33 46' 50" N LONG: 83 55' 53" W TEMPERATURE (F), RAIN (in), WIND SPEED (mph) HEAT COOL AVG MEAN DEG DEG WIND DOM DAY TEMP HIGH TIME LOW TIME DAYS DAYS RAIN SPEED HIGH TIME DIR ------------------------------------------------------------------------------------ 1 59.2 75.3 3:50p 48.1 8:30a 7.3 1.5 0.00 0.0 4.0 1:30p SE 2 60.1 74.6 4:00p 52.6 5:00a 6.3 1.4 0.00 0.0 2.0 11:40a SE 3 59.7 73.8 2:30p 51.8 2:30a 6.9 1.6 0.00 0.0 4.0 1:30p ESE 4 59.2 77.7 3:40p 48.8 4:10a 7.8 2.0 0.00 0.0 4.0 3:00p S 5 66.5 77.5 4:30p 55.6 12:10a 2.1 3.6 0.00 0.1 4.0 12:50p NNW 6 71.2 82.3 2:50p 62.8 12:00m 0.1 6.3 0.00 0.1 8.0 12:50a NW 7 71.2 84.3 3:10p 62.3 12:40a 0.2 6.4 0.00 0.1 4.0 1:30p SE 8 67.2 81.6 2:40p 55.9 9:40p 1.8 4.1 0.00 0.1 4.0 9:30a S 9 57.9 70.3 3:00p 47.2 7:30a 7.6 0.4 0.00 0.2 7.0 10:10p S 10 60.5 64.8 11:40a 57.8 12:30a 4.5 0.0 0.00 0.4 7.0 7:30p S 11 65.5 67.9 1:40p 62.5 12:10a 0.3 0.8 0.00 0.1 9.0 2:10p NNW 12 57.9 69.7 12:40p 40.6 12:00m 7.7 0.6 0.00 0.2 7.0 11:40p SE 13 40.3 51.6 3:00p 31.4 12:00m 24.7 0.0 0.00 0.8 9.0 2:20a NE 14 41.3 52.8 2:40p 30.7 12:50a 23.7 0.0 0.00 0.3 7.0 9:30a ESE 15 45.1 47.6 12:10a 42.6 7:30a 19.9 0.0 0.46 0.1 4.0 5:10a ESE 16 43.9 49.5 2:10p 35.5 12:00m 21.1 0.0 0.00 0.6 9.0 10:00a NE 17 36.0 48.6 2:30p 27.5 7:40a 29.0 0.0 0.00 0.3 7.0 1:30p WSW 18 38.0 56.0 2:20p 26.8 3:00a 27.0 0.0 0.00 0.2 7.0 11:30a NE 19 41.2 54.2 12:50p 30.5 6:00a 23.8 0.0 0.00 0.3 11.0 1:50p WSW 20 38.9 46.1 3:40p 26.6 11:50p 26.1 0.0 0.00 0.2 6.0 9:40a WSW 21 37.8 56.4 2:40p 25.2 3:10a 27.2 0.0 0.00 0.1 4.0 2:00p E 22 46.3 64.4 2:30p 35.5 7:40a 18.7 0.0 0.00 0.0 2.0 11:50a ESE 23 48.9 72.9 2:40p 32.7 7:40a 16.9 0.8 0.00 0.0 3.0 11:30a SW 24 49.7 57.3 11:50a 43.8 12:10a 7.7 0.0 0.00 0.0 4.0 10:30a ENE 25 26 27 28 29 30 ------------------------------------------------------------------------------------- 52.6 84.3 7 25.2 21 318.4 29.5 0.46 0.2 11.0 19 NE Max >= 90.0: 0 Max <= 32.0: 0 Min <= 32.0: 7 Min <= 0.0: 0 Max Rain: 0.46 ON 11/15/22 Days of Rain: 1 (>.01 in) 1 (>.1 in) 0 (>1 in) Heat Base: 65.0 Cool Base: 65.0 Method: Integration