NOAA-style Climate Reports

2024: Jan | Feb | Mar | Apr | May | Jun | Jul | Aug | Sep | Oct | Nov | Dec 
2023: Jan | Feb | Mar | Apr | May | Jun | Jul | Aug | Sep | Oct | Nov | Dec 
2022: Jan | Feb | Mar | Apr | May | Jun | Jul | Aug | Sep | Oct | Nov | Dec 
2021: Jan | Feb | Mar | Apr | May | Jun | Jul | Aug | Sep | Oct | Nov | Dec 
2020: Jan | Feb | Mar | Apr | May | Jun | Jul | Aug | Sep | Oct | Nov | Dec 
2019: Jan | Feb | Mar | Apr | May | Jun | Jul | Aug | Sep | Oct | Nov | Dec 
2018: Jan | Feb | Mar | Apr | May | Jun | Jul | Aug | Sep | Oct | Nov | Dec 
2017: Jan | Feb | Mar | Apr | May | Jun | Jul | Aug | Sep | Oct | Nov | Dec 
2016: Jan | Feb | Mar | Apr | May | Jun | Jul | Aug | Sep | Oct | Nov | Dec 
2015: Jan | Feb | Mar | Apr | May | Jun | Jul | Aug | Sep | Oct | Nov | Dec 
2014: Jan | Feb | Mar | Apr | May | Jun | Jul | Aug | Sep | Oct | Nov | Dec 
2013: Jan | Feb | Mar | Apr | May | Jun | Jul | Aug | Sep | Oct | Nov | Dec 
2012: Jan | Feb | Mar | Apr | May | Jun | Jul | Aug | Sep | Oct | Nov | Dec 
2011: Jan | Feb | Mar | Apr | May | Jun | Jul | Aug | Sep | Oct | Nov | Dec 
2010: Jan | Feb | Mar | Apr | May | Jun | Jul | Aug | Sep | Oct | Nov | Dec 
2009: Jan | Feb | Mar | Apr | May | Jun | Jul | Aug | Sep | Oct | Nov | Dec 
2008: Jan | Feb | Mar | Apr | May | Jun | Jul | Aug | Sep | Oct | Nov | Dec 
2007: Jan | Feb | Mar | Apr | May | Jun | Jul | Aug | Sep | Oct | Nov | Dec 
2006: Jan | Feb | Mar | Apr | May | Jun | Jul | Aug | Sep | Oct | Nov | Dec 
2005: Jan | Feb | Mar | Apr | May | Jun | Jul | Aug | Sep | Oct | Nov | Dec 

Report for 2019
ANNUAL CLIMATOLOGICAL SUMMARY NAME: Conyers2 CITY: Snellville STATE: GA ELEV: 1060 ft LAT: 33 50' 59" N LONG: 84 02' 47" W TEMPERATURE (F), HEAT BASE 65.0, COOL BASE 65.0 DEP. HEAT COOL MEAN MEAN FROM DEG DEG MAX MAX MIN MIN YR MO MAX MIN MEAN NORM DAYS DAYS HI DATE LOW DATE >=90 <=32 <=32 <=0 ------------------------------------------------------------------------------------ 19 1 54.5 34.7 43.7 0.0 662 1 68.7 6 20.8 30 0 0 15 0 19 2 61.5 42.6 51.4 0.0 389 9 81.7 7 25.4 1 0 0 3 0 19 3 65.9 42.1 53.4 0.0 382 24 78.9 30 26.3 7 0 0 4 0 19 4 75.7 51.9 63.8 0.0 152 117 85.1 30 33.5 1 0 0 0 0 19 5 86.7 63.4 74.5 0.0 21 314 99.9 29 48.3 14 11 0 0 0 19 6 86.3 67.1 75.7 0.0 6 328 93.3 3 54.7 14 9 0 0 0 19 7 92.0 71.0 79.8 0.0 1 461 99.6 17 61.7 25 21 0 0 0 19 8 90.8 70.0 79.2 0.0 1 443 98.9 13 60.8 30 20 0 0 0 19 9 92.9 66.8 79.0 0.0 8 427 99.5 9 56.8 21 22 0 0 0 19 10 77.3 57.0 66.6 0.0 102 153 98.5 3 38.6 31 4 0 0 0 19 11 62.3 39.7 50.1 0.0 451 6 74.3 27 22.5 13 0 0 3 0 19 12 58.3 40.2 48.7 0.0 510 4 70.7 16 25.6 20 0 0 4 0 ------------------------------------------------------------------------------------ 75.4 53.9 63.9 0.0 2685 2286 99.9 MAY 20.8 JAN 87 0 29 0 PRECIPITATION (in) DEP. MAX DAYS OF RAIN FROM OBS. OVER YR MO TOTAL NORM DAY DATE .01 .1 1 --------------------------------------------- 19 1 5.36 0.00 1.40 23 11 10 2 19 2 4.18 0.00 1.08 21 15 7 1 19 3 1.95 0.00 1.23 3 6 3 1 19 4 3.78 0.00 1.68 19 10 4 2 19 5 1.88 0.00 0.86 12 5 4 0 19 6 6.38 0.00 2.80 8 13 8 2 19 7 3.29 0.00 0.93 19 8 6 0 19 8 2.40 0.00 0.74 5 11 8 0 19 9 0.06 0.00 0.03 13 2 0 0 19 10 3.21 0.00 1.53 19 11 5 1 19 11 2.55 0.00 0.50 7 8 6 0 19 12 0.69 0.00 0.65 1 1 1 0 --------------------------------------------- 35.73 0.00 2.80 JUN 101 62 9 WIND SPEED (mph) DOM YR MO AVG. HI DATE DIR --------------------------------- 19 1 1.8 27.0 20 NNW 19 2 1.7 25.0 8 NNW 19 3 1.9 24.0 16 NNW 19 4 1.3 32.0 19 SSW 19 5 0.7 17.0 30 SW 19 6 0.8 27.0 23 SW 19 7 0.9 20.0 18 SW 19 8 0.9 19.0 14 NE 19 9 1.0 21.0 19 NE 19 10 1.1 19.0 5 NE 19 11 1.1 20.0 24 NNW 19 12 1.9 27.0 30 NNW --------------------------------- 1.3 32.0 APR NNW