NOAA-style Climate Reports

2024: Jan | Feb | Mar | Apr | May | Jun | Jul | Aug | Sep | Oct | Nov | Dec 
2023: Jan | Feb | Mar | Apr | May | Jun | Jul | Aug | Sep | Oct | Nov | Dec 
2022: Jan | Feb | Mar | Apr | May | Jun | Jul | Aug | Sep | Oct | Nov | Dec 
2021: Jan | Feb | Mar | Apr | May | Jun | Jul | Aug | Sep | Oct | Nov | Dec 
2020: Jan | Feb | Mar | Apr | May | Jun | Jul | Aug | Sep | Oct | Nov | Dec 
2019: Jan | Feb | Mar | Apr | May | Jun | Jul | Aug | Sep | Oct | Nov | Dec 
2018: Jan | Feb | Mar | Apr | May | Jun | Jul | Aug | Sep | Oct | Nov | Dec 
2017: Jan | Feb | Mar | Apr | May | Jun | Jul | Aug | Sep | Oct | Nov | Dec 
2016: Jan | Feb | Mar | Apr | May | Jun | Jul | Aug | Sep | Oct | Nov | Dec 
2015: Jan | Feb | Mar | Apr | May | Jun | Jul | Aug | Sep | Oct | Nov | Dec 
2014: Jan | Feb | Mar | Apr | May | Jun | Jul | Aug | Sep | Oct | Nov | Dec 
2013: Jan | Feb | Mar | Apr | May | Jun | Jul | Aug | Sep | Oct | Nov | Dec 
2012: Jan | Feb | Mar | Apr | May | Jun | Jul | Aug | Sep | Oct | Nov | Dec 
2011: Jan | Feb | Mar | Apr | May | Jun | Jul | Aug | Sep | Oct | Nov | Dec 
2010: Jan | Feb | Mar | Apr | May | Jun | Jul | Aug | Sep | Oct | Nov | Dec 
2009: Jan | Feb | Mar | Apr | May | Jun | Jul | Aug | Sep | Oct | Nov | Dec 
2008: Jan | Feb | Mar | Apr | May | Jun | Jul | Aug | Sep | Oct | Nov | Dec 
2007: Jan | Feb | Mar | Apr | May | Jun | Jul | Aug | Sep | Oct | Nov | Dec 
2006: Jan | Feb | Mar | Apr | May | Jun | Jul | Aug | Sep | Oct | Nov | Dec 
2005: Jan | Feb | Mar | Apr | May | Jun | Jul | Aug | Sep | Oct | Nov | Dec 

Report for 2005 05
MONTHLY CLIMATOLOGICAL SUMMARY for MAY. 2005 NAME: ConyersWX CITY: Conyers STATE: GA ELEV: 840 ft LAT: 33 42' 12" N LONG: 84 02' 13" W TEMPERATURE (F), RAIN (in), WIND SPEED (mph) HEAT COOL AVG MEAN DEG DEG WIND DOM DAY TEMP HIGH TIME LOW TIME DAYS DAYS RAIN SPEED HIGH TIME DIR ------------------------------------------------------------------------------------ 1 58.5 69.0 5:00p 48.1 7:20a 6.5 0.0 0.00 2.4 13.0 2:30p NNW 2 55.8 69.2 5:30p 42.4 6:20a 9.2 0.0 0.00 1.7 14.0 1:20p NNW 3 56.7 67.6 4:40p 45.7 7:10a 8.3 0.0 0.00 0.9 8.0 1:20p WNW 4 57.4 71.5 5:30p 43.3 7:20a 7.6 0.0 0.00 1.1 9.0 10:30a NNW 5 59.5 65.1 12:20p 53.9 12:00m 5.5 0.0 0.00 1.7 16.0 11:40a N 6 59.7 71.7 5:00p 47.7 7:20a 5.3 0.0 0.00 0.9 10.0 1:00p NW 7 62.5 76.4 5:30p 48.6 7:10a 2.5 0.0 0.00 0.9 9.0 12:20p NW 8 66.8 82.6 6:00p 51.0 6:10a 0.0 1.8 0.00 0.6 7.0 12:40p N 9 68.3 82.0 2:50p 54.5 6:00a 0.0 3.3 0.00 0.6 6.0 10:00a SW 10 69.3 78.1 1:50p 60.6 7:40a 0.0 4.3 0.00 1.2 10.0 1:00p N 11 69.2 81.8 4:20p 56.6 7:10a 0.0 4.2 0.00 0.9 11.0 3:10p N 12 71.2 85.2 4:10p 57.2 7:10a 0.0 6.2 0.00 0.3 9.0 2:50p N 13 71.6 84.8 4:10p 58.4 7:10a 0.0 6.6 0.00 0.8 11.0 4:50p N 14 71.4 83.2 3:40p 59.6 7:10a 0.0 6.4 0.00 0.8 10.0 3:50p SSW 15 66.7 70.3 4:00p 63.0 8:00a 0.0 1.7 0.35 0.3 7.0 5:20p SSW 16 63.7 75.6 6:40p 51.8 7:10a 1.3 0.0 0.00 0.9 7.0 11:50a N 17 66.1 80.9 6:10p 51.2 7:10a 0.0 1.1 0.00 0.6 6.0 12:20p NNE 18 67.3 78.4 6:40p 56.3 5:50a 0.0 2.3 0.00 0.8 10.0 2:00p SE 19 72.0 84.1 6:20p 59.9 6:20a 0.0 7.0 0.02 0.6 6.0 12:10p S 20 71.9 79.7 11:40a 64.1 12:00m 0.0 6.9 0.61 0.8 21.0 11:50a SW 21 66.7 73.0 6:30p 60.3 10:20a 0.0 1.7 0.01 0.8 10.0 1:10p N 22 68.2 78.4 5:40p 57.9 6:50a 0.0 3.2 0.00 0.5 8.0 12:10p SW 23 75.5 85.2 4:30p 65.8 7:10a 0.0 10.5 0.00 1.8 16.0 2:00p NW 24 69.6 80.2 1:30p 59.1 6:20a 0.0 4.6 0.00 2.4 19.0 6:30p NNW 25 61.3 73.8 5:50p 48.7 7:10a 3.8 0.0 0.00 0.8 9.0 12:20a N 26 65.7 80.8 6:30p 50.5 6:50a 0.0 0.7 0.00 0.7 7.0 3:30p N 27 69.0 83.0 4:40p 55.0 7:20a 0.0 4.0 0.00 0.8 9.0 2:00p NW 28 69.1 79.7 3:10p 58.4 6:40a 0.0 4.1 0.00 1.0 11.0 3:30p NW 29 60.9 66.6 11:00a 55.2 7:10a 4.1 0.0 0.77 0.3 6.0 4:00p NNE 30 60.6 64.0 4:30p 57.2 3:00a 4.4 0.0 0.49 0.4 5.0 3:10a SSE 31 65.6 70.4 2:40p 60.8 6:20a 0.0 0.6 0.35 1.1 9.0 2:20p SE ------------------------------------------------------------------------------------- 65.7 85.2 12 42.4 2 58.5 81.0 2.60 0.9 21.0 20 N Max >= 90.0: 0 Max <= 32.0: 0 Min <= 32.0: 0 Min <= 0.0: 0 Max Rain: 0.77 ON 05/29/05 Days of Rain: 6 (>.01 in) 5 (>.1 in) 0 (>1 in) Heat Base: 65.0 Cool Base: 65.0 Method: (High + Low) / 2