NOAA-style Climate Reports

2024: Jan | Feb | Mar | Apr | May | Jun | Jul | Aug | Sep | Oct | Nov | Dec 
2023: Jan | Feb | Mar | Apr | May | Jun | Jul | Aug | Sep | Oct | Nov | Dec 
2022: Jan | Feb | Mar | Apr | May | Jun | Jul | Aug | Sep | Oct | Nov | Dec 
2021: Jan | Feb | Mar | Apr | May | Jun | Jul | Aug | Sep | Oct | Nov | Dec 
2020: Jan | Feb | Mar | Apr | May | Jun | Jul | Aug | Sep | Oct | Nov | Dec 
2019: Jan | Feb | Mar | Apr | May | Jun | Jul | Aug | Sep | Oct | Nov | Dec 
2018: Jan | Feb | Mar | Apr | May | Jun | Jul | Aug | Sep | Oct | Nov | Dec 
2017: Jan | Feb | Mar | Apr | May | Jun | Jul | Aug | Sep | Oct | Nov | Dec 
2016: Jan | Feb | Mar | Apr | May | Jun | Jul | Aug | Sep | Oct | Nov | Dec 
2015: Jan | Feb | Mar | Apr | May | Jun | Jul | Aug | Sep | Oct | Nov | Dec 
2014: Jan | Feb | Mar | Apr | May | Jun | Jul | Aug | Sep | Oct | Nov | Dec 
2013: Jan | Feb | Mar | Apr | May | Jun | Jul | Aug | Sep | Oct | Nov | Dec 
2012: Jan | Feb | Mar | Apr | May | Jun | Jul | Aug | Sep | Oct | Nov | Dec 
2011: Jan | Feb | Mar | Apr | May | Jun | Jul | Aug | Sep | Oct | Nov | Dec 
2010: Jan | Feb | Mar | Apr | May | Jun | Jul | Aug | Sep | Oct | Nov | Dec 
2009: Jan | Feb | Mar | Apr | May | Jun | Jul | Aug | Sep | Oct | Nov | Dec 
2008: Jan | Feb | Mar | Apr | May | Jun | Jul | Aug | Sep | Oct | Nov | Dec 
2007: Jan | Feb | Mar | Apr | May | Jun | Jul | Aug | Sep | Oct | Nov | Dec 
2006: Jan | Feb | Mar | Apr | May | Jun | Jul | Aug | Sep | Oct | Nov | Dec 
2005: Jan | Feb | Mar | Apr | May | Jun | Jul | Aug | Sep | Oct | Nov | Dec 

Report for 2005 07
MONTHLY CLIMATOLOGICAL SUMMARY for JUL. 2005 NAME: ConyersWX CITY: Conyers STATE: GA ELEV: 840 ft LAT: 33 42' 12" N LONG: 84 02' 13" W TEMPERATURE (F), RAIN (in), WIND SPEED (mph) HEAT COOL AVG MEAN DEG DEG WIND DOM DAY TEMP HIGH TIME LOW TIME DAYS DAYS RAIN SPEED HIGH TIME DIR ------------------------------------------------------------------------------------ 1 80.6 89.9 3:40p 71.2 4:40a 0.0 15.6 0.02 0.5 9.0 5:40p S 2 79.7 89.6 4:30p 69.8 6:30a 0.0 14.7 0.00 0.8 7.0 11:00a SSE 3 78.1 83.8 2:20p 72.4 5:10a 0.0 13.1 0.08 0.7 10.0 3:50p ESE 4 77.2 85.3 6:30p 69.1 9:20p 0.0 12.2 2.04 0.5 9.0 8:20p ESE 5 77.4 86.7 2:00p 68.1 5:20a 0.0 12.4 0.42 0.7 12.0 10:00p SW 6 74.9 81.3 4:00p 68.6 4:50a 0.0 9.9 3.25 0.5 15.0 10:10p N 7 71.5 74.8 6:50p 68.2 8:10a 0.0 6.5 1.63 0.8 7.0 1:40a NW 8 76.4 86.6 6:50p 66.2 6:50a 0.0 11.4 0.00 0.4 8.0 10:40a N 9 76.3 85.4 2:40p 67.1 7:00a 0.0 11.3 0.17 0.9 17.0 6:00p SE 10 73.3 77.1 3:00p 69.4 10:50p 0.0 8.3 1.64 1.9 18.0 7:10p SE 11 77.6 83.7 5:10p 71.6 12:10a 0.0 12.6 1.22 3.3 20.0 10:20a SE 12 79.1 87.0 4:30p 71.2 4:50a 0.0 14.1 0.26 0.5 9.0 6:00p S 13 76.9 84.2 2:00p 69.7 6:40a 0.0 11.9 0.01 0.5 9.0 3:00p SE 14 78.4 85.6 1:50p 71.2 6:50a 0.0 13.4 0.00 0.6 8.0 10:00a SSE 15 76.4 81.9 2:20p 71.0 5:10a 0.0 11.4 0.18 0.3 9.0 3:40p SSE 16 77.8 84.7 6:40p 70.8 4:40a 0.0 12.8 0.00 0.2 7.0 4:50p SSW 17 80.2 89.8 6:40p 70.6 6:40a 0.0 15.2 0.00 0.4 5.0 11:20a S 18 80.8 90.1 4:40p 71.5 7:20a 0.0 15.8 0.00 0.4 5.0 10:40a S 19 80.8 87.7 2:10p 73.9 6:50a 0.0 15.8 0.01 0.4 8.0 5:50p SE 20 79.7 88.0 3:00p 71.3 6:20a 0.0 14.7 0.00 0.4 8.0 5:50p SW 21 80.4 89.3 2:20p 71.4 6:50a 0.0 15.4 0.52 0.5 8.0 3:00p N 22 81.1 90.2 4:30p 72.0 6:40a 0.0 16.1 0.00 1.1 10.0 6:00p WNW 23 80.7 89.5 6:40p 71.9 7:10a 0.0 15.7 0.00 0.7 8.0 12:10p NNW 24 80.2 88.5 3:50p 71.8 6:20a 0.0 15.2 0.00 0.4 6.0 10:00a N 25 82.3 91.1 5:00p 73.4 7:10a 0.0 17.3 0.00 0.4 5.0 11:10a SE 26 84.8 94.9 5:20p 74.7 7:10a 0.0 19.8 0.00 0.4 6.0 1:30p SSW 27 83.6 91.2 2:30p 75.9 7:10a 0.0 18.6 0.00 0.4 10.0 7:50p W 28 81.0 89.8 2:30p 72.2 7:00a 0.0 16.0 0.00 0.4 5.0 1:10p NNW 29 75.5 78.6 2:20p 72.4 3:10a 0.0 10.5 0.05 0.5 8.0 1:50p E 30 73.6 76.7 5:40p 70.4 6:00a 0.0 8.6 1.67 0.5 8.0 10:40p N 31 75.8 81.7 5:30p 70.0 1:00a 0.0 10.8 0.01 0.5 7.0 11:10p ESE ------------------------------------------------------------------------------------- 78.4 94.9 26 66.2 8 0.0 416.9 13.18 0.7 20.0 11 SE Max >= 90.0: 5 Max <= 32.0: 0 Min <= 32.0: 0 Min <= 0.0: 0 Max Rain: 3.25 ON 07/06/05 Days of Rain: 14 (>.01 in) 11 (>.1 in) 6 (>1 in) Heat Base: 65.0 Cool Base: 65.0 Method: (High + Low) / 2