NOAA-style Climate Reports

2024: Jan | Feb | Mar | Apr | May | Jun | Jul | Aug | Sep | Oct | Nov | Dec 
2023: Jan | Feb | Mar | Apr | May | Jun | Jul | Aug | Sep | Oct | Nov | Dec 
2022: Jan | Feb | Mar | Apr | May | Jun | Jul | Aug | Sep | Oct | Nov | Dec 
2021: Jan | Feb | Mar | Apr | May | Jun | Jul | Aug | Sep | Oct | Nov | Dec 
2020: Jan | Feb | Mar | Apr | May | Jun | Jul | Aug | Sep | Oct | Nov | Dec 
2019: Jan | Feb | Mar | Apr | May | Jun | Jul | Aug | Sep | Oct | Nov | Dec 
2018: Jan | Feb | Mar | Apr | May | Jun | Jul | Aug | Sep | Oct | Nov | Dec 
2017: Jan | Feb | Mar | Apr | May | Jun | Jul | Aug | Sep | Oct | Nov | Dec 
2016: Jan | Feb | Mar | Apr | May | Jun | Jul | Aug | Sep | Oct | Nov | Dec 
2015: Jan | Feb | Mar | Apr | May | Jun | Jul | Aug | Sep | Oct | Nov | Dec 
2014: Jan | Feb | Mar | Apr | May | Jun | Jul | Aug | Sep | Oct | Nov | Dec 
2013: Jan | Feb | Mar | Apr | May | Jun | Jul | Aug | Sep | Oct | Nov | Dec 
2012: Jan | Feb | Mar | Apr | May | Jun | Jul | Aug | Sep | Oct | Nov | Dec 
2011: Jan | Feb | Mar | Apr | May | Jun | Jul | Aug | Sep | Oct | Nov | Dec 
2010: Jan | Feb | Mar | Apr | May | Jun | Jul | Aug | Sep | Oct | Nov | Dec 
2009: Jan | Feb | Mar | Apr | May | Jun | Jul | Aug | Sep | Oct | Nov | Dec 
2008: Jan | Feb | Mar | Apr | May | Jun | Jul | Aug | Sep | Oct | Nov | Dec 
2007: Jan | Feb | Mar | Apr | May | Jun | Jul | Aug | Sep | Oct | Nov | Dec 
2006: Jan | Feb | Mar | Apr | May | Jun | Jul | Aug | Sep | Oct | Nov | Dec 
2005: Jan | Feb | Mar | Apr | May | Jun | Jul | Aug | Sep | Oct | Nov | Dec 

Report for 2005 08
MONTHLY CLIMATOLOGICAL SUMMARY for AUG. 2005 NAME: ConyersWX CITY: Conyers STATE: GA ELEV: 840 ft LAT: 33 42' 12" N LONG: 84 02' 13" W TEMPERATURE (F), RAIN (in), WIND SPEED (mph) HEAT COOL AVG MEAN DEG DEG WIND DOM DAY TEMP HIGH TIME LOW TIME DAYS DAYS RAIN SPEED HIGH TIME DIR ------------------------------------------------------------------------------------ 1 76.4 81.1 6:10p 71.7 7:00a 0.0 11.4 0.22 0.7 9.0 1:50p NNW 2 76.6 84.1 4:40p 69.1 6:50a 0.0 11.6 0.01 0.7 11.0 2:30p NNW 3 77.2 85.8 3:30p 68.5 7:20a 0.0 12.2 0.00 0.5 7.0 11:50a N 4 79.3 87.7 4:40p 70.8 6:50a 0.0 14.3 0.00 0.6 14.0 11:20p SE 5 78.5 86.8 5:00p 70.2 7:30a 0.0 13.5 0.07 0.6 8.0 3:20p N 6 76.4 84.4 4:00p 68.4 4:20a 0.0 11.4 0.17 0.7 13.0 6:50p SSW 7 75.9 81.0 2:50p 70.8 10:40p 0.0 10.9 0.38 0.6 8.0 3:30p SE 8 76.1 81.3 4:10p 70.8 1:00a 0.0 11.1 1.03 0.5 11.0 6:00p N 9 77.2 83.0 5:50p 71.4 6:10a 0.0 12.2 0.29 0.5 9.0 6:10p N 10 77.9 84.0 1:10p 71.8 7:20a 0.0 12.9 0.04 0.4 6.0 12:40p ESE 11 78.4 86.3 3:10p 70.6 7:20a 0.0 13.4 0.05 0.4 7.0 1:10p N 12 78.9 87.4 3:50p 70.4 7:20a 0.0 13.9 0.13 0.5 7.0 6:40p SE 13 78.9 87.5 4:30p 70.4 4:30a 0.0 13.9 0.07 0.5 11.0 5:30p SW 14 79.4 88.8 5:10p 69.9 7:40a 0.0 14.4 0.01 0.7 8.0 2:10p N 15 80.6 90.0 4:00p 71.2 7:10a 0.0 15.6 0.00 0.4 6.0 12:00p N 16 80.9 88.4 12:40p 73.5 11:40p 0.0 15.9 0.17 0.4 8.0 5:00p N 17 80.0 89.2 3:30p 70.8 7:10a 0.0 15.0 0.00 0.5 8.0 10:40p SW 18 77.8 85.1 2:50p 70.5 6:30a 0.0 12.8 0.00 0.4 6.0 4:30p WSW 19 79.6 88.3 3:20p 70.8 7:00a 0.0 14.6 0.11 0.4 12.0 3:40p N 20 82.4 92.1 5:00p 72.8 9:00a 0.0 17.4 0.00 0.8 7.0 11:40a N 21 84.4 93.4 4:10p 75.3 7:40a 0.0 19.4 0.00 0.8 9.0 2:00p N 22 82.3 92.1 4:30p 72.6 10:50p 0.0 17.3 0.20 0.8 14.0 7:10p N 23 78.3 86.6 5:10p 69.9 7:40a 0.0 13.3 0.09 0.5 9.0 6:10p ESE 24 77.9 84.1 5:20p 71.7 12:40a 0.0 12.9 0.00 0.5 7.0 2:10p SE 25 76.9 82.4 3:50p 71.3 12:00m 0.0 11.9 0.00 1.0 10.0 4:30p SE 26 74.7 82.3 3:40p 67.1 7:30a 0.0 9.7 0.00 0.8 9.0 12:00p SE 27 75.1 85.1 6:10p 65.2 6:50a 0.0 10.1 0.00 0.6 8.0 2:40p SE 28 78.4 86.3 3:30p 70.4 7:20a 0.0 13.4 0.02 0.7 10.0 4:40p SE 29 78.3 84.0 2:00p 72.5 5:00p 0.0 13.3 1.98 1.5 15.0 9:30p SE 30 80.2 85.6 3:40p 74.8 12:40a 0.0 15.2 0.05 2.1 17.0 3:20a SW 31 76.9 85.2 4:20p 68.7 12:00m 0.0 11.9 0.00 0.9 9.0 5:20p SW ------------------------------------------------------------------------------------- 78.4 93.4 21 65.2 27 0.0 416.7 5.09 0.7 17.0 30 N Max >= 90.0: 4 Max <= 32.0: 0 Min <= 32.0: 0 Min <= 0.0: 0 Max Rain: 1.98 ON 08/29/05 Days of Rain: 17 (>.01 in) 10 (>.1 in) 2 (>1 in) Heat Base: 65.0 Cool Base: 65.0 Method: (High + Low) / 2