NOAA-style Climate Reports

2024: Jan | Feb | Mar | Apr | May | Jun | Jul | Aug | Sep | Oct | Nov | Dec 
2023: Jan | Feb | Mar | Apr | May | Jun | Jul | Aug | Sep | Oct | Nov | Dec 
2022: Jan | Feb | Mar | Apr | May | Jun | Jul | Aug | Sep | Oct | Nov | Dec 
2021: Jan | Feb | Mar | Apr | May | Jun | Jul | Aug | Sep | Oct | Nov | Dec 
2020: Jan | Feb | Mar | Apr | May | Jun | Jul | Aug | Sep | Oct | Nov | Dec 
2019: Jan | Feb | Mar | Apr | May | Jun | Jul | Aug | Sep | Oct | Nov | Dec 
2018: Jan | Feb | Mar | Apr | May | Jun | Jul | Aug | Sep | Oct | Nov | Dec 
2017: Jan | Feb | Mar | Apr | May | Jun | Jul | Aug | Sep | Oct | Nov | Dec 
2016: Jan | Feb | Mar | Apr | May | Jun | Jul | Aug | Sep | Oct | Nov | Dec 
2015: Jan | Feb | Mar | Apr | May | Jun | Jul | Aug | Sep | Oct | Nov | Dec 
2014: Jan | Feb | Mar | Apr | May | Jun | Jul | Aug | Sep | Oct | Nov | Dec 
2013: Jan | Feb | Mar | Apr | May | Jun | Jul | Aug | Sep | Oct | Nov | Dec 
2012: Jan | Feb | Mar | Apr | May | Jun | Jul | Aug | Sep | Oct | Nov | Dec 
2011: Jan | Feb | Mar | Apr | May | Jun | Jul | Aug | Sep | Oct | Nov | Dec 
2010: Jan | Feb | Mar | Apr | May | Jun | Jul | Aug | Sep | Oct | Nov | Dec 
2009: Jan | Feb | Mar | Apr | May | Jun | Jul | Aug | Sep | Oct | Nov | Dec 
2008: Jan | Feb | Mar | Apr | May | Jun | Jul | Aug | Sep | Oct | Nov | Dec 
2007: Jan | Feb | Mar | Apr | May | Jun | Jul | Aug | Sep | Oct | Nov | Dec 
2006: Jan | Feb | Mar | Apr | May | Jun | Jul | Aug | Sep | Oct | Nov | Dec 
2005: Jan | Feb | Mar | Apr | May | Jun | Jul | Aug | Sep | Oct | Nov | Dec 

Report for 2006 01
MONTHLY CLIMATOLOGICAL SUMMARY for JAN. 2006 NAME: ConyersWX CITY: Conyers STATE: GA ELEV: 840 ft LAT: 33 42' 12" N LONG: 84 02' 13" W TEMPERATURE (F), RAIN (in), WIND SPEED (mph) HEAT COOL AVG MEAN DEG DEG WIND DOM DAY TEMP HIGH TIME LOW TIME DAYS DAYS RAIN SPEED HIGH TIME DIR ------------------------------------------------------------------------------------ 1 47.5 63.4 3:10p 31.5 8:00a 17.5 0.0 0.19 0.9 9.0 7:50p N 2 57.3 63.2 4:10p 51.4 12:00m 7.7 0.0 1.28 1.4 14.0 10:50a SE 3 49.6 56.2 1:20a 43.0 12:00m 15.4 0.0 0.00 3.3 16.0 11:10a NW 4 50.2 64.6 2:50p 35.7 7:20a 14.8 0.0 0.00 0.7 7.0 2:30p N 5 48.2 55.6 12:00p 40.8 11:10p 16.8 0.0 0.00 4.3 24.0 8:30p NNW 6 37.0 42.5 10:50a 31.6 12:00m 28.0 0.0 0.00 5.0 17.0 8:40p NNW 7 38.9 49.3 4:40p 28.5 4:40a 26.1 0.0 0.00 2.6 11.0 7:20a NW 8 46.2 64.5 2:50p 27.9 7:50a 18.8 0.0 0.00 1.2 13.0 1:30p SSW 9 59.4 71.1 2:20p 47.7 11:50p 5.6 0.0 0.00 1.8 18.0 12:40p SW 10 55.4 68.8 1:50p 42.0 5:30a 9.6 0.0 0.00 1.0 12.0 3:20p ESE 11 56.6 65.3 3:00p 47.9 12:00m 8.4 0.0 0.04 1.2 10.0 3:20p SE 12 56.1 68.2 3:00p 44.1 8:20a 8.9 0.0 0.00 0.7 10.0 1:50p SSW 13 50.3 60.7 12:30p 39.9 11:50p 14.7 0.0 0.42 3.0 24.0 11:00p ESE 14 36.3 40.0 12:10a 32.6 11:40p 28.7 0.0 0.00 9.0 30.0 11:50a NNW 15 42.3 53.6 2:50p 31.1 5:30a 22.7 0.0 0.00 3.1 15.0 12:20a NW 16 52.4 61.6 2:50p 43.3 7:10a 12.6 0.0 0.04 1.3 12.0 1:20p SW 17 53.2 61.9 2:40p 44.5 12:00m 11.8 0.0 0.99 2.9 22.0 11:00p SE 18 41.2 50.7 3:10p 31.7 8:10a 23.8 0.0 0.03 4.1 24.0 4:10a NW 19 44.9 62.4 3:00p 27.4 7:40a 20.1 0.0 0.00 0.8 10.0 2:40p NW 20 45.3 61.7 4:00p 28.9 7:30a 19.7 0.0 0.00 0.6 8.0 3:40p SE 21 58.3 64.6 4:30p 51.9 12:10a 6.8 0.0 0.16 0.5 6.0 2:30a SE 22 50.8 58.7 12:10a 43.0 12:00m 14.2 0.0 0.10 2.0 16.0 6:50p E 23 46.9 52.5 11:30p 41.3 5:00a 18.1 0.0 0.88 1.5 12.0 6:30a SSW 24 52.6 58.1 3:50p 47.1 10:40p 12.4 0.0 0.00 4.3 17.0 9:40a NW 25 45.4 51.8 2:50p 39.0 12:00m 19.6 0.0 0.00 6.1 25.0 1:30p NNW 26 43.7 56.0 4:30p 31.4 8:00a 21.3 0.0 0.00 2.5 11.0 9:30a NW 27 43.8 53.3 3:30p 34.2 1:50a 21.3 0.0 0.00 1.1 10.0 11:10a ENE 28 47.5 63.5 4:50p 31.6 8:00a 17.5 0.0 0.00 1.1 12.0 3:20p SE 29 57.8 65.3 2:50p 50.3 12:10a 7.2 0.0 0.23 1.9 16.0 10:20a SW 30 50.6 64.9 2:00p 36.2 8:20a 14.4 0.0 0.06 2.2 25.0 2:30p SW 31 44.6 54.7 4:30p 34.5 11:50p 20.4 0.0 0.00 3.8 15.0 6:20a NW ------------------------------------------------------------------------------------- 48.7 71.1 9 27.4 19 504.6 0.0 4.42 2.4 30.0 14 NW Max >= 90.0: 0 Max <= 32.0: 0 Min <= 32.0: 10 Min <= 0.0: 0 Max Rain: 1.28 ON 01/02/06 Days of Rain: 12 (>.01 in) 7 (>.1 in) 1 (>1 in) Heat Base: 65.0 Cool Base: 65.0 Method: (High + Low) / 2