NOAA-style Climate Reports

2024: Jan | Feb | Mar | Apr | May | Jun | Jul | Aug | Sep | Oct | Nov | Dec 
2023: Jan | Feb | Mar | Apr | May | Jun | Jul | Aug | Sep | Oct | Nov | Dec 
2022: Jan | Feb | Mar | Apr | May | Jun | Jul | Aug | Sep | Oct | Nov | Dec 
2021: Jan | Feb | Mar | Apr | May | Jun | Jul | Aug | Sep | Oct | Nov | Dec 
2020: Jan | Feb | Mar | Apr | May | Jun | Jul | Aug | Sep | Oct | Nov | Dec 
2019: Jan | Feb | Mar | Apr | May | Jun | Jul | Aug | Sep | Oct | Nov | Dec 
2018: Jan | Feb | Mar | Apr | May | Jun | Jul | Aug | Sep | Oct | Nov | Dec 
2017: Jan | Feb | Mar | Apr | May | Jun | Jul | Aug | Sep | Oct | Nov | Dec 
2016: Jan | Feb | Mar | Apr | May | Jun | Jul | Aug | Sep | Oct | Nov | Dec 
2015: Jan | Feb | Mar | Apr | May | Jun | Jul | Aug | Sep | Oct | Nov | Dec 
2014: Jan | Feb | Mar | Apr | May | Jun | Jul | Aug | Sep | Oct | Nov | Dec 
2013: Jan | Feb | Mar | Apr | May | Jun | Jul | Aug | Sep | Oct | Nov | Dec 
2012: Jan | Feb | Mar | Apr | May | Jun | Jul | Aug | Sep | Oct | Nov | Dec 
2011: Jan | Feb | Mar | Apr | May | Jun | Jul | Aug | Sep | Oct | Nov | Dec 
2010: Jan | Feb | Mar | Apr | May | Jun | Jul | Aug | Sep | Oct | Nov | Dec 
2009: Jan | Feb | Mar | Apr | May | Jun | Jul | Aug | Sep | Oct | Nov | Dec 
2008: Jan | Feb | Mar | Apr | May | Jun | Jul | Aug | Sep | Oct | Nov | Dec 
2007: Jan | Feb | Mar | Apr | May | Jun | Jul | Aug | Sep | Oct | Nov | Dec 
2006: Jan | Feb | Mar | Apr | May | Jun | Jul | Aug | Sep | Oct | Nov | Dec 
2005: Jan | Feb | Mar | Apr | May | Jun | Jul | Aug | Sep | Oct | Nov | Dec 

Report for 2006 05
MONTHLY CLIMATOLOGICAL SUMMARY for MAY. 2006 NAME: ConyersWX CITY: Conyers STATE: GA ELEV: 840 ft LAT: 33 42' 12" N LONG: 84 02' 13" W TEMPERATURE (F), RAIN (in), WIND SPEED (mph) HEAT COOL AVG MEAN DEG DEG WIND DOM DAY TEMP HIGH TIME LOW TIME DAYS DAYS RAIN SPEED HIGH TIME DIR ------------------------------------------------------------------------------------ 1 60.9 71.6 6:30p 50.3 3:40a 4.1 0.0 0.05 0.8 9.0 1:20a ESE 2 63.8 80.0 4:30p 47.7 6:40a 1.2 0.0 0.00 0.7 9.0 6:10p WSW 3 72.4 82.6 5:30p 62.2 5:40a 0.0 7.4 0.00 1.8 14.0 2:10p NW 4 72.6 84.4 2:20p 60.7 7:30a 0.0 7.6 0.04 0.7 9.0 2:50p N 5 70.8 78.3 12:30p 63.2 12:00m 0.0 5.8 0.47 1.1 12.0 3:40p NNW 6 67.8 79.1 4:20p 56.5 7:20a 0.0 2.8 0.00 1.6 9.0 1:10p NNW 7 63.7 69.1 4:20p 58.3 12:00m 1.3 0.0 1.17 0.7 8.0 6:40p NNW 8 59.8 65.8 6:30p 53.8 7:10a 5.2 0.0 0.00 0.8 7.0 12:50a ESE 9 61.4 69.1 3:30p 53.7 6:50a 3.6 0.0 0.00 1.0 10.0 4:40p ESE 10 64.9 69.6 12:50p 60.2 7:40a 0.1 0.0 0.53 1.0 24.0 8:10p E 11 63.2 69.8 3:00p 56.6 12:00m 1.8 0.0 0.00 2.4 19.0 1:30p NW 12 60.0 70.5 6:00p 49.6 7:10a 5.0 0.0 0.00 2.3 14.0 1:30a NW 13 60.6 72.5 6:30p 48.7 6:30a 4.4 0.0 0.02 1.0 10.0 6:10p SW 14 65.1 74.1 5:40p 56.1 6:40a 0.0 0.1 0.15 1.6 14.0 3:00p NW 15 58.5 67.5 3:30p 49.5 6:40a 6.5 0.0 0.00 2.1 15.0 1:50p NW 16 58.9 67.1 6:30p 50.7 2:40a 6.1 0.0 0.00 1.6 10.0 12:10p NW 17 60.3 70.5 4:00p 50.2 7:00a 4.7 0.0 0.00 1.4 11.0 1:10p WNW 18 66.6 80.0 3:50p 53.1 6:40a 0.0 1.6 0.00 2.6 19.0 3:30p NW 19 65.4 79.8 6:20p 51.0 7:20a 0.0 0.4 0.00 1.9 20.0 4:00p NW 20 75.1 89.8 4:30p 60.3 2:00a 0.0 10.1 0.00 2.2 16.0 3:10p WNW 21 76.4 86.4 5:50p 66.5 6:00a 0.0 11.4 0.00 1.8 17.0 12:30p NW 22 76.3 84.8 4:40p 67.8 7:50a 0.0 11.3 0.00 1.1 10.0 4:10p N 23 73.2 84.6 5:50p 61.8 6:50a 0.0 8.2 0.00 1.1 9.0 12:50p N 24 73.0 87.6 6:20p 58.4 6:00a 0.0 8.0 0.00 0.9 9.0 1:10p NNW 25 75.3 91.5 5:00p 59.2 6:40a 0.0 10.3 0.16 0.9 15.0 6:30p NNW 26 77.7 88.5 4:00p 66.9 2:10a 0.0 12.7 0.02 1.4 12.0 5:20p SW 27 81.8 90.5 4:20p 73.2 6:40a 0.0 16.8 0.00 1.5 11.0 12:40p NW 28 79.3 90.0 6:40p 68.5 6:50a 0.0 14.3 0.00 0.9 9.0 10:50a N 29 77.6 89.9 2:50p 65.2 7:00a 0.0 12.6 0.00 0.7 9.0 2:50p N 30 79.0 92.2 5:20p 65.8 6:30a 0.0 14.0 0.00 0.7 12.0 1:50p N 31 78.2 89.9 3:50p 66.4 7:00a 0.0 13.2 0.05 0.6 9.0 2:10p E ------------------------------------------------------------------------------------- 69.0 92.2 30 47.7 2 43.8 168.4 2.66 1.3 24.0 10 NW Max >= 90.0: 4 Max <= 32.0: 0 Min <= 32.0: 0 Min <= 0.0: 0 Max Rain: 1.17 ON 05/07/06 Days of Rain: 10 (>.01 in) 5 (>.1 in) 1 (>1 in) Heat Base: 65.0 Cool Base: 65.0 Method: (High + Low) / 2