NOAA-style Climate Reports
2024: Jan | Feb | Mar | Apr | May | Jun | Jul | Aug | Sep | Oct | Nov | Dec
2023: Jan | Feb | Mar | Apr | May | Jun | Jul | Aug | Sep | Oct | Nov | Dec
2022: Jan | Feb | Mar | Apr | May | Jun | Jul | Aug | Sep | Oct | Nov | Dec
2021: Jan | Feb | Mar | Apr | May | Jun | Jul | Aug | Sep | Oct | Nov | Dec
2020: Jan | Feb | Mar | Apr | May | Jun | Jul | Aug | Sep | Oct | Nov | Dec
2019: Jan | Feb | Mar | Apr | May | Jun | Jul | Aug | Sep | Oct | Nov | Dec
2018: Jan | Feb | Mar | Apr | May | Jun | Jul | Aug | Sep | Oct | Nov | Dec
2017: Jan | Feb | Mar | Apr | May | Jun | Jul | Aug | Sep | Oct | Nov | Dec
2016: Jan | Feb | Mar | Apr | May | Jun | Jul | Aug | Sep | Oct | Nov | Dec
2015: Jan | Feb | Mar | Apr | May | Jun | Jul | Aug | Sep | Oct | Nov | Dec
2014: Jan | Feb | Mar | Apr | May | Jun | Jul | Aug | Sep | Oct | Nov | Dec
2013: Jan | Feb | Mar | Apr | May | Jun | Jul | Aug | Sep | Oct | Nov | Dec
2012: Jan | Feb | Mar | Apr | May | Jun | Jul | Aug | Sep | Oct | Nov | Dec
2011: Jan | Feb | Mar | Apr | May | Jun | Jul | Aug | Sep | Oct | Nov | Dec
2010: Jan | Feb | Mar | Apr | May | Jun | Jul | Aug | Sep | Oct | Nov | Dec
2009: Jan | Feb | Mar | Apr | May | Jun | Jul | Aug | Sep | Oct | Nov | Dec
2008: Jan | Feb | Mar | Apr | May | Jun | Jul | Aug | Sep | Oct | Nov | Dec
2007: Jan | Feb | Mar | Apr | May | Jun | Jul | Aug | Sep | Oct | Nov | Dec
2006: Jan | Feb | Mar | Apr | May | Jun | Jul | Aug | Sep | Oct | Nov | Dec
2005: Jan | Feb | Mar | Apr | May | Jun | Jul | Aug | Sep | Oct | Nov | Dec
Report for 2006 07
MONTHLY CLIMATOLOGICAL SUMMARY for JUL. 2006
NAME: ConyersWX CITY: Conyers STATE: GA
ELEV: 840 ft LAT: 33° 42' 12" N LONG: 84° 02' 13" W
TEMPERATURE (°F), RAIN (in), WIND SPEED (mph)
HEAT COOL AVG
MEAN DEG DEG WIND DOM
DAY TEMP HIGH TIME LOW TIME DAYS DAYS RAIN SPEED HIGH TIME DIR
------------------------------------------------------------------------------------
1 79.2 92.3 5:30p 66.1 7:10a 0.0 14.2 0.00 0.7 8.0 12:50p N
2 80.4 93.8 4:40p 66.9 7:00a 0.0 15.4 0.00 0.6 8.0 3:20p SE
3 81.3 93.6 3:00p 68.9 7:20a 0.0 16.3 0.00 0.5 7.0 5:40p SE
4 82.6 95.0 5:00p 70.2 6:20a 0.0 17.6 0.05 0.8 10.0 5:10p NW
5 80.4 91.1 5:40p 69.8 6:50a 0.0 15.4 0.00 0.8 8.0 2:50p N
6 75.6 81.4 6:10p 69.7 8:50p 0.0 10.6 0.52 0.3 8.0 7:00p N
7 73.4 81.6 6:40p 65.2 6:50a 0.0 8.4 0.01 1.0 10.0 8:50a ESE
8 73.2 83.1 6:50p 63.2 6:50a 0.0 8.2 0.00 0.6 7.0 11:30a SSE
9 73.2 85.4 2:10p 60.9 6:40a 0.0 8.2 0.00 0.3 8.0 1:20p W
10 77.0 87.4 3:00p 66.6 7:40a 0.0 12.0 0.00 0.6 9.0 5:10p W
11 80.7 91.8 4:30p 69.6 6:50a 0.0 15.7 0.00 0.5 6.0 3:00p SSE
12 82.2 93.1 3:10p 71.3 7:10a 0.0 17.2 0.00 0.7 7.0 3:30a E
13 85.4 95.2 5:00p 75.7 7:20a 0.0 20.4 0.00 0.9 9.0 4:40p SSW
14 84.2 95.1 4:00p 73.3 6:10a 0.0 19.2 0.00 0.8 10.0 11:40a ESE
15 86.1 95.6 2:50p 76.6 3:40a 0.0 21.1 0.03 1.2 15.0 3:00p WNW
16 83.5 94.7 5:30p 72.3 7:30a 0.0 18.5 0.00 0.9 8.0 10:10a N
17 84.3 94.6 4:40p 74.0 6:50a 0.0 19.3 0.00 1.0 12.0 12:00p ESE
18 82.6 95.6 4:00p 69.5 7:20a 0.0 17.6 0.00 0.8 9.0 4:50p N
19 84.1 98.0 4:10p 70.2 7:10a 0.0 19.1 0.00 0.9 10.0 4:10p ESE
20 82.2 92.9 1:30p 71.5 7:10a 0.0 17.2 0.00 0.7 10.0 2:50p SSE
21 82.9 94.8 3:40p 70.9 6:00a 0.0 17.9 1.58 0.7 20.0 6:50p ENE
22 80.8 90.6 4:20p 70.9 3:50a 0.0 15.8 0.01 0.9 11.0 12:40a SE
23 77.9 84.9 6:00p 70.9 5:40a 0.0 12.9 0.18 0.4 9.0 6:40p WSW
24 77.1 85.7 3:10p 68.5 6:40a 0.0 12.1 0.96 0.5 10.0 4:40p ENE
25 78.8 87.3 4:40p 70.3 7:10a 0.0 13.8 0.61 0.5 15.0 5:50p WSW
26 80.1 90.9 4:10p 69.2 6:20a 0.0 15.1 0.00 1.1 9.0 10:50a NW
27 81.9 92.8 5:10p 71.1 6:00a 0.0 16.9 0.00 0.5 7.0 3:40p NNW
28 83.3 95.5 5:00p 71.2 7:10a 0.0 18.3 0.00 0.9 8.0 2:40p NW
29 80.4 88.5 1:50p 72.3 12:00m 0.0 15.4 0.16 0.9 10.0 12:20p WSW
30 79.1 88.6 6:50p 69.5 6:30a 0.0 14.1 0.05 0.9 7.0 11:30a NNW
31 82.1 92.5 5:00p 71.7 7:30a 0.0 17.1 0.00 0.5 6.0 3:00p W
-------------------------------------------------------------------------------------
80.5 98.0 19 60.9 9 0.0 480.7 4.16 0.7 20.0 21 N
Max >= 90.0: 21
Max <= 32.0: 0
Min <= 32.0: 0
Min <= 0.0: 0
Max Rain: 1.58 ON 07/21/06
Days of Rain: 9 (>.01 in) 6 (>.1 in) 1 (>1 in)
Heat Base: 65.0 Cool Base: 65.0 Method: (High + Low) / 2