NOAA-style Climate Reports

2024: Jan | Feb | Mar | Apr | May | Jun | Jul | Aug | Sep | Oct | Nov | Dec 
2023: Jan | Feb | Mar | Apr | May | Jun | Jul | Aug | Sep | Oct | Nov | Dec 
2022: Jan | Feb | Mar | Apr | May | Jun | Jul | Aug | Sep | Oct | Nov | Dec 
2021: Jan | Feb | Mar | Apr | May | Jun | Jul | Aug | Sep | Oct | Nov | Dec 
2020: Jan | Feb | Mar | Apr | May | Jun | Jul | Aug | Sep | Oct | Nov | Dec 
2019: Jan | Feb | Mar | Apr | May | Jun | Jul | Aug | Sep | Oct | Nov | Dec 
2018: Jan | Feb | Mar | Apr | May | Jun | Jul | Aug | Sep | Oct | Nov | Dec 
2017: Jan | Feb | Mar | Apr | May | Jun | Jul | Aug | Sep | Oct | Nov | Dec 
2016: Jan | Feb | Mar | Apr | May | Jun | Jul | Aug | Sep | Oct | Nov | Dec 
2015: Jan | Feb | Mar | Apr | May | Jun | Jul | Aug | Sep | Oct | Nov | Dec 
2014: Jan | Feb | Mar | Apr | May | Jun | Jul | Aug | Sep | Oct | Nov | Dec 
2013: Jan | Feb | Mar | Apr | May | Jun | Jul | Aug | Sep | Oct | Nov | Dec 
2012: Jan | Feb | Mar | Apr | May | Jun | Jul | Aug | Sep | Oct | Nov | Dec 
2011: Jan | Feb | Mar | Apr | May | Jun | Jul | Aug | Sep | Oct | Nov | Dec 
2010: Jan | Feb | Mar | Apr | May | Jun | Jul | Aug | Sep | Oct | Nov | Dec 
2009: Jan | Feb | Mar | Apr | May | Jun | Jul | Aug | Sep | Oct | Nov | Dec 
2008: Jan | Feb | Mar | Apr | May | Jun | Jul | Aug | Sep | Oct | Nov | Dec 
2007: Jan | Feb | Mar | Apr | May | Jun | Jul | Aug | Sep | Oct | Nov | Dec 
2006: Jan | Feb | Mar | Apr | May | Jun | Jul | Aug | Sep | Oct | Nov | Dec 
2005: Jan | Feb | Mar | Apr | May | Jun | Jul | Aug | Sep | Oct | Nov | Dec 

Report for 2006 12
MONTHLY CLIMATOLOGICAL SUMMARY for DEC. 2006 NAME: ConyersWX CITY: Conyers STATE: GA ELEV: 840 ft LAT: 33 42' 12" N LONG: 84 02' 13" W TEMPERATURE (F), RAIN (in), WIND SPEED (mph) HEAT COOL AVG MEAN DEG DEG WIND DOM DAY TEMP HIGH TIME LOW TIME DAYS DAYS RAIN SPEED HIGH TIME DIR ------------------------------------------------------------------------------------ 1 54.0 69.2 1:30a 38.9 12:00m 11.0 0.0 0.29 4.3 23.0 9:10a NW 2 47.3 61.2 3:00p 33.5 8:30a 17.7 0.0 0.00 1.8 10.0 11:50a NNW 3 48.0 58.9 3:40p 37.0 8:00a 17.0 0.0 0.00 1.7 14.0 11:10p NNW 4 36.8 44.5 12:10a 29.2 7:50a 28.2 0.0 0.00 4.5 18.0 1:00a NNW 5 43.0 55.5 3:50p 30.5 4:30a 22.0 0.0 0.00 2.2 10.0 3:40a NW 6 45.5 60.9 3:00p 30.0 5:40a 19.5 0.0 0.00 0.9 11.0 12:00p WNW 7 38.5 50.9 12:10a 26.1 12:00m 26.5 0.0 0.00 3.4 12.0 11:30p NNW 8 29.8 39.9 3:50p 19.7 7:00a 35.2 0.0 0.00 2.3 11.0 1:40a NW 9 34.5 52.0 2:50p 16.9 7:30a 30.5 0.0 0.00 0.6 8.0 2:00p NW 10 40.7 56.4 3:00p 24.9 6:00a 24.3 0.0 0.00 0.6 5.0 12:10p S 11 48.7 66.1 2:10p 31.2 6:20a 16.3 0.0 0.00 0.6 9.0 1:30p SSE 12 52.0 66.7 2:50p 37.3 5:30a 13.0 0.0 0.00 1.3 13.0 1:40p SE 13 53.9 65.5 2:40p 42.3 12:00m 11.1 0.0 0.01 0.8 7.0 12:40p N 14 51.1 65.3 2:30p 36.8 8:00a 13.9 0.0 0.00 0.7 10.0 2:30p N 15 53.8 69.5 3:50p 38.1 7:50a 11.2 0.0 0.01 1.3 14.0 1:10p WSW 16 55.3 74.1 2:20p 36.4 7:10a 9.8 0.0 0.00 0.7 7.0 12:30p NW 17 52.7 71.1 2:50p 34.3 8:00a 12.3 0.0 0.00 0.4 6.0 12:40p SSE 18 55.2 71.9 3:10p 38.4 8:30a 9.8 0.0 0.00 0.7 8.0 12:20p SSE 19 56.8 71.2 2:00p 42.3 5:10a 8.3 0.0 0.00 1.3 10.0 11:40a NNW 20 54.5 60.3 1:40p 48.8 8:00a 10.5 0.0 0.00 2.2 19.0 10:40a E 21 49.5 53.1 4:30p 46.0 7:20a 15.5 0.0 0.00 1.7 13.0 12:10a E 22 57.3 63.2 3:30p 51.5 3:10a 7.7 0.0 0.59 1.1 14.0 8:10a ESE 23 52.6 63.1 3:00p 42.1 11:30p 12.4 0.0 0.00 2.2 12.0 4:00a NW 24 51.6 61.6 2:50p 41.6 12:30a 13.4 0.0 0.04 1.5 11.0 10:50p E 25 49.3 52.2 10:20p 46.3 7:10a 15.8 0.0 1.10 2.8 20.0 4:50a E 26 43.2 47.6 12:10a 38.8 11:40p 21.8 0.0 0.02 5.0 18.0 12:00p NW 27 41.8 52.1 4:40p 31.4 12:00m 23.3 0.0 0.00 2.2 13.0 3:30a NNW 28 41.6 55.9 4:00p 27.2 7:00a 23.4 0.0 0.00 0.6 10.0 12:40p SE 29 49.1 61.2 3:00p 37.0 12:10a 15.9 0.0 0.00 0.7 8.0 12:00p ENE 30 51.0 54.7 9:50a 47.2 1:50a 14.0 0.0 0.11 0.9 8.0 2:20p E 31 58.3 64.8 3:50p 51.7 5:40a 6.8 0.0 1.27 2.0 13.0 11:10p E ------------------------------------------------------------------------------------- 48.3 74.1 16 16.9 9 518.0 0.0 3.44 1.7 23.0 1 NW Max >= 90.0: 0 Max <= 32.0: 0 Min <= 32.0: 10 Min <= 0.0: 0 Max Rain: 1.27 ON 12/31/06 Days of Rain: 7 (>.01 in) 5 (>.1 in) 2 (>1 in) Heat Base: 65.0 Cool Base: 65.0 Method: (High + Low) / 2